-- Table structure for table `shortcut`
--

CREATE TABLE `shortcut` (
  `id` int UNSIGNED NOT NULL,
  `shortcut_set` varchar(32) CHARACTER SET ascii COLLATE ascii_general_ci NOT NULL COMMENT 'The ID of the target entity.',
  `uuid` varchar(128) CHARACTER SET ascii COLLATE ascii_general_ci NOT NULL,
  `langcode` varchar(12) CHARACTER SET ascii COLLATE ascii_general_ci NOT NULL
) ENGINE=InnoDB DEFAULT CHARSET=utf8mb4 COLLATE=utf8mb4_general_ci COMMENT='The base table for shortcut entities.';

--
-- Dumping data for table `shortcut`
--

INSERT INTO `shortcut` (`id`, `shortcut_set`, `uuid`, `langcode`) VALUES
(1, 'default', '86be5add-d3f2-4f6f-a6dc-4750c07db9a7', 'en'),
(2, 'default', '69964fd7-a8e6-4075-9567-87e3080b17cb', 'en'),
(3, 'default', '2b66f872-5815-4a87-86c6-0c09608d2cdf', 'en'),
(4, 'default', '6d93e5b2-484b-4ccf-8ecd-badcdef4185b', 'en');

-- --------------------------------------------------------

--
-- Table structure for table `shortcut_field_data`
--

CREATE TABLE `shortcut_field_data` (
  `id` int UNSIGNED NOT NULL,
  `shortcut_set` varchar(32) CHARACTER SET ascii COLLATE ascii_general_ci NOT NULL COMMENT 'The ID of the target entity.',
  `langcode` varchar(12) CHARACTER SET ascii COLLATE ascii_general_ci NOT NULL,
  `title` varchar(255) CHARACTER SET utf8mb4 COLLATE utf8mb4_general_ci DEFAULT NULL,
  `weight` int DEFAULT NULL,
  `link__uri` varchar(2048) CHARACTER SET utf8mb4 COLLATE utf8mb4_general_ci DEFAULT NULL COMMENT 'The URI of the link.',
  `link__title` varchar(255) CHARACTER SET utf8mb4 COLLATE utf8mb4_general_ci DEFAULT NULL COMMENT 'The link text.',
  `link__options` longblob COMMENT 'Serialized array of options for the link.',
  `default_langcode` tinyint NOT NULL
) ENGINE=InnoDB DEFAULT CHARSET=utf8mb4 COLLATE=utf8mb4_general_ci COMMENT='The data table for shortcut entities.';

--
-- Dumping data for table `shortcut_field_data`
--

INSERT INTO `shortcut_field_data` (`id`, `shortcut_set`, `langcode`, `title`, `weight`, `link__uri`, `link__title`, `link__options`, `default_langcode`) VALUES
(1, 'default', 'en', 'Add content', -20, 'internal:/node/add', NULL, 0x613a303a7b7d, 1),
(2, 'default', 'en', 'All content', -19, 'internal:/admin/content', NULL, 0x613a303a7b7d, 1),
(3, 'default', 'en', 'Add content', -20, 'internal:/node/add', NULL, 0x613a303a7b7d, 1),
(4, 'default', 'en', 'Find content', -19, 'internal:/admin/content', NULL, 0x613a303a7b7d, 1);

-- --------------------------------------------------------

--
-- Table structure for table `shortcut_set_users`
--

CREATE TABLE `shortcut_set_users` (
  `uid` int UNSIGNED NOT NULL DEFAULT '0' COMMENT 'The "users".uid for this set.',
  `set_name` varchar(32) CHARACTER SET ascii COLLATE ascii_general_ci NOT NULL DEFAULT '' COMMENT 'The "shortcut_set".set_name that will be displayed for this user.'
) ENGINE=InnoDB DEFAULT CHARSET=utf8mb4 COLLATE=utf8mb4_general_ci COMMENT='Maps users to shortcut sets.';

-- --------------------------------------------------------

--
-- Table structure for table `simple_popup_blocks`
--

CREATE TABLE `simple_popup_blocks` (
  `pid` int NOT NULL COMMENT 'Primary Key: Unique simple_popup_blocks ID.',
  `identifier` varchar(128) CHARACTER SET utf8mb4 COLLATE utf8mb4_general_ci NOT NULL DEFAULT '' COMMENT 'Popup identifier',
  `type` int NOT NULL DEFAULT '0' COMMENT 'Popup types i.e drupal block or custom',
  `css_selector` int NOT NULL DEFAULT '0' COMMENT 'Css selector for div',
  `layout` int NOT NULL DEFAULT '4' COMMENT 'Popup layout',
  `visit_counts` longblob COMMENT 'Visit counts value',
  `overlay` int NOT NULL DEFAULT '1' COMMENT 'Popup overlay. 1 is true',
  `enable_escape` int NOT NULL DEFAULT '1' COMMENT 'ESC button to close popup',
  `trigger_method` int NOT NULL DEFAULT '0' COMMENT 'Popup trigger method',
  `trigger_selector` varchar(128) CHARACTER SET utf8mb4 COLLATE utf8mb4_general_ci NOT NULL DEFAULT '' COMMENT 'Popup trigger selector',
  `delay` int NOT NULL DEFAULT '0' COMMENT 'Popup delay in seconds',
  `minimize` int NOT NULL DEFAULT '1' COMMENT 'Enable Popup minimize button',
  `close` int NOT NULL DEFAULT '1' COMMENT 'Enable Popup close button',
  `width` int NOT NULL DEFAULT '400' COMMENT 'Popup width in px',
  `cookie_expiry` int NOT NULL DEFAULT '100' COMMENT 'Cookie expiry in days',
  `status` int NOT NULL DEFAULT '1' COMMENT 'Popup status'
) ENGINE=InnoDB DEFAULT CHARSET=utf8mb4 COLLATE=utf8mb4_general_ci COMMENT='Stores simple_popup_blocks entries.';

-- --------------------------------------------------------

--
-- Table structure for table `taxonomy_index`
--

CREATE TABLE `taxonomy_index` (
  `nid` int UNSIGNED NOT NULL DEFAULT '0' COMMENT 'The "node".nid this record tracks.',
  `tid` int UNSIGNED NOT NULL DEFAULT '0' COMMENT 'The term ID.',
  `status` int NOT NULL DEFAULT '1' COMMENT 'Boolean indicating whether the node is published (visible to non-administrators).',
  `sticky` tinyint DEFAULT '0' COMMENT 'Boolean indicating whether the node is sticky.',
  `created` int NOT NULL DEFAULT '0' COMMENT 'The Unix timestamp when the node was created.'
) ENGINE=InnoDB DEFAULT CHARSET=utf8mb4 COLLATE=utf8mb4_general_ci COMMENT='Maintains denormalized information about node/term…';

--
-- Dumping data for table `taxonomy_index`
--

INSERT INTO `taxonomy_index` (`nid`, `tid`, `status`, `sticky`, `created`) VALUES
(13, 1, 1, 0, 1486979458),
(101, 1, 1, 0, 1488536373),
(115, 1, 1, 0, 1489200438),
(124, 1, 1, 0, 1489513182),
(126, 1, 1, 0, 1489513896),
(144, 1, 1, 0, 1489531578),
(149, 1, 1, 0, 1489677506),
(194, 1, 1, 0, 1489970962),
(211, 1, 1, 0, 1490196804),
(212, 1, 1, 0, 1490471105),
(247, 1, 1, 0, 1491253778),
(244, 1, 1, 0, 1491322771),
(253, 1, 1, 0, 1491490211),
(274, 1, 1, 0, 1493475034),
(282, 1, 1, 0, 1494004477),
(283, 1, 1, 0, 1494005230),
(284, 1, 1, 0, 1494099167),
(317, 1, 1, 0, 1498496829),
(354, 1, 1, 0, 1501674465),
(363, 1, 1, 0, 1501732134),
(373, 1, 1, 0, 1502873740),
(379, 1, 1, 0, 1503932260),
(380, 1, 1, 0, 1504203527),
(394, 1, 1, 0, 1505782798),
(395, 1, 1, 0, 1505783122),
(396, 1, 1, 0, 1505783432),
(414, 1, 1, 0, 1506946122),
(441, 1, 1, 0, 1509449167),
(442, 1, 1, 0, 1509450558),
(443, 1, 1, 0, 1509450929),
(444, 1, 1, 0, 1509518537),
(469, 1, 1, 0, 1511392810),
(527, 1, 1, 0, 1517880441),
(628, 1, 1, 0, 1526962757),
(706, 1, 1, 0, 1530849600),
(680, 1, 1, 0, 1531159057),
(689, 1, 1, 0, 1533963087),
(690, 1, 1, 0, 1533963204),
(693, 1, 1, 0, 1533965346),
(694, 1, 1, 0, 1533965613),
(695, 1, 1, 0, 1534868064),
(696, 1, 1, 0, 1535553286),
(697, 1, 1, 0, 1535553558),
(701, 1, 1, 0, 1535644954),
(703, 1, 1, 0, 1535645497),
(711, 1, 1, 0, 1535993363),
(716, 1, 1, 0, 1536119697),
(717, 1, 1, 0, 1536329682),
(720, 1, 1, 0, 1536438278),
(723, 1, 1, 0, 1537539996),
(724, 1, 1, 0, 1537883568),
(728, 1, 1, 0, 1538322800),
(736, 1, 1, 0, 1539089069),
(743, 1, 1, 0, 1539727412),
(744, 1, 1, 0, 1539801588),
(765, 1, 1, 0, 1540847215),
(766, 1, 1, 0, 1540847329),
(785, 1, 1, 0, 1541797837),
(789, 1, 1, 0, 1542022977),
(791, 1, 1, 0, 1542023887),
(794, 1, 1, 0, 1542024604),
(795, 1, 1, 0, 1542025047),
(796, 1, 1, 0, 1542025407),
(797, 1, 1, 0, 1542587806),
(798, 1, 1, 0, 1542588378),
(799, 1, 1, 0, 1542588786),
(802, 1, 1, 0, 1542589794),
(803, 1, 1, 0, 1542591479),
(804, 1, 1, 0, 1542597414),
(805, 1, 1, 0, 1542597590),
(806, 1, 1, 0, 1542845828),
(807, 1, 1, 0, 1542845978),
(812, 1, 1, 0, 1543179574),
(824, 1, 1, 0, 1544468569),
(825, 1, 1, 0, 1544649694),
(827, 1, 1, 0, 1544650132),
(830, 1, 1, 0, 1545069891),
(832, 1, 1, 0, 1546294283),
(837, 1, 1, 0, 1546534117),
(839, 1, 1, 0, 1546741936),
(840, 1, 1, 0, 1546742333),
(841, 1, 1, 0, 1546971033),
(845, 1, 1, 0, 1547320143),
(846, 1, 1, 0, 1547320455),
(847, 1, 1, 0, 1547754407),
(848, 1, 1, 0, 1548174224),
(852, 1, 1, 0, 1548345312),
(855, 1, 1, 0, 1548410327),
(857, 1, 1, 0, 1548736957),
(858, 1, 1, 0, 1548737129),
(862, 1, 1, 0, 1548738136),
(867, 1, 1, 0, 1549452442),
(869, 1, 1, 0, 1549537822),
(870, 1, 1, 0, 1549538539),
(871, 1, 1, 0, 1549666899),
(875, 1, 1, 0, 1549975271),
(876, 1, 1, 0, 1549975689),
(879, 1, 1, 0, 1550172226),
(880, 1, 1, 0, 1550197742),
(881, 1, 1, 0, 1550494908),
(882, 1, 1, 0, 1550495274),
(883, 1, 1, 0, 1550495707),
(892, 1, 1, 0, 1551098554),
(893, 1, 1, 0, 1551099264),
(894, 1, 1, 0, 1551099485),
(895, 1, 1, 0, 1551187206),
(896, 1, 1, 0, 1551790376),
(897, 1, 1, 0, 1551790713),
(898, 1, 1, 0, 1551791290),
(899, 1, 1, 0, 1551791676),
(900, 1, 1, 0, 1551792001),
(902, 1, 1, 0, 1552058887),
(905, 1, 1, 0, 1552060039),
(906, 1, 1, 0, 1552060406),
(907, 1, 1, 0, 1552396793),
(908, 1, 1, 0, 1552397194),
(910, 1, 1, 0, 1552584303),
(911, 1, 1, 0, 1552912343),
(913, 1, 1, 0, 1552915152),
(915, 1, 1, 0, 1553015322),
(916, 1, 1, 0, 1553045949),
(918, 1, 1, 0, 1553518910),
(919, 1, 1, 0, 1553519114),
(920, 1, 1, 0, 1553710543),
(921, 1, 1, 0, 1553710648),
(922, 1, 1, 0, 1553793676),
(923, 1, 1, 0, 1553890591),
(924, 1, 1, 0, 1554224451),
(925, 1, 1, 0, 1554384785),
(926, 1, 1, 0, 1554729606),
(927, 1, 1, 0, 1554730011),
(928, 1, 1, 0, 1554907470),
(929, 1, 1, 0, 1555189461),
(930, 1, 1, 0, 1555190081),
(931, 1, 1, 0, 1555368735),
(933, 1, 1, 0, 1555594032),
(937, 1, 1, 0, 1556198280),
(939, 1, 1, 0, 1556311223),
(940, 1, 1, 0, 1556330913),
(941, 1, 1, 0, 1556331434),
(942, 1, 1, 0, 1556483345),
(943, 1, 1, 0, 1556630070),
(945, 1, 1, 0, 1556828093),
(946, 1, 1, 0, 1556892289),
(947, 1, 1, 0, 1556892922),
(948, 1, 1, 0, 1556893139),
(957, 1, 1, 0, 1558016516),
(958, 1, 1, 0, 1558522416),
(959, 1, 1, 0, 1558656491),
(964, 1, 1, 0, 1559652982),
(967, 1, 1, 0, 1560349380),
(969, 1, 1, 0, 1560779433),
(970, 1, 1, 0, 1560779537),
(971, 1, 1, 0, 1560864837),
(972, 1, 1, 0, 1560866870),
(975, 1, 1, 0, 1562784199),
(976, 1, 1, 0, 1564170965),
(977, 1, 1, 0, 1564775189),
(978, 1, 1, 0, 1565272884),
(983, 1, 1, 0, 1566485294),
(984, 1, 1, 0, 1567101203),
(989, 1, 1, 0, 1572905030),
(990, 1, 1, 0, 1572963662),
(991, 1, 1, 0, 1573179671),
(992, 1, 1, 0, 1573652346),
(993, 1, 1, 0, 1573652944),
(997, 1, 1, 0, 1575386849),
(1052, 1, 1, 0, 1594073886),
(1053, 1, 1, 0, 1594075148),
(1054, 1, 1, 0, 1594075202),
(1055, 1, 1, 0, 1594075250),
(1056, 1, 1, 0, 1594572368),
(1057, 1, 1, 0, 1595689708),
(1058, 1, 1, 0, 1595875186),
(1059, 1, 1, 0, 1595875230),
(1060, 1, 1, 0, 1595875255),
(1065, 1, 1, 0, 1598376804),
(1069, 1, 1, 0, 1599489389),
(1071, 1, 1, 0, 1599491636),
(1075, 1, 1, 0, 1600191437),
(1076, 1, 1, 0, 1600191471),
(1077, 1, 1, 0, 1600191495),
(1078, 1, 1, 0, 1600195591),
(1079, 1, 1, 0, 1600195656),
(1080, 1, 1, 0, 1600643072),
(1086, 1, 1, 0, 1601593013),
(1087, 1, 1, 0, 1601593051),
(1088, 1, 1, 0, 1601593073),
(1089, 1, 1, 0, 1601597948),
(1091, 1, 1, 0, 1601783718),
(1092, 1, 1, 0, 1601952696),
(1114, 1, 1, 0, 1603895529),
(1165, 1, 1, 0, 1606540631),
(1175, 1, 1, 0, 1607854648),
(1179, 1, 1, 0, 1609865327),
(1181, 1, 1, 0, 1610392078),
(1182, 1, 1, 0, 1610392136),
(1190, 1, 1, 0, 1610628484),
(1197, 1, 1, 0, 1612991823),
(1220, 1, 1, 0, 1616996111),
(1221, 1, 1, 0, 1616997142),
(1233, 1, 1, 0, 1619620267),
(1262, 1, 1, 0, 1624130925),
(1265, 1, 1, 0, 1624655834),
(1319, 1, 1, 0, 1634313227),
(1331, 1, 1, 0, 1634739576),
(1438, 1, 1, 0, 1652589641),
(1439, 1, 1, 0, 1652589765),
(1440, 1, 1, 0, 1652589793),
(1441, 1, 1, 0, 1652589820),
(1442, 1, 1, 0, 1652590004),
(1443, 1, 1, 0, 1652590144),
(1444, 1, 1, 0, 1652590181),
(1445, 1, 1, 0, 1652590219),
(1446, 1, 1, 0, 1652590266),
(1514, 1, 1, 0, 1661796031),
(1515, 1, 1, 0, 1661873957),
(1532, 1, 1, 0, 1662059114),
(1631, 1, 1, 0, 1674584009),
(1632, 1, 1, 0, 1674584124),
(1665, 1, 1, 0, 1675864736),
(2009, 1, 1, 0, 1713300396),
(2012, 1, 1, 0, 1713302002),
(2016, 1, 1, 0, 1713303364),
(2022, 1, 1, 0, 1713446615),
(2034, 1, 1, 0, 1717616113),
(2053, 1, 1, 0, 1719434178),
(944, 1, 1, 1, 1556899959),
(248, 2, 1, 0, 1472445780),
(249, 2, 1, 0, 1475210580),
(250, 2, 1, 0, 1477802580),
(251, 2, 1, 0, 1480539620),
(252, 2, 1, 0, 1488230225),
(263, 2, 1, 0, 1492515526),
(347, 2, 1, 0, 1500227128),
(350, 2, 1, 0, 1501066640),
(351, 2, 1, 0, 1501068514),
(360, 2, 1, 0, 1501731273),
(391, 2, 1, 0, 1505572650),
(393, 2, 1, 0, 1505574800),
(434, 2, 1, 0, 1509399218),
(671, 2, 1, 0, 1530503457),
(248, 3, 1, 0, 1472445780),
(249, 3, 1, 0, 1475210580),
(250, 3, 1, 0, 1477802580),
(251, 3, 1, 0, 1480539620),
(252, 3, 1, 0, 1488230225),
(263, 3, 1, 0, 1492515526),
(248, 4, 1, 0, 1472445780),
(249, 4, 1, 0, 1475210580),
(250, 4, 1, 0, 1477802580),
(251, 4, 1, 0, 1480539620),
(252, 4, 1, 0, 1488230225),
(247, 4, 1, 0, 1491253778),
(259, 4, 1, 0, 1492512302),
(261, 4, 1, 0, 1492512930),
(263, 4, 1, 0, 1492515526),
(269, 4, 1, 0, 1493119591),
(273, 4, 1, 0, 1493474597),
(277, 4, 1, 0, 1493668483),
(280, 4, 1, 0, 1494003466),
(286, 4, 1, 0, 1494257313),
(291, 4, 1, 0, 1494968643),
(298, 4, 1, 0, 1495512071),
(300, 4, 1, 0, 1496335104),
(319, 4, 1, 0, 1498497519),
(321, 4, 1, 0, 1498499574),
(335, 4, 1, 0, 1499464452),
(336, 4, 1, 0, 1499464852),
(337, 4, 1, 0, 1499605138),
(338, 4, 1, 0, 1499689696),
(359, 4, 1, 0, 1501730914),
(368, 4, 1, 0, 1502140029),
(369, 4, 1, 0, 1502141134),
(382, 4, 1, 0, 1504697787),
(386, 4, 1, 0, 1504765888),
(397, 4, 1, 0, 1505824548),
(450, 4, 1, 0, 1511152576),
(453, 4, 1, 0, 1511154405),
(455, 4, 1, 0, 1511155809),
(671, 4, 1, 0, 1530503457),
(247, 5, 1, 0, 1491253778),
(523, 5, 1, 0, 1517354625),
(628, 5, 1, 0, 1526962757),
(317, 6, 1, 0, 1498496829),
(248, 10, 1, 0, 1472445780),
(249, 10, 1, 0, 1475210580),
(250, 10, 1, 0, 1477802580),
(251, 10, 1, 0, 1480539620),
(252, 10, 1, 0, 1488230225),
(263, 10, 1, 0, 1492515526),
(351, 10, 1, 0, 1501068514),
(393, 10, 1, 0, 1505574800),
(434, 10, 1, 0, 1509399218),
(671, 10, 1, 0, 1530503457),
(729, 10, 1, 0, 1538323364),
(730, 10, 1, 0, 1538663863),
(861, 10, 1, 0, 1548737942),
(878, 10, 1, 0, 1550068320),
(909, 10, 1, 0, 1552582437),
(912, 10, 1, 0, 1552913069),
(956, 10, 1, 0, 1557854886),
(979, 10, 1, 0, 1565371111),
(998, 10, 1, 0, 1578004761),
(194, 12, 1, 0, 1489970962),
(194, 13, 1, 0, 1489970962),
(194, 14, 1, 0, 1489970962),
(424, 14, 1, 0, 1508457500),
(550, 14, 1, 0, 1519271393),
(678, 14, 1, 0, 1530568257),
(212, 15, 1, 0, 1490471105),
(212, 16, 1, 0, 1490471105),
(648, 16, 1, 0, 1528821073),
(247, 17, 1, 0, 1491253778),
(488, 17, 1, 0, 1512645473),
(247, 18, 1, 0, 1491253778),
(244, 19, 1, 0, 1491322771),
(244, 20, 1, 0, 1491322771),
(244, 21, 1, 0, 1491322771),
(335, 21, 1, 0, 1499464452),
(336, 21, 1, 0, 1499464852),
(350, 21, 1, 0, 1501066640),
(355, 21, 1, 0, 1501674965),
(356, 21, 1, 0, 1501675459),
(357, 21, 1, 0, 1501675749),
(358, 21, 1, 0, 1501676044),
(359, 21, 1, 0, 1501730914),
(371, 21, 1, 0, 1502869321),
(387, 21, 1, 0, 1505568877),
(389, 21, 1, 0, 1505571782),
(398, 21, 1, 0, 1505834188),
(418, 21, 1, 0, 1507694826),
(419, 21, 1, 0, 1507721000),
(433, 21, 1, 0, 1509365569),
(434, 21, 1, 0, 1509399218),
(436, 21, 1, 0, 1509427636),
(438, 21, 1, 0, 1509428586),
(447, 21, 1, 0, 1509985528),
(469, 21, 1, 0, 1511392810),
(648, 21, 1, 0, 1528821073),
(653, 21, 1, 0, 1528901236),
(654, 21, 1, 0, 1528901479),
(655, 21, 1, 0, 1528901797),
(657, 21, 1, 0, 1529110514),
(659, 21, 1, 0, 1529331673),
(679, 21, 1, 0, 1530693431),
(680, 21, 1, 0, 1531159057),
(244, 22, 1, 0, 1491322771),
(253, 23, 1, 0, 1491490211),
(253, 24, 1, 0, 1491490211),
(260, 24, 1, 0, 1492512619),
(344, 24, 1, 0, 1500224332),
(527, 24, 1, 0, 1517880441),
(253, 25, 1, 0, 1491490211),
(414, 25, 1, 0, 1506946122),
(253, 26, 1, 0, 1491490211),
(411, 26, 1, 0, 1506945147),
(576, 26, 1, 0, 1520879721),
(577, 26, 1, 0, 1520880031),
(578, 26, 1, 0, 1520880196),
(580, 26, 1, 0, 1520881209),
(659, 26, 1, 0, 1529331673),
(253, 27, 1, 0, 1491490211),
(438, 27, 1, 0, 1509428586),
(439, 27, 1, 0, 1509429366),
(257, 28, 1, 0, 1491880897),
(258, 28, 1, 0, 1492512094),
(259, 28, 1, 0, 1492512302),
(260, 28, 1, 0, 1492512619),
(261, 28, 1, 0, 1492512930),
(262, 28, 1, 0, 1492514190),
(267, 28, 1, 0, 1492818442),
(268, 28, 1, 0, 1492818738),
(269, 28, 1, 0, 1493119591),
(273, 28, 1, 0, 1493474597),
(277, 28, 1, 0, 1493668483),
(280, 28, 1, 0, 1494003466),
(281, 28, 1, 0, 1494004176),
(286, 28, 1, 0, 1494257313),
(287, 28, 1, 0, 1494623737),
(288, 28, 1, 0, 1494765525),
(289, 28, 1, 0, 1494861633),
(290, 28, 1, 0, 1494862313),
(291, 28, 1, 0, 1494968643),
(292, 28, 1, 0, 1495215624),
(295, 28, 1, 0, 1495336216),
(297, 28, 1, 0, 1495511644),
(298, 28, 1, 0, 1495512071),
(299, 28, 1, 0, 1495994298),
(300, 28, 1, 0, 1496335104),
(301, 28, 1, 0, 1496336035),
(302, 28, 1, 0, 1496750337),
(303, 28, 1, 0, 1496751469),
(304, 28, 1, 0, 1496752684),
(305, 28, 1, 0, 1496753201),
(306, 28, 1, 0, 1497228443),
(307, 28, 1, 0, 1497228695),
(314, 28, 1, 0, 1497884330),
(318, 28, 1, 0, 1498497208),
(319, 28, 1, 0, 1498497519),
(320, 28, 1, 0, 1498499292),
(321, 28, 1, 0, 1498499574),
(322, 28, 1, 0, 1498499723),
(323, 28, 1, 0, 1498704760),
(335, 28, 1, 0, 1499464452),
(336, 28, 1, 0, 1499464852),
(337, 28, 1, 0, 1499605138),
(338, 28, 1, 0, 1499689696),
(339, 28, 1, 0, 1500221890),
(340, 28, 1, 0, 1500222182),
(341, 28, 1, 0, 1500222859),
(342, 28, 1, 0, 1500223627),
(343, 28, 1, 0, 1500224048),
(344, 28, 1, 0, 1500224332),
(345, 28, 1, 0, 1500224916),
(346, 28, 1, 0, 1500225425),
(347, 28, 1, 0, 1500227128),
(348, 28, 1, 0, 1500312572),
(349, 28, 1, 0, 1500438895),
(350, 28, 1, 0, 1501066640),
(355, 28, 1, 0, 1501674965),
(356, 28, 1, 0, 1501675459),
(357, 28, 1, 0, 1501675749),
(358, 28, 1, 0, 1501676044),
(359, 28, 1, 0, 1501730914),
(360, 28, 1, 0, 1501731273),
(361, 28, 1, 0, 1501731699),
(362, 28, 1, 0, 1501731929),
(364, 28, 1, 0, 1501787328),
(365, 28, 1, 0, 1501787622),
(367, 28, 1, 0, 1502139441),
(368, 28, 1, 0, 1502140029),
(369, 28, 1, 0, 1502141134),
(371, 28, 1, 0, 1502869321),
(372, 28, 1, 0, 1502869716),
(375, 28, 1, 0, 1503073681),
(376, 28, 1, 0, 1503276749),
(378, 28, 1, 0, 1503918739),
(382, 28, 1, 0, 1504697787),
(383, 28, 1, 0, 1504721921),
(384, 28, 1, 0, 1504723086),
(385, 28, 1, 0, 1504765359),
(386, 28, 1, 0, 1504765888),
(387, 28, 1, 0, 1505568877),
(389, 28, 1, 0, 1505571782),
(390, 28, 1, 0, 1505572199),
(391, 28, 1, 0, 1505572650),
(392, 28, 1, 0, 1505572755),
(397, 28, 1, 0, 1505824548),
(398, 28, 1, 0, 1505834188),
(399, 28, 1, 0, 1505986325),
(400, 28, 1, 0, 1506013231),
(401, 28, 1, 0, 1506013536),
(402, 28, 1, 0, 1506033050),
(403, 28, 1, 0, 1506034905),
(404, 28, 1, 0, 1506354212),
(405, 28, 1, 0, 1506354712),
(406, 28, 1, 0, 1506360019),
(408, 28, 1, 0, 1506511954),
(409, 28, 1, 0, 1506778887),
(410, 28, 1, 0, 1506944900),
(411, 28, 1, 0, 1506945147),
(415, 28, 1, 0, 1507152704),
(416, 28, 1, 0, 1507682169),
(417, 28, 1, 0, 1507693233),
(418, 28, 1, 0, 1507694826),
(419, 28, 1, 0, 1507721000),
(420, 28, 1, 0, 1507788810),
(421, 28, 1, 0, 1508456303),
(422, 28, 1, 0, 1508456653),
(423, 28, 1, 0, 1508456899),
(424, 28, 1, 0, 1508457500),
(426, 28, 1, 0, 1509361640),
(427, 28, 1, 0, 1509362152),
(428, 28, 1, 0, 1509362498),
(429, 28, 1, 0, 1509362894),
(430, 28, 1, 0, 1509363165),
(431, 28, 1, 0, 1509363793),
(432, 28, 1, 0, 1509364546),
(433, 28, 1, 0, 1509365569),
(435, 28, 1, 0, 1509426783),
(436, 28, 1, 0, 1509427636),
(437, 28, 1, 0, 1509427824),
(438, 28, 1, 0, 1509428586),
(439, 28, 1, 0, 1509429366),
(440, 28, 1, 0, 1509429898),
(445, 28, 1, 0, 1509648717),
(446, 28, 1, 0, 1509826811),
(447, 28, 1, 0, 1509985528),
(448, 28, 1, 0, 1509985867),
(450, 28, 1, 0, 1511152576),
(451, 28, 1, 0, 1511153528),
(452, 28, 1, 0, 1511154015),
(453, 28, 1, 0, 1511154405),
(454, 28, 1, 0, 1511154655),
(455, 28, 1, 0, 1511155809),
(456, 28, 1, 0, 1511157878),
(457, 28, 1, 0, 1511158458),
(458, 28, 1, 0, 1511166722),
(459, 28, 1, 0, 1511167952),
(462, 28, 1, 0, 1511276870),
(463, 28, 1, 0, 1511278534),
(464, 28, 1, 0, 1511278820),
(473, 28, 1, 0, 1511620247),
(474, 28, 1, 0, 1511624614),
(475, 28, 1, 0, 1511646507),
(476, 28, 1, 0, 1511646999),
(477, 28, 1, 0, 1511972440),
(478, 28, 1, 0, 1511972777),
(479, 28, 1, 0, 1512256852),
(480, 28, 1, 0, 1512257449),
(481, 28, 1, 0, 1512257698),
(482, 28, 1, 0, 1512257956),
(483, 28, 1, 0, 1512262215),
(484, 28, 1, 0, 1512262754),
(485, 28, 1, 0, 1512640579),
(486, 28, 1, 0, 1512643939),
(487, 28, 1, 0, 1512645045),
(488, 28, 1, 0, 1512645473),
(492, 28, 1, 0, 1512833396),
(493, 28, 1, 0, 1512834149),
(494, 28, 1, 0, 1513683689),
(495, 28, 1, 0, 1513683940),
(496, 28, 1, 0, 1513684127),
(501, 28, 1, 0, 1515767180),
(502, 28, 1, 0, 1516108162),
(503, 28, 1, 0, 1516161845),
(518, 28, 1, 0, 1516780306),
(523, 28, 1, 0, 1517354625),
(526, 28, 1, 0, 1517723357),
(532, 28, 1, 0, 1517889384),
(533, 28, 1, 0, 1517889732),
(534, 28, 1, 0, 1517890172),
(535, 28, 1, 0, 1517891104),
(536, 28, 1, 0, 1517891647),
(537, 28, 1, 0, 1517891934),
(538, 28, 1, 0, 1517892124),
(539, 28, 1, 0, 1517892407),
(540, 28, 1, 0, 1518303354),
(541, 28, 1, 0, 1518304229),
(542, 28, 1, 0, 1518304985),
(543, 28, 1, 0, 1518305387),
(544, 28, 1, 0, 1519003243),
(546, 28, 1, 0, 1519090353),
(547, 28, 1, 0, 1519090748),
(548, 28, 1, 0, 1519092426),
(549, 28, 1, 0, 1519092986),
(550, 28, 1, 0, 1519271393),
(551, 28, 1, 0, 1519608955),
(552, 28, 1, 0, 1519609509),
(553, 28, 1, 0, 1519693692),
(554, 28, 1, 0, 1519870380),
(555, 28, 1, 0, 1520131864),
(556, 28, 1, 0, 1520132038),
(557, 28, 1, 0, 1520132227),
(564, 28, 1, 0, 1520200744),
(565, 28, 1, 0, 1520201110),
(568, 28, 1, 0, 1520351079),
(574, 28, 1, 0, 1520465373),
(575, 28, 1, 0, 1520477283),
(576, 28, 1, 0, 1520879721),
(577, 28, 1, 0, 1520880031),
(578, 28, 1, 0, 1520880196),
(579, 28, 1, 0, 1520880906),
(580, 28, 1, 0, 1520881209),
(582, 28, 1, 0, 1521384211),
(586, 28, 1, 0, 1521387535),
(595, 28, 1, 0, 1521748687),
(596, 28, 1, 0, 1521748939),
(597, 28, 1, 0, 1522250762),
(598, 28, 1, 0, 1522250964),
(603, 28, 1, 0, 1522785138),
(605, 28, 1, 0, 1522849293),
(606, 28, 1, 0, 1522849539),
(609, 28, 1, 0, 1523369881),
(610, 28, 1, 0, 1523832347),
(611, 28, 1, 0, 1523832596),
(612, 28, 1, 0, 1523832901),
(613, 28, 1, 0, 1523833636),
(617, 28, 1, 0, 1524801979),
(618, 28, 1, 0, 1524802446),
(619, 28, 1, 0, 1524802762),
(620, 28, 1, 0, 1524803022),
(622, 28, 1, 0, 1525372351),
(623, 28, 1, 0, 1525924508),
(624, 28, 1, 0, 1525925460),
(625, 28, 1, 0, 1526960529),
(626, 28, 1, 0, 1526960925),
(627, 28, 1, 0, 1526961728),
(631, 28, 1, 0, 1527080104),
(632, 28, 1, 0, 1527548740),
(633, 28, 1, 0, 1527548968),
(634, 28, 1, 0, 1527549164),
(635, 28, 1, 0, 1527549492),
(636, 28, 1, 0, 1527549714),
(637, 28, 1, 0, 1527550838),
(638, 28, 1, 0, 1527551601),
(639, 28, 1, 0, 1527552773),
(640, 28, 1, 0, 1528177132),
(641, 28, 1, 0, 1528177337),
(642, 28, 1, 0, 1528179349),
(643, 28, 1, 0, 1528205974),
(644, 28, 1, 0, 1528206311),
(645, 28, 1, 0, 1528817816),
(646, 28, 1, 0, 1528819522),
(647, 28, 1, 0, 1528820352),
(648, 28, 1, 0, 1528821073),
(653, 28, 1, 0, 1528901236),
(654, 28, 1, 0, 1528901479),
(655, 28, 1, 0, 1528901797),
(657, 28, 1, 0, 1529110514),
(658, 28, 1, 0, 1529245865),
(659, 28, 1, 0, 1529331673),
(664, 28, 1, 0, 1529664785),
(665, 28, 1, 0, 1530501721),
(666, 28, 1, 0, 1530501962),
(667, 28, 1, 0, 1530502217),
(668, 28, 1, 0, 1530502450),
(669, 28, 1, 0, 1530502695),
(670, 28, 1, 0, 1530502991),
(672, 28, 1, 0, 1530503694),
(673, 28, 1, 0, 1530503936),
(676, 28, 1, 0, 1530506592),
(677, 28, 1, 0, 1530567259),
(678, 28, 1, 0, 1530568257),
(679, 28, 1, 0, 1530693431),
(691, 28, 1, 0, 1533964860),
(692, 28, 1, 0, 1533965118),
(698, 28, 1, 0, 1535554925),
(699, 28, 1, 0, 1535555364),
(700, 28, 1, 0, 1535644674),
(702, 28, 1, 0, 1535645241),
(704, 28, 1, 0, 1535645771),
(705, 28, 1, 0, 1535645980),
(707, 28, 1, 0, 1535646521),
(708, 28, 1, 0, 1535992632),
(709, 28, 1, 0, 1535992880),
(710, 28, 1, 0, 1535993175),
(712, 28, 1, 0, 1536023133),
(713, 28, 1, 0, 1536116888),
(714, 28, 1, 0, 1536118228),
(715, 28, 1, 0, 1536118412),
(718, 28, 1, 0, 1536342142),
(719, 28, 1, 0, 1536342282),
(721, 28, 1, 0, 1536438849),
(722, 28, 1, 0, 1536439294),
(725, 28, 1, 0, 1537885639),
(738, 28, 1, 0, 1539122127),
(739, 28, 1, 0, 1539122357),
(742, 28, 1, 0, 1539612547),
(745, 28, 1, 0, 1539955152),
(758, 28, 1, 0, 1540843489),
(759, 28, 1, 0, 1540843766),
(760, 28, 1, 0, 1540844020),
(761, 28, 1, 0, 1540844617),
(762, 28, 1, 0, 1540845099),
(788, 28, 1, 0, 1542022773),
(790, 28, 1, 0, 1542023082),
(801, 28, 1, 0, 1542589473),
(808, 28, 1, 0, 1542846135),
(809, 28, 1, 0, 1542846351),
(810, 28, 1, 0, 1543178478),
(811, 28, 1, 0, 1543179042),
(818, 28, 1, 0, 1543986857),
(819, 28, 1, 0, 1543986966),
(820, 28, 1, 0, 1543987362),
(826, 28, 1, 0, 1544649853),
(828, 28, 1, 0, 1544992224),
(829, 28, 1, 0, 1544992342),
(833, 28, 1, 0, 1546294565),
(834, 28, 1, 0, 1546294696),
(835, 28, 1, 0, 1546294902),
(836, 28, 1, 0, 1546295258),
(838, 28, 1, 0, 1546611338),
(849, 28, 1, 0, 1548174588),
(854, 28, 1, 0, 1548410191),
(859, 28, 1, 0, 1548737342),
(860, 28, 1, 0, 1548737479),
(863, 28, 1, 0, 1549288051),
(865, 28, 1, 0, 1549288548),
(901, 28, 1, 0, 1552058269),
(903, 28, 1, 0, 1552059074),
(934, 28, 1, 0, 1556045682),
(935, 28, 1, 0, 1556045812),
(936, 28, 1, 0, 1556046215),
(949, 28, 1, 0, 1557257937),
(950, 28, 1, 0, 1557258020),
(952, 28, 1, 0, 1557422578),
(953, 28, 1, 0, 1557422746),
(954, 28, 1, 0, 1557422949),
(955, 28, 1, 0, 1557847342),
(1000, 28, 1, 0, 1579220383),
(1003, 28, 1, 0, 1579871538),
(1004, 28, 1, 0, 1579871795),
(1006, 28, 1, 0, 1580509790),
(1009, 28, 1, 0, 1582650929),
(1010, 28, 1, 0, 1583278194),
(1015, 28, 1, 0, 1584377209),
(1016, 28, 1, 0, 1584638546),
(1017, 28, 1, 0, 1584800193),
(1018, 28, 1, 0, 1585061457),
(1020, 28, 1, 0, 1586491706),
(1021, 28, 1, 0, 1587162172),
(1022, 28, 1, 0, 1587541079),
(1023, 28, 1, 0, 1588145418),
(1026, 28, 1, 0, 1589378130),
(1027, 28, 1, 0, 1589378475),
(1028, 28, 1, 0, 1589400700),
(1029, 28, 1, 0, 1589571594),
(1030, 28, 1, 0, 1589993278),
(1031, 28, 1, 0, 1590255257),
(1032, 28, 1, 0, 1590432243),
(1033, 28, 1, 0, 1590508496),
(1034, 28, 1, 0, 1590688294),
(1035, 28, 1, 0, 1590943376),
(1036, 28, 1, 0, 1591045075),
(1037, 28, 1, 0, 1591380925),
(1038, 28, 1, 0, 1591739876),
(1044, 28, 1, 0, 1591761600),
(1042, 28, 1, 0, 1591848000),
(1043, 28, 1, 0, 1591848000),
(1045, 28, 1, 0, 1591934400),
(1039, 28, 1, 0, 1592002936),
(1040, 28, 1, 0, 1592066245),
(1041, 28, 1, 0, 1592273727),
(1047, 28, 1, 0, 1593010390),
(1049, 28, 1, 0, 1593201222),
(1050, 28, 1, 0, 1593202899),
(1051, 28, 1, 0, 1593675373),
(1061, 28, 1, 0, 1595875947),
(1062, 28, 1, 0, 1596332259),
(1063, 28, 1, 0, 1596332617),
(1066, 28, 1, 0, 1598621514),
(1068, 28, 1, 0, 1599085030),
(1070, 28, 1, 0, 1599490681),
(1072, 28, 1, 0, 1599582918),
(1073, 28, 1, 0, 1599686117),
(1074, 28, 1, 0, 1599686489),
(1090, 28, 1, 0, 1601745594),
(1106, 28, 1, 0, 1602520363),
(1108, 28, 1, 0, 1602631135),
(1166, 28, 1, 0, 1603633035),
(1167, 28, 1, 0, 1603633035),
(1109, 28, 1, 0, 1603647264),
(1110, 28, 1, 0, 1603647545),
(1111, 28, 1, 0, 1603737469),
(1178, 28, 1, 0, 1609251077),
(1180, 28, 1, 0, 1610157759),
(1189, 28, 1, 0, 1610628103),
(1191, 28, 1, 0, 1610730235),
(1192, 28, 1, 0, 1611941413),
(1195, 28, 1, 0, 1612790874),
(1212, 28, 1, 0, 1615813388),
(1217, 28, 1, 0, 1616425405),
(1218, 28, 1, 0, 1616785640),
(1219, 28, 1, 0, 1616785696),
(1224, 28, 1, 0, 1617729960),
(1226, 28, 1, 0, 1617731638),
(1227, 28, 1, 0, 1618231570),
(1228, 28, 1, 0, 1618421936),
(1229, 28, 1, 0, 1618860522),
(1230, 28, 1, 0, 1618934246),
(1232, 28, 1, 0, 1619619842),
(1235, 28, 1, 0, 1620326355),
(1236, 28, 1, 0, 1620326702),
(1239, 28, 1, 0, 1620669784),
(1240, 28, 1, 0, 1620911425),
(1241, 28, 1, 0, 1620911617),
(1244, 28, 1, 0, 1621601549),
(1245, 28, 1, 0, 1621601599),
(1246, 28, 1, 0, 1621601786),
(1247, 28, 1, 0, 1621860601),
(1249, 28, 1, 0, 1621968816),
(1250, 28, 1, 0, 1622120147),
(1251, 28, 1, 0, 1622471871),
(1252, 28, 1, 0, 1622486224),
(1253, 28, 1, 0, 1622556786),
(1254, 28, 1, 0, 1622557175),
(1255, 28, 1, 0, 1623086924),
(1257, 28, 1, 0, 1623677509),
(1258, 28, 1, 0, 1623678064),
(1259, 28, 1, 0, 1623678217),
(1261, 28, 1, 0, 1624023476),
(1264, 28, 1, 0, 1624547991),
(1266, 28, 1, 0, 1624806814),
(1267, 28, 1, 0, 1625076424),
(1268, 28, 1, 0, 1625230477),
(1269, 28, 1, 0, 1625246463),
(1270, 28, 1, 0, 1625246970),
(1271, 28, 1, 0, 1626795177),
(1273, 28, 1, 0, 1626975742),
(1274, 28, 1, 0, 1627045185),
(1275, 28, 1, 0, 1627309794),
(1276, 28, 1, 0, 1627393058),
(1277, 28, 1, 0, 1627585390),
(1278, 28, 1, 0, 1627585883),
(1280, 28, 1, 0, 1629230380),
(1281, 28, 1, 0, 1629405148),
(1282, 28, 1, 0, 1629731109),
(1283, 28, 1, 0, 1629747460),
(1284, 28, 1, 0, 1629985080),
(1285, 28, 1, 0, 1629986737),
(1288, 28, 1, 0, 1630093650),
(1289, 28, 1, 0, 1630334528),
(1291, 28, 1, 0, 1630950328),
(1292, 28, 1, 0, 1631024992),
(1293, 28, 1, 0, 1631109501),
(1294, 28, 1, 0, 1631123067),
(1295, 28, 1, 0, 1631123894),
(1296, 28, 1, 0, 1631127641),
(1297, 28, 1, 0, 1631192493),
(1298, 28, 1, 0, 1631212933),
(1299, 28, 1, 0, 1632142303),
(1300, 28, 1, 0, 1632142557),
(1301, 28, 1, 0, 1632161028),
(1302, 28, 1, 0, 1632161134),
(1303, 28, 1, 0, 1632331592),
(1304, 28, 1, 0, 1632331731),
(1307, 28, 1, 0, 1632938807),
(1309, 28, 1, 0, 1633028432),
(1311, 28, 1, 0, 1633036316),
(1315, 28, 1, 0, 1633272460),
(1317, 28, 1, 0, 1633455577),
(1320, 28, 1, 0, 1634400555),
(1321, 28, 1, 0, 1634485414),
(1332, 28, 1, 0, 1634739652),
(1333, 28, 1, 0, 1634761951),
(1334, 28, 1, 0, 1634828455),
(1335, 28, 1, 0, 1634911580),
(1338, 28, 1, 0, 1635176692),
(1339, 28, 1, 0, 1635177602),
(1342, 28, 1, 0, 1635429426),
(1350, 28, 1, 0, 1636464681),
(1352, 28, 1, 0, 1636558869),
(1357, 28, 1, 0, 1637932439),
(1359, 28, 1, 0, 1638281813),
(1360, 28, 1, 0, 1638795505),
(1361, 28, 1, 0, 1638796000),
(1362, 28, 1, 0, 1638888081),
(1363, 28, 1, 0, 1638888480),
(1364, 28, 1, 0, 1638985946),
(1367, 28, 1, 0, 1639491381),
(1368, 28, 1, 0, 1639491896),
(1369, 28, 1, 0, 1639595968),
(1377, 28, 1, 0, 1642018191),
(1378, 28, 1, 0, 1642510211),
(1379, 28, 1, 0, 1642511157),
(1380, 28, 1, 0, 1642514036),
(1381, 28, 1, 0, 1642516344),
(1383, 28, 1, 0, 1642534051),
(1385, 28, 1, 0, 1642702769),
(1386, 28, 1, 0, 1643638103),
(1387, 28, 1, 0, 1643994171),
(1388, 28, 1, 0, 1644246578),
(1389, 28, 1, 0, 1644418119),
(1390, 28, 1, 0, 1644606314),
(1391, 28, 1, 0, 1644608387),
(1392, 28, 1, 0, 1644862446),
(1393, 28, 1, 0, 1645034542),
(1394, 28, 1, 0, 1645207883),
(1395, 28, 1, 0, 1645466900),
(1396, 28, 1, 0, 1645551626),
(1398, 28, 1, 0, 1645729143),
(1399, 28, 1, 0, 1645797040),
(1400, 28, 1, 0, 1646314629),
(1401, 28, 1, 0, 1646415289),
(1402, 28, 1, 0, 1646415403),
(1403, 28, 1, 0, 1646657152),
(1407, 28, 1, 0, 1647281322),
(1408, 28, 1, 0, 1647281485),
(1409, 28, 1, 0, 1647286597),
(1410, 28, 1, 0, 1647457333),
(1413, 28, 1, 0, 1647970220),
(1414, 28, 1, 0, 1648040554),
(1416, 28, 1, 0, 1648057006),
(1417, 28, 1, 0, 1648126828),
(1419, 28, 1, 0, 1648211333),
(1420, 28, 1, 0, 1648490403),
(1421, 28, 1, 0, 1648644849),
(1422, 28, 1, 0, 1648753502),
(1423, 28, 1, 0, 1648830456),
(1424, 28, 1, 0, 1649098043),
(1425, 28, 1, 0, 1649098293),
(1426, 28, 1, 0, 1649249874),
(1427, 28, 1, 0, 1649250030),
(1428, 28, 1, 0, 1649355737),
(1430, 28, 1, 0, 1650392907),
(1431, 28, 1, 0, 1651244895),
(1432, 28, 1, 0, 1651583539),
(1435, 28, 1, 0, 1651682223),
(1436, 28, 1, 0, 1652361203),
(1437, 28, 1, 0, 1652462451),
(1447, 28, 1, 0, 1652801614),
(1448, 28, 1, 0, 1653315008),
(1449, 28, 1, 0, 1653678235),
(1450, 28, 1, 0, 1654003971),
(1452, 28, 1, 0, 1654012105),
(1459, 28, 1, 0, 1654093639),
(1460, 28, 1, 0, 1654105924),
(1461, 28, 1, 0, 1654871106),
(1462, 28, 1, 0, 1655228916),
(1464, 28, 1, 0, 1655498287),
(1465, 28, 1, 0, 1655498722),
(1469, 28, 1, 0, 1655822187),
(1471, 28, 1, 0, 1655840498),
(1473, 28, 1, 0, 1655841019),
(1474, 28, 1, 0, 1656080750),
(1475, 28, 1, 0, 1656080930),
(1476, 28, 1, 0, 1656336042),
(1477, 28, 1, 0, 1656352029),
(1478, 28, 1, 0, 1656445005),
(1479, 28, 1, 0, 1656618392),
(1480, 28, 1, 0, 1656618611),
(1484, 28, 1, 0, 1657303111),
(1485, 28, 1, 0, 1657309081),
(1486, 28, 1, 0, 1657561846),
(1488, 28, 1, 0, 1657562246),
(1499, 28, 1, 0, 1657905511),
(1501, 28, 1, 0, 1658258405),
(1502, 28, 1, 0, 1660136692),
(1503, 28, 1, 0, 1660222585),
(1504, 28, 1, 0, 1660222769),
(1505, 28, 1, 0, 1660225829),
(1506, 28, 1, 0, 1660596574),
(1507, 28, 1, 0, 1660596893),
(1508, 28, 1, 0, 1660746251),
(1509, 28, 1, 0, 1660933371),
(1510, 28, 1, 0, 1661263800),
(1511, 28, 1, 0, 1661534640),
(1513, 28, 1, 0, 1661692990),
(1516, 28, 1, 0, 1662000142),
(1517, 28, 1, 0, 1662037057),
(1518, 28, 1, 0, 1662042955),
(1519, 28, 1, 0, 1662053826),
(1520, 28, 1, 0, 1662053928),
(1530, 28, 1, 0, 1662056086),
(1533, 28, 1, 0, 1662131374),
(1534, 28, 1, 0, 1662147400),
(1535, 28, 1, 0, 1662382400),
(1536, 28, 1, 0, 1662382594),
(1537, 28, 1, 0, 1662388215),
(1538, 28, 1, 0, 1662469481),
(1553, 28, 1, 0, 1662643954),
(1554, 28, 1, 0, 1662644119),
(1555, 28, 1, 0, 1662644225),
(1556, 28, 1, 0, 1662644793),
(1557, 28, 1, 0, 1662645093),
(1558, 28, 1, 0, 1662663663),
(1559, 28, 1, 0, 1662666427),
(1560, 28, 1, 0, 1662666956),
(1561, 28, 1, 0, 1662667031),
(1562, 28, 1, 0, 1662733549),
(1563, 28, 1, 0, 1662990598),
(1564, 28, 1, 0, 1662993034),
(1565, 28, 1, 0, 1663010754),
(1566, 28, 1, 0, 1663334813),
(1567, 28, 1, 0, 1663591961),
(1570, 28, 1, 0, 1663769141),
(1571, 28, 1, 0, 1663783608),
(1572, 28, 1, 0, 1663851146),
(1573, 28, 1, 0, 1663857883),
(1578, 28, 1, 0, 1663959880),
(1580, 28, 1, 0, 1664200694),
(1581, 28, 1, 0, 1664290652),
(1582, 28, 1, 0, 1664388409),
(1583, 28, 1, 0, 1664388588),
(1585, 28, 1, 0, 1664551539),
(1586, 28, 1, 0, 1664897209),
(1588, 28, 1, 0, 1665675946),
(1589, 28, 1, 0, 1666017726),
(1591, 28, 1, 0, 1666212825),
(1592, 28, 1, 0, 1666294332),
(1594, 28, 1, 0, 1667403649),
(1599, 28, 1, 0, 1667919925),
(1600, 28, 1, 0, 1667925175),
(1602, 28, 1, 0, 1667930921),
(1603, 28, 1, 0, 1667940345),
(1610, 28, 1, 0, 1669144228),
(1611, 28, 1, 0, 1669743984),
(1612, 28, 1, 0, 1669905465),
(1613, 28, 1, 0, 1669990776),
(1614, 28, 1, 0, 1670011061),
(1615, 28, 1, 0, 1670265026),
(1616, 28, 1, 0, 1670420450),
(1618, 28, 1, 0, 1670502470),
(1619, 28, 1, 0, 1670591882),
(1620, 28, 1, 0, 1670848411),
(1622, 28, 1, 0, 1671803335),
(1623, 28, 1, 0, 1673362102),
(1624, 28, 1, 0, 1673363379),
(1626, 28, 1, 0, 1673637508),
(1628, 28, 1, 0, 1674405528),
(1633, 28, 1, 0, 1674586721),
(1635, 28, 1, 0, 1675081545),
(1636, 28, 1, 0, 1675192189),
(1637, 28, 1, 0, 1675192434),
(1639, 28, 1, 0, 1675690230),
(1640, 28, 1, 0, 1675718574),
(1641, 28, 1, 0, 1675773900),
(1688, 28, 1, 0, 1676662299),
(1689, 28, 1, 0, 1676908282),
(1690, 28, 1, 0, 1676908683),
(1692, 28, 1, 0, 1677091281),
(1693, 28, 1, 0, 1677502530),
(1695, 28, 1, 0, 1677599302),
(1696, 28, 1, 0, 1677599745),
(1697, 28, 1, 0, 1677684892),
(1698, 28, 1, 0, 1677685178),
(1699, 28, 1, 0, 1677980947),
(1700, 28, 1, 0, 1678113580),
(1704, 28, 1, 0, 1678376835),
(1705, 28, 1, 0, 1679318033),
(1706, 28, 1, 0, 1679318311),
(1707, 28, 1, 0, 1679318883),
(1708, 28, 1, 0, 1679410912),
(1709, 28, 1, 0, 1679422613),
(1710, 28, 1, 0, 1679504117),
(1711, 28, 1, 0, 1679576839),
(1719, 28, 1, 0, 1679934416),
(1720, 28, 1, 0, 1679934923),
(1721, 28, 1, 0, 1680014886),
(1722, 28, 1, 0, 1680118473),
(1723, 28, 1, 0, 1680477530),
(1724, 28, 1, 0, 1680632427),
(1766, 28, 1, 0, 1680924446),
(1767, 28, 1, 0, 1681237734),
(1768, 28, 1, 0, 1681394826),
(1769, 28, 1, 0, 1681697032),
(1773, 28, 1, 0, 1682192178),
(1775, 28, 1, 0, 1682773895),
(1779, 28, 1, 0, 1683142500),
(1780, 28, 1, 0, 1683211513),
(1781, 28, 1, 0, 1683251110),
(1782, 28, 1, 0, 1683551819),
(1783, 28, 1, 0, 1683552528),
(1784, 28, 1, 0, 1683552811),
(1785, 28, 1, 0, 1683637779),
(1787, 28, 1, 0, 1683742553),
(1788, 28, 1, 0, 1683766144),
(1789, 28, 1, 0, 1683824320),
(1790, 28, 1, 0, 1683907042),
(1792, 28, 1, 0, 1684330032),
(1793, 28, 1, 0, 1684777601),
(1794, 28, 1, 0, 1684847437),
(1795, 28, 1, 0, 1684847815),
(1796, 28, 1, 0, 1684856038),
(1797, 28, 1, 0, 1684857339),
(1798, 28, 1, 0, 1684867343),
(1799, 28, 1, 0, 1685367622),
(1800, 28, 1, 0, 1685368085),
(1801, 28, 1, 0, 1685371255),
(1802, 28, 1, 0, 1685393008),
(1803, 28, 1, 0, 1685486025),
(1805, 28, 1, 0, 1685993343),
(1806, 28, 1, 0, 1686319698),
(1812, 28, 1, 0, 1687024702),
(1813, 28, 1, 0, 1687100131),
(1814, 28, 1, 0, 1687717476),
(1815, 28, 1, 0, 1687786267),
(1816, 28, 1, 0, 1687872183),
(1817, 28, 1, 0, 1687969028),
(1843, 28, 1, 0, 1689875811),
(1844, 28, 1, 0, 1690468094),
(1847, 28, 1, 0, 1690992069),
(1848, 28, 1, 0, 1691003113),
(1849, 28, 1, 0, 1691068695),
(1850, 28, 1, 0, 1691093411),
(1851, 28, 1, 0, 1691280428),
(1852, 28, 1, 0, 1691280739),
(1853, 28, 1, 0, 1691519202),
(1854, 28, 1, 0, 1691688552),
(1855, 28, 1, 0, 1691689349),
(1856, 28, 1, 0, 1691981398),
(1857, 28, 1, 0, 1691981430),
(1858, 28, 1, 0, 1691981503),
(1859, 28, 1, 0, 1691982568),
(1868, 28, 1, 0, 1692188925),
(1869, 28, 1, 0, 1692207065),
(1870, 28, 1, 0, 1692275913),
(1871, 28, 1, 0, 1692275985),
(1883, 28, 1, 0, 1693247136),
(1884, 28, 1, 0, 1693247610),
(1885, 28, 1, 0, 1693247745),
(1886, 28, 1, 0, 1693247987),
(1887, 28, 1, 0, 1693248457),
(1889, 28, 1, 0, 1693510348),
(1892, 28, 1, 0, 1693572135),
(1893, 28, 1, 0, 1693592734),
(1894, 28, 1, 0, 1693851239),
(1895, 28, 1, 0, 1693853935),
(1897, 28, 1, 0, 1694094006),
(1899, 28, 1, 0, 1694809018),
(1900, 28, 1, 0, 1695393324),
(1901, 28, 1, 0, 1695404343),
(1904, 28, 1, 0, 1696864555),
(1905, 28, 1, 0, 1696864773),
(1907, 28, 1, 0, 1696959212),
(1908, 28, 1, 0, 1697810507),
(1914, 28, 1, 0, 1702491224),
(1915, 28, 1, 0, 1702491386),
(1916, 28, 1, 0, 1702491503),
(1917, 28, 1, 0, 1702492450),
(1918, 28, 1, 0, 1702492729),
(1919, 28, 1, 0, 1702492832),
(1920, 28, 1, 0, 1702492832),
(1922, 28, 1, 0, 1702493008),
(1924, 28, 1, 0, 1702497136),
(1925, 28, 1, 0, 1702497249),
(1926, 28, 1, 0, 1702497369),
(1927, 28, 1, 0, 1702497528),
(1928, 28, 1, 0, 1702497528),
(1929, 28, 1, 0, 1702497635),
(1930, 28, 1, 0, 1702497780),
(1931, 28, 1, 0, 1702497780),
(1932, 28, 1, 0, 1702497780),
(1934, 28, 1, 0, 1702557400),
(1935, 28, 1, 0, 1702557539),
(1938, 28, 1, 0, 1702558567),
(1939, 28, 1, 0, 1702558671),
(1940, 28, 1, 0, 1702558671),
(1941, 28, 1, 0, 1702558807),
(1945, 28, 1, 0, 1703086186),
(1946, 28, 1, 0, 1703086510),
(1947, 28, 1, 0, 1703098442),
(1948, 28, 1, 0, 1703292611),
(1949, 28, 1, 0, 1704652490),
(1952, 28, 1, 0, 1705669823),
(1953, 28, 1, 0, 1705876949),
(1958, 28, 1, 0, 1706101423),
(1971, 28, 1, 0, 1706532925),
(1972, 28, 1, 0, 1706619650),
(1973, 28, 1, 0, 1706704793),
(1975, 28, 1, 0, 1706878743),
(1976, 28, 1, 0, 1707138450),
(1978, 28, 1, 0, 1707140297),
(1979, 28, 1, 0, 1707310961),
(1980, 28, 1, 0, 1707850299),
(1981, 28, 1, 0, 1707850744),
(1982, 28, 1, 0, 1707850857),
(1983, 28, 1, 0, 1708002023),
(1984, 28, 1, 0, 1708002247),
(1985, 28, 1, 0, 1708348059),
(1986, 28, 1, 0, 1708351025),
(1987, 28, 1, 0, 1708351704),
(1988, 28, 1, 0, 1708606326),
(1990, 28, 1, 0, 1708952031),
(1993, 28, 1, 0, 1709660041),
(1994, 28, 1, 0, 1709729844),
(1995, 28, 1, 0, 1709729996),
(1996, 28, 1, 0, 1709821303),
(1997, 28, 1, 0, 1709909231),
(1998, 28, 1, 0, 1709927738),
(1999, 28, 1, 0, 1710335133),
(2000, 28, 1, 0, 1710766985),
(2001, 28, 1, 0, 1710853839),
(2002, 28, 1, 0, 1710874655),
(2003, 28, 1, 0, 1710946582),
(2005, 28, 1, 0, 1711461028),
(2006, 28, 1, 0, 1711473313),
(2007, 28, 1, 0, 1712235271),
(2008, 28, 1, 0, 1713300093),
(2010, 28, 1, 0, 1713301108),
(2011, 28, 1, 0, 1713301709),
(2013, 28, 1, 0, 1713302820),
(2014, 28, 1, 0, 1713303010),
(2015, 28, 1, 0, 1713303146),
(2017, 28, 1, 0, 1713303580),
(2018, 28, 1, 0, 1713303718),
(2019, 28, 1, 0, 1713363819),
(2020, 28, 1, 0, 1713364239),
(2021, 28, 1, 0, 1713364409),
(2027, 28, 1, 0, 1715088949),
(2029, 28, 1, 0, 1715867270),
(2030, 28, 1, 0, 1716237230),
(2031, 28, 1, 0, 1716322202),
(2032, 28, 1, 0, 1716322366),
(2033, 28, 1, 0, 1717519030),
(2035, 28, 1, 0, 1718115954),
(2036, 28, 1, 0, 1718116055),
(2037, 28, 1, 0, 1718116867),
(2041, 28, 1, 0, 1718224560),
(2042, 28, 1, 0, 1718224681),
(2043, 28, 1, 0, 1718715702),
(2044, 28, 1, 0, 1718719318),
(2045, 28, 1, 0, 1718719578),
(2047, 28, 1, 0, 1718805571),
(2048, 28, 1, 0, 1718826835),
(2049, 28, 1, 0, 1718896244),
(2050, 28, 1, 0, 1718904593),
(2051, 28, 1, 0, 1719254218),
(2052, 28, 1, 0, 1719254462),
(2054, 28, 1, 0, 1719586482),
(2055, 28, 1, 0, 1719586981),
(2056, 28, 1, 0, 1719587246),
(2057, 28, 1, 0, 1719587622),
(2058, 28, 1, 0, 1719925322),
(2060, 28, 1, 0, 1720462602),
(2061, 28, 1, 0, 1720462739),
(2062, 28, 1, 0, 1720462885),
(2063, 28, 1, 0, 1720536268),
(2064, 28, 1, 0, 1720539292),
(2065, 28, 1, 0, 1720540660),
(2066, 28, 1, 0, 1721057645),
(2067, 28, 1, 0, 1721136541),
(2068, 28, 1, 0, 1721246111),
(2069, 28, 1, 0, 1721330663),
(2070, 28, 1, 0, 1721659560),
(2071, 28, 1, 0, 1721660721),
(2072, 28, 1, 0, 1722024436),
(2073, 28, 1, 0, 1722258741),
(2076, 28, 1, 0, 1722629322),
(2077, 28, 1, 0, 1722630395),
(2078, 28, 1, 0, 1722864196),
(2079, 28, 1, 0, 1722864438),
(1019, 28, 1, 1, 1586136245),
(257, 29, 1, 0, 1491880897),
(406, 29, 1, 0, 1506360019),
(457, 29, 1, 0, 1511158458),
(257, 30, 1, 0, 1491880897),
(257, 31, 1, 0, 1491880897),
(262, 31, 1, 0, 1492514190),
(263, 31, 1, 0, 1492515526),
(297, 31, 1, 0, 1495511644),
(305, 31, 1, 0, 1496753201),
(647, 31, 1, 0, 1528820352),
(677, 31, 1, 0, 1530567259),
(258, 32, 1, 0, 1492512094),
(268, 32, 1, 0, 1492818738),
(345, 32, 1, 0, 1500224916),
(258, 33, 1, 0, 1492512094),
(303, 33, 1, 0, 1496751469),
(342, 33, 1, 0, 1500223627),
(348, 33, 1, 0, 1500312572),
(258, 34, 1, 0, 1492512094),
(268, 34, 1, 0, 1492818738),
(303, 34, 1, 0, 1496751469),
(306, 34, 1, 0, 1497228443),
(399, 34, 1, 0, 1505986325),
(409, 34, 1, 0, 1506778887),
(422, 34, 1, 0, 1508456653),
(618, 34, 1, 0, 1524802446),
(626, 34, 1, 0, 1526960925),
(259, 35, 1, 0, 1492512302),
(580, 35, 1, 0, 1520881209),
(259, 36, 1, 0, 1492512302),
(337, 36, 1, 0, 1499605138),
(338, 36, 1, 0, 1499689696),
(342, 36, 1, 0, 1500223627),
(432, 36, 1, 0, 1509364546),
(260, 37, 1, 0, 1492512619),
(304, 37, 1, 0, 1496752684),
(260, 38, 1, 0, 1492512619),
(260, 39, 1, 0, 1492512619),
(302, 39, 1, 0, 1496750337),
(344, 39, 1, 0, 1500224332),
(527, 39, 1, 0, 1517880441),
(565, 39, 1, 0, 1520201110),
(261, 40, 1, 0, 1492512930),
(261, 41, 1, 0, 1492512930),
(321, 41, 1, 0, 1498499574),
(262, 42, 1, 0, 1492514190),
(618, 42, 1, 0, 1524802446),
(262, 43, 1, 0, 1492514190),
(262, 44, 1, 0, 1492514190),
(658, 44, 1, 0, 1529245865),
(262, 45, 1, 0, 1492514190),
(658, 45, 1, 0, 1529245865),
(262, 46, 1, 0, 1492514190),
(262, 47, 1, 0, 1492514190),
(277, 47, 1, 0, 1493668483),
(281, 47, 1, 0, 1494004176),
(307, 47, 1, 0, 1497228695),
(320, 47, 1, 0, 1498499292),
(342, 47, 1, 0, 1500223627),
(473, 47, 1, 0, 1511620247),
(263, 48, 1, 0, 1492515526),
(345, 48, 1, 0, 1500224916),
(349, 48, 1, 0, 1500438895),
(360, 48, 1, 0, 1501731273),
(363, 48, 1, 0, 1501732134),
(365, 48, 1, 0, 1501787622),
(267, 49, 1, 0, 1492818442),
(267, 50, 1, 0, 1492818442),
(267, 51, 1, 0, 1492818442),
(268, 52, 1, 0, 1492818738),
(273, 52, 1, 0, 1493474597),
(344, 52, 1, 0, 1500224332),
(427, 52, 1, 0, 1509362152),
(428, 52, 1, 0, 1509362498),
(430, 52, 1, 0, 1509363165),
(443, 52, 1, 0, 1509450929),
(269, 53, 1, 0, 1493119591),
(269, 54, 1, 0, 1493119591),
(384, 54, 1, 0, 1504723086),
(610, 54, 1, 0, 1523832347),
(611, 54, 1, 0, 1523832596),
(269, 55, 1, 0, 1493119591),
(273, 56, 1, 0, 1493474597),
(273, 57, 1, 0, 1493474597),
(273, 58, 1, 0, 1493474597),
(274, 59, 1, 0, 1493475034),
(318, 59, 1, 0, 1498497208),
(323, 59, 1, 0, 1498704760),
(355, 59, 1, 0, 1501674965),
(361, 59, 1, 0, 1501731699),
(362, 59, 1, 0, 1501731929),
(364, 59, 1, 0, 1501787328),
(376, 59, 1, 0, 1503276749),
(383, 59, 1, 0, 1504721921),
(390, 59, 1, 0, 1505572199),
(274, 60, 1, 0, 1493475034),
(317, 60, 1, 0, 1498496829),
(318, 60, 1, 0, 1498497208),
(323, 60, 1, 0, 1498704760),
(355, 60, 1, 0, 1501674965),
(362, 60, 1, 0, 1501731929),
(364, 60, 1, 0, 1501787328),
(376, 60, 1, 0, 1503276749),
(274, 61, 1, 0, 1493475034),
(364, 61, 1, 0, 1501787328),
(385, 61, 1, 0, 1504765359),
(274, 62, 1, 0, 1493475034),
(277, 63, 1, 0, 1493668483),
(281, 63, 1, 0, 1494004176),
(320, 63, 1, 0, 1498499292),
(337, 63, 1, 0, 1499605138),
(338, 63, 1, 0, 1499689696),
(367, 63, 1, 0, 1502139441),
(432, 63, 1, 0, 1509364546),
(492, 63, 1, 0, 1512833396),
(557, 63, 1, 0, 1520132227),
(582, 63, 1, 0, 1521384211),
(597, 63, 1, 0, 1522250762),
(603, 63, 1, 0, 1522785138),
(625, 63, 1, 0, 1526960529),
(628, 63, 1, 0, 1526962757),
(631, 63, 1, 0, 1527080104),
(632, 63, 1, 0, 1527548740),
(277, 64, 1, 0, 1493668483),
(338, 64, 1, 0, 1499689696),
(342, 64, 1, 0, 1500223627),
(280, 65, 1, 0, 1494003466),
(392, 65, 1, 0, 1505572755),
(397, 65, 1, 0, 1505824548),
(400, 65, 1, 0, 1506013231),
(410, 65, 1, 0, 1506944900),
(420, 65, 1, 0, 1507788810),
(421, 65, 1, 0, 1508456303),
(426, 65, 1, 0, 1509361640),
(429, 65, 1, 0, 1509362894),
(445, 65, 1, 0, 1509648717),
(463, 65, 1, 0, 1511278534),
(502, 65, 1, 0, 1516108162),
(538, 65, 1, 0, 1517892124),
(280, 66, 1, 0, 1494003466),
(403, 66, 1, 0, 1506034905),
(487, 66, 1, 0, 1512645045),
(673, 66, 1, 0, 1530503936),
(284, 67, 1, 0, 1494099167),
(314, 67, 1, 0, 1497884330),
(369, 67, 1, 0, 1502141134),
(555, 67, 1, 0, 1520131864),
(556, 67, 1, 0, 1520132038),
(565, 67, 1, 0, 1520201110),
(640, 67, 1, 0, 1528177132),
(641, 67, 1, 0, 1528177337),
(676, 67, 1, 0, 1530506592),
(1048, 67, 1, 0, 1593022959),
(1162, 67, 1, 0, 1606538692),
(1163, 67, 1, 0, 1606539464),
(1164, 67, 1, 0, 1606540020),
(284, 68, 1, 0, 1494099167),
(284, 69, 1, 0, 1494099167),
(284, 70, 1, 0, 1494099167),
(286, 71, 1, 0, 1494257313),
(287, 72, 1, 0, 1494623737),
(484, 72, 1, 0, 1512262754),
(597, 72, 1, 0, 1522250762),
(598, 72, 1, 0, 1522250964),
(287, 73, 1, 0, 1494623737),
(287, 74, 1, 0, 1494623737),
(339, 74, 1, 0, 1500221890),
(341, 74, 1, 0, 1500222859),
(346, 74, 1, 0, 1500225425),
(404, 74, 1, 0, 1506354212),
(405, 74, 1, 0, 1506354712),
(408, 74, 1, 0, 1506511954),
(484, 74, 1, 0, 1512262754),
(485, 74, 1, 0, 1512640579),
(486, 74, 1, 0, 1512643939),
(532, 74, 1, 0, 1517889384),
(537, 74, 1, 0, 1517891934),
(539, 74, 1, 0, 1517892407),
(287, 75, 1, 0, 1494623737),
(677, 75, 1, 0, 1530567259),
(288, 76, 1, 0, 1494765525),
(290, 76, 1, 0, 1494862313),
(295, 76, 1, 0, 1495336216),
(299, 76, 1, 0, 1495994298),
(574, 76, 1, 0, 1520465373),
(288, 77, 1, 0, 1494765525),
(290, 77, 1, 0, 1494862313),
(288, 78, 1, 0, 1494765525),
(290, 78, 1, 0, 1494862313),
(289, 79, 1, 0, 1494861633),
(289, 80, 1, 0, 1494861633),
(321, 80, 1, 0, 1498499574),
(363, 80, 1, 0, 1501732134),
(365, 80, 1, 0, 1501787622),
(402, 80, 1, 0, 1506033050),
(291, 81, 1, 0, 1494968643),
(292, 82, 1, 0, 1495215624),
(292, 83, 1, 0, 1495215624),
(292, 84, 1, 0, 1495215624),
(292, 85, 1, 0, 1495215624),
(295, 86, 1, 0, 1495336216),
(297, 87, 1, 0, 1495511644),
(450, 87, 1, 0, 1511152576),
(453, 87, 1, 0, 1511154405),
(647, 87, 1, 0, 1528820352),
(677, 87, 1, 0, 1530567259),
(297, 88, 1, 0, 1495511644),
(297, 89, 1, 0, 1495511644),
(297, 90, 1, 0, 1495511644),
(298, 91, 1, 0, 1495512071),
(418, 91, 1, 0, 1507694826),
(419, 91, 1, 0, 1507721000),
(298, 92, 1, 0, 1495512071),
(299, 93, 1, 0, 1495994298),
(300, 94, 1, 0, 1496335104),
(301, 95, 1, 0, 1496336035),
(383, 95, 1, 0, 1504721921),
(301, 96, 1, 0, 1496336035),
(302, 97, 1, 0, 1496750337),
(304, 97, 1, 0, 1496752684),
(344, 97, 1, 0, 1500224332),
(349, 97, 1, 0, 1500438895),
(568, 97, 1, 0, 1520351079),
(302, 98, 1, 0, 1496750337),
(304, 98, 1, 0, 1496752684),
(344, 98, 1, 0, 1500224332),
(302, 99, 1, 0, 1496750337),
(304, 99, 1, 0, 1496752684),
(302, 100, 1, 0, 1496750337),
(303, 101, 1, 0, 1496751469),
(306, 101, 1, 0, 1497228443),
(304, 102, 1, 0, 1496752684),
(640, 102, 1, 0, 1528177132),
(641, 102, 1, 0, 1528177337),
(305, 103, 1, 0, 1496753201),
(340, 103, 1, 0, 1500222182),
(446, 103, 1, 0, 1509826811),
(451, 103, 1, 0, 1511153528),
(503, 103, 1, 0, 1516161845),
(605, 103, 1, 0, 1522849293),
(305, 104, 1, 0, 1496753201),
(305, 105, 1, 0, 1496753201),
(307, 106, 1, 0, 1497228695),
(384, 106, 1, 0, 1504723086),
(416, 106, 1, 0, 1507682169),
(454, 106, 1, 0, 1511154655),
(496, 106, 1, 0, 1513684127),
(664, 106, 1, 0, 1529664785),
(314, 107, 1, 0, 1497884330),
(314, 108, 1, 0, 1497884330),
(314, 109, 1, 0, 1497884330),
(551, 109, 1, 0, 1519608955),
(318, 110, 1, 0, 1498497208),
(361, 110, 1, 0, 1501731699),
(362, 110, 1, 0, 1501731929),
(376, 110, 1, 0, 1503276749),
(319, 111, 1, 0, 1498497519),
(402, 111, 1, 0, 1506033050),
(622, 111, 1, 0, 1525372351),
(319, 112, 1, 0, 1498497519),
(322, 113, 1, 0, 1498499723),
(568, 113, 1, 0, 1520351079),
(323, 114, 1, 0, 1498704760),
(335, 115, 1, 0, 1499464452),
(336, 116, 1, 0, 1499464852),
(336, 117, 1, 0, 1499464852),
(336, 118, 1, 0, 1499464852),
(339, 119, 1, 0, 1500221890),
(341, 119, 1, 0, 1500222859),
(346, 119, 1, 0, 1500225425),
(339, 120, 1, 0, 1500221890),
(341, 120, 1, 0, 1500222859),
(346, 120, 1, 0, 1500225425),
(340, 121, 1, 0, 1500222182),
(340, 122, 1, 0, 1500222182),
(341, 123, 1, 0, 1500222859),
(346, 123, 1, 0, 1500225425),
(341, 124, 1, 0, 1500222859),
(342, 125, 1, 0, 1500223627),
(343, 126, 1, 0, 1500224048),
(343, 127, 1, 0, 1500224048),
(343, 128, 1, 0, 1500224048),
(345, 129, 1, 0, 1500224916),
(348, 130, 1, 0, 1500312572),
(348, 131, 1, 0, 1500312572),
(348, 132, 1, 0, 1500312572),
(349, 133, 1, 0, 1500438895),
(356, 134, 1, 0, 1501675459),
(357, 134, 1, 0, 1501675749),
(358, 134, 1, 0, 1501676044),
(371, 134, 1, 0, 1502869321),
(360, 135, 1, 0, 1501731273),
(447, 135, 1, 0, 1509985528),
(361, 136, 1, 0, 1501731699),
(385, 136, 1, 0, 1504765359),
(363, 137, 1, 0, 1501732134),
(365, 137, 1, 0, 1501787622),
(364, 138, 1, 0, 1501787328),
(365, 139, 1, 0, 1501787622),
(368, 140, 1, 0, 1502140029),
(463, 140, 1, 0, 1511278534),
(368, 141, 1, 0, 1502140029),
(372, 141, 1, 0, 1502869716),
(378, 141, 1, 0, 1503918739),
(477, 141, 1, 0, 1511972440),
(369, 142, 1, 0, 1502141134),
(369, 143, 1, 0, 1502141134),
(375, 144, 1, 0, 1503073681),
(375, 145, 1, 0, 1503073681),
(375, 146, 1, 0, 1503073681),
(375, 147, 1, 0, 1503073681),
(382, 150, 1, 0, 1504697787),
(382, 151, 1, 0, 1504697787),
(383, 152, 1, 0, 1504721921),
(633, 152, 1, 0, 1527548968),
(643, 152, 1, 0, 1528205974),
(385, 153, 1, 0, 1504765359),
(386, 154, 1, 0, 1504765888),
(386, 155, 1, 0, 1504765888),
(387, 156, 1, 0, 1505568877),
(431, 156, 1, 0, 1509363793),
(441, 156, 1, 0, 1509449167),
(448, 156, 1, 0, 1509985867),
(456, 156, 1, 0, 1511157878),
(459, 156, 1, 0, 1511167952),
(462, 156, 1, 0, 1511276870),
(387, 157, 1, 0, 1505568877),
(431, 157, 1, 0, 1509363793),
(441, 157, 1, 0, 1509449167),
(456, 157, 1, 0, 1511157878),
(459, 157, 1, 0, 1511167952),
(462, 157, 1, 0, 1511276870),
(391, 158, 1, 0, 1505572650),
(391, 159, 1, 0, 1505572650),
(392, 160, 1, 0, 1505572755),
(397, 160, 1, 0, 1505824548),
(410, 160, 1, 0, 1506944900),
(420, 160, 1, 0, 1507788810),
(421, 160, 1, 0, 1508456303),
(426, 160, 1, 0, 1509361640),
(429, 160, 1, 0, 1509362894),
(445, 160, 1, 0, 1509648717),
(538, 160, 1, 0, 1517892124),
(398, 161, 1, 0, 1505834188),
(427, 161, 1, 0, 1509362152),
(428, 161, 1, 0, 1509362498),
(430, 161, 1, 0, 1509363165),
(437, 161, 1, 0, 1509427824),
(474, 161, 1, 0, 1511624614),
(475, 161, 1, 0, 1511646507),
(493, 161, 1, 0, 1512834149),
(540, 161, 1, 0, 1518303354),
(541, 161, 1, 0, 1518304229),
(542, 161, 1, 0, 1518304985),
(543, 161, 1, 0, 1518305387),
(544, 161, 1, 0, 1519003243),
(546, 161, 1, 0, 1519090353),
(547, 161, 1, 0, 1519090748),
(597, 161, 1, 0, 1522250762),
(598, 161, 1, 0, 1522250964),
(657, 161, 1, 0, 1529110514),
(665, 161, 1, 0, 1530501721),
(666, 161, 1, 0, 1530501962),
(667, 161, 1, 0, 1530502217),
(668, 161, 1, 0, 1530502450),
(670, 161, 1, 0, 1530502991),
(680, 161, 1, 0, 1531159057),
(399, 162, 1, 0, 1505986325),
(676, 162, 1, 0, 1530506592),
(400, 163, 1, 0, 1506013231),
(401, 164, 1, 0, 1506013536),
(401, 165, 1, 0, 1506013536),
(487, 165, 1, 0, 1512645045),
(488, 165, 1, 0, 1512645473),
(403, 166, 1, 0, 1506034905),
(404, 167, 1, 0, 1506354212),
(406, 168, 1, 0, 1506360019),
(409, 169, 1, 0, 1506778887),
(411, 170, 1, 0, 1506945147),
(433, 170, 1, 0, 1509365569),
(436, 170, 1, 0, 1509427636),
(452, 170, 1, 0, 1511154015),
(415, 171, 1, 0, 1507152704),
(415, 172, 1, 0, 1507152704),
(415, 173, 1, 0, 1507152704),
(417, 174, 1, 0, 1507693233),
(417, 175, 1, 0, 1507693233),
(637, 175, 1, 0, 1527550838),
(424, 176, 1, 0, 1508457500),
(427, 177, 1, 0, 1509362152),
(428, 177, 1, 0, 1509362498),
(430, 177, 1, 0, 1509363165),
(443, 177, 1, 0, 1509450929),
(474, 177, 1, 0, 1511624614),
(475, 177, 1, 0, 1511646507),
(493, 177, 1, 0, 1512834149),
(427, 178, 1, 0, 1509362152),
(428, 178, 1, 0, 1509362498),
(430, 178, 1, 0, 1509363165),
(443, 178, 1, 0, 1509450929),
(430, 179, 1, 0, 1509363165),
(435, 179, 1, 0, 1509426783),
(430, 180, 1, 0, 1509363165),
(475, 180, 1, 0, 1511646507),
(617, 180, 1, 0, 1524801979),
(665, 180, 1, 0, 1530501721),
(680, 180, 1, 0, 1531159057),
(432, 181, 1, 0, 1509364546),
(433, 182, 1, 0, 1509365569),
(435, 183, 1, 0, 1509426783),
(435, 184, 1, 0, 1509426783),
(436, 185, 1, 0, 1509427636),
(437, 186, 1, 0, 1509427824),
(438, 187, 1, 0, 1509428586),
(439, 188, 1, 0, 1509429366),
(440, 189, 1, 0, 1509429898),
(440, 190, 1, 0, 1509429898),
(446, 191, 1, 0, 1509826811),
(446, 192, 1, 0, 1509826811),
(450, 193, 1, 0, 1511152576),
(453, 193, 1, 0, 1511154405),
(451, 194, 1, 0, 1511153528),
(575, 194, 1, 0, 1520477283),
(617, 194, 1, 0, 1524801979),
(452, 195, 1, 0, 1511154015),
(469, 195, 1, 0, 1511392810),
(452, 196, 1, 0, 1511154015),
(452, 197, 1, 0, 1511154015),
(455, 198, 1, 0, 1511155809),
(455, 199, 1, 0, 1511155809),
(455, 200, 1, 0, 1511155809),
(673, 200, 1, 0, 1530503936),
(455, 201, 1, 0, 1511155809),
(455, 202, 1, 0, 1511155809),
(691, 202, 1, 0, 1533964860),
(692, 202, 1, 0, 1533965118),
(457, 203, 1, 0, 1511158458),
(457, 204, 1, 0, 1511158458),
(458, 205, 1, 0, 1511166722),
(458, 206, 1, 0, 1511166722),
(459, 207, 1, 0, 1511167952),
(463, 208, 1, 0, 1511278534),
(464, 209, 1, 0, 1511278820),
(464, 210, 1, 0, 1511278820),
(473, 211, 1, 0, 1511620247),
(476, 212, 1, 0, 1511646999),
(639, 212, 1, 0, 1527552773),
(478, 213, 1, 0, 1511972777),
(479, 214, 1, 0, 1512256852),
(546, 214, 1, 0, 1519090353),
(479, 215, 1, 0, 1512256852),
(540, 215, 1, 0, 1518303354),
(605, 215, 1, 0, 1522849293),
(480, 216, 1, 0, 1512257449),
(672, 216, 1, 0, 1530503694),
(481, 217, 1, 0, 1512257698),
(482, 217, 1, 0, 1512257956),
(482, 218, 1, 0, 1512257956),
(503, 218, 1, 0, 1516161845),
(609, 218, 1, 0, 1523369881),
(672, 218, 1, 0, 1530503694),
(677, 218, 1, 0, 1530567259),
(1067, 218, 1, 0, 1598995753),
(1107, 218, 1, 0, 1602630624),
(1112, 218, 1, 0, 1603738459),
(483, 219, 1, 0, 1512262215),
(485, 220, 1, 0, 1512640579),
(485, 221, 1, 0, 1512640579),
(485, 222, 1, 0, 1512640579),
(623, 222, 1, 0, 1525924508),
(673, 222, 1, 0, 1530503936),
(486, 223, 1, 0, 1512643939),
(486, 224, 1, 0, 1512643939),
(487, 225, 1, 0, 1512645045),
(488, 225, 1, 0, 1512645473),
(1011, 225, 1, 0, 1583713934),
(1046, 225, 1, 0, 1592943976),
(1064, 225, 1, 0, 1598376205),
(492, 226, 1, 0, 1512833396),
(493, 227, 1, 0, 1512834149),
(494, 228, 1, 0, 1513683689),
(495, 229, 1, 0, 1513683940),
(554, 229, 1, 0, 1519870380),
(637, 229, 1, 0, 1527550838),
(625, 230, 1, 0, 1526960529),
(626, 230, 1, 0, 1526960925),
(628, 230, 1, 0, 1526962757),
(631, 230, 1, 0, 1527080104),
(632, 230, 1, 0, 1527548740),
(634, 230, 1, 0, 1527549164),
(501, 231, 1, 0, 1515767180),
(502, 232, 1, 0, 1516108162),
(502, 233, 1, 0, 1516108162),
(503, 234, 1, 0, 1516161845),
(518, 235, 1, 0, 1516780306),
(523, 236, 1, 0, 1517354625),
(526, 237, 1, 0, 1517723357),
(533, 237, 1, 0, 1517889732),
(536, 237, 1, 0, 1517891647),
(526, 238, 1, 0, 1517723357),
(533, 238, 1, 0, 1517889732),
(536, 238, 1, 0, 1517891647),
(527, 239, 1, 0, 1517880441),
(532, 240, 1, 0, 1517889384),
(537, 240, 1, 0, 1517891934),
(539, 240, 1, 0, 1517892407),
(534, 241, 1, 0, 1517890172),
(646, 241, 1, 0, 1528819522),
(534, 242, 1, 0, 1517890172),
(534, 243, 1, 0, 1517890172),
(534, 244, 1, 0, 1517890172),
(542, 244, 1, 0, 1518304985),
(678, 244, 1, 0, 1530568257),
(535, 245, 1, 0, 1517891104),
(535, 246, 1, 0, 1517891104),
(535, 247, 1, 0, 1517891104),
(539, 248, 1, 0, 1517892407),
(540, 249, 1, 0, 1518303354),
(541, 249, 1, 0, 1518304229),
(543, 249, 1, 0, 1518305387),
(542, 250, 1, 0, 1518304985),
(544, 251, 1, 0, 1519003243),
(546, 252, 1, 0, 1519090353),
(548, 253, 1, 0, 1519092426),
(612, 253, 1, 0, 1523832901),
(549, 254, 1, 0, 1519092986),
(552, 254, 1, 0, 1519609509),
(549, 255, 1, 0, 1519092986),
(552, 255, 1, 0, 1519609509),
(550, 256, 1, 0, 1519271393),
(551, 257, 1, 0, 1519608955),
(553, 257, 1, 0, 1519693692),
(551, 258, 1, 0, 1519608955),
(553, 259, 1, 0, 1519693692),
(554, 260, 1, 0, 1519870380),
(555, 261, 1, 0, 1520131864),
(555, 262, 1, 0, 1520131864),
(556, 262, 1, 0, 1520132038),
(640, 262, 1, 0, 1528177132),
(641, 262, 1, 0, 1528177337),
(564, 263, 1, 0, 1520200744),
(564, 264, 1, 0, 1520200744),
(565, 265, 1, 0, 1520201110),
(568, 266, 1, 0, 1520351079),
(574, 267, 1, 0, 1520465373),
(575, 268, 1, 0, 1520477283),
(624, 268, 1, 0, 1525925460),
(578, 269, 1, 0, 1520880196),
(579, 270, 1, 0, 1520880906),
(579, 271, 1, 0, 1520880906),
(586, 272, 1, 0, 1521387535),
(586, 273, 1, 0, 1521387535),
(618, 273, 1, 0, 1524802446),
(658, 273, 1, 0, 1529245865),
(597, 277, 1, 0, 1522250762),
(598, 277, 1, 0, 1522250964),
(603, 277, 1, 0, 1522785138),
(606, 278, 1, 0, 1522849539),
(611, 279, 1, 0, 1523832596),
(612, 280, 1, 0, 1523832901),
(613, 281, 1, 0, 1523833636),
(613, 282, 1, 0, 1523833636),
(617, 283, 1, 0, 1524801979),
(619, 284, 1, 0, 1524802762),
(620, 284, 1, 0, 1524803022),
(619, 285, 1, 0, 1524802762),
(620, 285, 1, 0, 1524803022),
(622, 286, 1, 0, 1525372351),
(623, 287, 1, 0, 1525924508),
(624, 288, 1, 0, 1525925460),
(627, 289, 1, 0, 1526961728),
(632, 290, 1, 0, 1527548740),
(634, 291, 1, 0, 1527549164),
(634, 292, 1, 0, 1527549164),
(635, 293, 1, 0, 1527549492),
(636, 293, 1, 0, 1527549714),
(639, 293, 1, 0, 1527552773),
(666, 293, 1, 0, 1530501962),
(667, 293, 1, 0, 1530502217),
(668, 293, 1, 0, 1530502450),
(670, 293, 1, 0, 1530502991),
(635, 294, 1, 0, 1527549492),
(636, 294, 1, 0, 1527549714),
(638, 295, 1, 0, 1527551601),
(638, 296, 1, 0, 1527551601),
(642, 297, 1, 0, 1528179349),
(644, 297, 1, 0, 1528206311),
(642, 298, 1, 0, 1528179349),
(644, 299, 1, 0, 1528206311),
(645, 300, 1, 0, 1528817816),
(645, 301, 1, 0, 1528817816),
(645, 302, 1, 0, 1528817816),
(646, 303, 1, 0, 1528819522),
(647, 304, 1, 0, 1528820352),
(647, 305, 1, 0, 1528820352),
(647, 306, 1, 0, 1528820352),
(648, 307, 1, 0, 1528821073),
(648, 308, 1, 0, 1528821073),
(653, 310, 1, 0, 1528901236),
(654, 310, 1, 0, 1528901479),
(655, 310, 1, 0, 1528901797),
(653, 311, 1, 0, 1528901236),
(654, 311, 1, 0, 1528901479),
(655, 311, 1, 0, 1528901797),
(658, 312, 1, 0, 1529245865),
(658, 313, 1, 0, 1529245865),
(659, 314, 1, 0, 1529331673),
(666, 315, 1, 0, 1530501962);
INSERT INTO `taxonomy_index` (`nid`, `tid`, `status`, `sticky`, `created`) VALUES
(667, 315, 1, 0, 1530502217),
(668, 315, 1, 0, 1530502450),
(670, 315, 1, 0, 1530502991),
(679, 315, 1, 0, 1530693431),
(669, 316, 1, 0, 1530502695),
(672, 317, 1, 0, 1530503694),
(673, 318, 1, 0, 1530503936),
(673, 319, 1, 0, 1530503936),
(676, 320, 1, 0, 1530506592),
(678, 321, 1, 0, 1530568257),
(679, 322, 1, 0, 1530693431),
(691, 323, 1, 0, 1533964860),
(1006, 324, 1, 0, 1580509790),
(1015, 324, 1, 0, 1584377209),
(1016, 324, 1, 0, 1584638546),
(1017, 324, 1, 0, 1584800193),
(1018, 324, 1, 0, 1585061457),
(1020, 324, 1, 0, 1586491706),
(1023, 324, 1, 0, 1588145418),
(1032, 324, 1, 0, 1590432243),
(1034, 324, 1, 0, 1590688294),
(1036, 324, 1, 0, 1591045075),
(1041, 324, 1, 0, 1592273727),
(1047, 324, 1, 0, 1593010390),
(1069, 324, 1, 0, 1599489389),
(1019, 324, 1, 1, 1586136245),
(1023, 325, 1, 0, 1588145418),
(1069, 325, 1, 0, 1599489389),
(1019, 325, 1, 1, 1586136245),
(1014, 327, 1, 0, 1584119581),
(1012, 328, 1, 0, 1584022577),
(1013, 328, 1, 0, 1584022708),
(1169, 329, 1, 0, 1603944000),
(1170, 329, 1, 0, 1604508041),
(1172, 329, 1, 0, 1604508041),
(1173, 329, 1, 0, 1605153600),
(1177, 329, 1, 0, 1608735291),
(1199, 329, 1, 0, 1614090303),
(1222, 329, 1, 0, 1617114346),
(1225, 329, 1, 0, 1617730041),
(1234, 329, 1, 0, 1620305932),
(1237, 329, 1, 0, 1620651199),
(1242, 329, 1, 0, 1620931741),
(1248, 329, 1, 0, 1621968441),
(1256, 329, 1, 0, 1623241986),
(1263, 329, 1, 0, 1624279888),
(1272, 329, 1, 0, 1626975304),
(1279, 329, 1, 0, 1629227491),
(1314, 329, 1, 0, 1633272270),
(1329, 329, 1, 0, 1634661672),
(1346, 329, 1, 0, 1636117055),
(1356, 329, 1, 0, 1637343868),
(1397, 329, 1, 0, 1645707917),
(1404, 329, 1, 0, 1646744017),
(1412, 329, 1, 0, 1647548496),
(1433, 329, 1, 0, 1651583905),
(1434, 329, 1, 0, 1651590330),
(1463, 329, 1, 0, 1655497712),
(1487, 329, 1, 0, 1656957244),
(1500, 329, 1, 0, 1657080000),
(1490, 329, 1, 0, 1657339200),
(1498, 329, 1, 0, 1657728167),
(1587, 329, 1, 0, 1665493258),
(1625, 329, 1, 0, 1673551249),
(1702, 329, 1, 0, 1678222367),
(1703, 329, 1, 0, 1678279461),
(1765, 329, 1, 0, 1680812197),
(1777, 329, 1, 0, 1682981165),
(1818, 329, 1, 0, 1688081944),
(1845, 329, 1, 0, 1690835011),
(1906, 329, 1, 0, 1696865467),
(1923, 329, 1, 0, 1702493129),
(1951, 329, 1, 0, 1704898312),
(1989, 329, 1, 0, 1708951845),
(2046, 329, 1, 0, 1718721112),
(2075, 329, 1, 0, 1722484800),
(1778, 330, 1, 0, 1683042724),
(2028, 330, 1, 0, 1715864439),
(2039, 330, 1, 0, 1718134423),
(2040, 330, 1, 0, 1718134491),
(1725, 332, 1, 0, 1680634503),
(1726, 332, 1, 0, 1680700808),
(1727, 332, 1, 0, 1680700912),
(1728, 332, 1, 0, 1680701040),
(1729, 332, 1, 0, 1680701217),
(1731, 332, 1, 0, 1680701289),
(1732, 332, 1, 0, 1680701501),
(1734, 332, 1, 0, 1680701615),
(1736, 332, 1, 0, 1680701717),
(1739, 332, 1, 0, 1680701913),
(1741, 332, 1, 0, 1680701979),
(1742, 332, 1, 0, 1680702055),
(1743, 332, 1, 0, 1680702162),
(1745, 332, 1, 0, 1680702282),
(1746, 332, 1, 0, 1680702339),
(1736, 333, 1, 0, 1680701717),
(1739, 333, 1, 0, 1680701913),
(1741, 333, 1, 0, 1680701979),
(1742, 333, 1, 0, 1680702055),
(1743, 333, 1, 0, 1680702162),
(1745, 333, 1, 0, 1680702282),
(1746, 333, 1, 0, 1680702339),
(1760, 333, 1, 0, 1680703047),
(1762, 333, 1, 0, 1680703150),
(1748, 334, 1, 0, 1680702494),
(1752, 334, 1, 0, 1680702706),
(1755, 335, 1, 0, 1680702816),
(1757, 335, 1, 0, 1680702889),
(1759, 335, 1, 0, 1680703002),
(1761, 335, 1, 0, 1680703118),
(1763, 335, 1, 0, 1680703183),
(1764, 335, 1, 0, 1680703329),
(1730, 336, 1, 0, 1680701276),
(1733, 336, 1, 0, 1680701561),
(1735, 336, 1, 0, 1680701679),
(1737, 336, 1, 0, 1680701785),
(1738, 336, 1, 0, 1680701893),
(1740, 336, 1, 0, 1680701968),
(1744, 336, 1, 0, 1680702241),
(1747, 336, 1, 0, 1680702426),
(1749, 336, 1, 0, 1680702495),
(1750, 336, 1, 0, 1680702610),
(1751, 336, 1, 0, 1680702680),
(1753, 336, 1, 0, 1680702745),
(1754, 336, 1, 0, 1680702808),
(1756, 336, 1, 0, 1680702866),
(1758, 336, 1, 0, 1680702950);

-- --------------------------------------------------------

--
-- Table structure for table `taxonomy_term_data`
--

CREATE TABLE `taxonomy_term_data` (
  `tid` int UNSIGNED NOT NULL,
  `revision_id` int UNSIGNED DEFAULT NULL,
  `vid` varchar(32) CHARACTER SET ascii COLLATE ascii_general_ci NOT NULL COMMENT 'The ID of the target entity.',
  `uuid` varchar(128) CHARACTER SET ascii COLLATE ascii_general_ci NOT NULL,
  `langcode` varchar(12) CHARACTER SET ascii COLLATE ascii_general_ci NOT NULL
) ENGINE=InnoDB DEFAULT CHARSET=utf8mb4 COLLATE=utf8mb4_general_ci COMMENT='The base table for taxonomy_term entities.';

--
-- Dumping data for table `taxonomy_term_data`
--

INSERT INTO `taxonomy_term_data` (`tid`, `revision_id`, `vid`, `uuid`, `langcode`) VALUES
(1, 1, 'newsletter', 'cedde6d7-93fc-41d8-bec9-885696e66732', 'en'),
(2, 2, 'tags', '9b6bba05-c0d2-4dce-b47f-337db3480b03', 'en'),
(3, 3, 'tags', 'd387a843-bbb2-4bab-8106-33284b3dda09', 'en'),
(4, 173, 'tags', 'ea4fc882-d9aa-42bb-91a8-6e727df1aa21', 'en'),
(5, 5, 'tags', '0ac80a84-ae8f-42e3-bd2f-b54171f90a7b', 'en'),
(6, 6, 'tags', '1be9261e-be96-4b46-9d99-9b2773f68f0b', 'en'),
(7, 7, 'event_calendar_status', '4a6fee31-e390-4160-9326-bc2be5f94b62', 'en'),
(8, 8, 'event_calendar_status', '05fbf3f5-8851-4f23-9004-bba1a10c61a7', 'en'),
(9, 9, 'event_calendar_status', 'b91fe7e1-e465-48bc-9251-9c715568c028', 'en'),
(10, 10, 'newsletter', '4a658ff9-4ab0-4b4a-b7e6-7f1b3e9a7a0f', 'en'),
(11, 11, 'tags', 'a356bffc-cd16-43ca-8fd4-3d9f7d92cf80', 'en'),
(12, 12, 'tags', 'dee9b032-f8e5-4aed-9486-1047a6b65b18', 'en'),
(13, 13, 'tags', '3a41ad76-7215-4346-a6f9-dc23e84aceb8', 'en'),
(14, 14, 'tags', '7347a1ea-95d4-4ebf-9d0b-6b4c00e6824d', 'en'),
(15, 15, 'tags', '1d7846fb-e3bb-4318-811a-4f884e558d2f', 'en'),
(16, 16, 'tags', 'a6c1789a-a6f5-4c5f-ba36-343f6975bb78', 'en'),
(17, 17, 'tags', '0101e810-1e32-42af-b677-9d4a439be863', 'en'),
(18, 18, 'tags', '73555030-8e3e-4876-bdc7-b14779c71439', 'en'),
(19, 19, 'tags', '2f015075-8589-474f-a2b3-fb5648d4bf00', 'en'),
(20, 20, 'tags', 'e0df9973-0de5-418a-b6c7-28b99ef9a89a', 'en'),
(21, 21, 'tags', 'c7b6b893-f180-46b1-9b3d-629abe6e4578', 'en'),
(22, 22, 'tags', 'ae5e75e7-0698-4b77-b4d0-580ee327e6b3', 'en'),
(23, 23, 'tags', '4b3121d0-6f0b-476c-bbf7-04cf8f430cc4', 'en'),
(24, 24, 'tags', 'f13560f4-1508-4a36-ac4c-3d0178149138', 'en'),
(25, 25, 'tags', '94d71288-70dd-48e9-8e7e-046632005ad4', 'en'),
(26, 26, 'tags', '76e2aa9d-bfca-4739-877e-64ccbf0cb676', 'en'),
(27, 27, 'tags', '9127f7e8-2081-4aae-be41-4e940832abcf', 'en'),
(28, 28, 'newsletter', 'b5f180e3-92e8-499f-8eb0-8f74092dc6ff', 'en'),
(29, 29, 'tags', 'ca2b317e-7f67-4f23-bd88-ba3a0b62d270', 'en'),
(30, 30, 'tags', '53ad9240-02bc-4952-aa48-b85fe3a3c114', 'en'),
(31, 31, 'tags', '4b7d70e9-9798-4118-ae54-03e1689c8b9d', 'en'),
(32, 32, 'tags', 'c5491f23-d75b-44df-816a-10b5494ca2e7', 'en'),
(33, 33, 'tags', 'a1567991-68b8-4c4a-96dd-a804746d0316', 'en'),
(34, 34, 'tags', 'e948c608-dcca-4058-90e3-4bca1e0712e6', 'en'),
(35, 35, 'tags', '276f7ee0-1b45-4c30-a3c7-1018ea60372f', 'en'),
(36, 36, 'tags', 'a78801a7-f203-45bc-b190-8a87f10e09a2', 'en'),
(37, 37, 'tags', 'c6240841-e523-4a45-8621-77ea0420837d', 'en'),
(38, 38, 'tags', '6c58dba4-695e-4bdf-a251-f2741a7b7250', 'en'),
(39, 39, 'tags', 'd3281843-5eac-4988-852d-d941b3a9e095', 'en'),
(40, 40, 'tags', '616aeb5a-e908-4b95-bb70-03b21adef6e4', 'en'),
(41, 41, 'tags', '1b40a6db-1861-4b3d-a1a1-81fdd7a3d6ac', 'en'),
(42, 42, 'tags', '99576c4c-72d9-4e71-8cfd-c311a2d625bf', 'en'),
(43, 43, 'tags', '7db33217-e0c6-4f4d-bd59-983455d79cfd', 'en'),
(44, 44, 'tags', 'e8c9e985-df31-4e0b-93ae-4910a9c02045', 'en'),
(45, 45, 'tags', '96df90e7-c356-4e52-8a85-86ad3e698e59', 'en'),
(46, 46, 'tags', '636506fc-ffaa-4a3d-adff-8e8dc9aa71d1', 'en'),
(47, 47, 'tags', '57ddf673-a4f7-4ac6-a2d1-f68b5d3a26ae', 'en'),
(48, 48, 'tags', '0f95b968-52df-4990-86f3-844c9524658a', 'en'),
(49, 49, 'tags', 'd5303f0e-e212-4a8b-a43a-0c9c13caa310', 'en'),
(50, 50, 'tags', '38a5c4ee-e6cc-4776-9b93-01ff205e39d8', 'en'),
(51, 51, 'tags', '839a1cc7-1d6d-43e8-9fad-d26c69527a08', 'en'),
(52, 52, 'tags', 'dd302dea-da68-4670-87c5-cbc94ac433a4', 'en'),
(53, 53, 'tags', 'cbec125a-90b4-4d7f-b6d2-54cbd6d8cb6d', 'en'),
(54, 54, 'tags', 'f16459be-e375-429d-b8df-1cbcf435c2dc', 'en'),
(55, 55, 'tags', 'ec1b2af4-e4dc-4d36-b066-848b74c5a313', 'en'),
(56, 56, 'tags', 'ec81b78c-317d-4d7e-9a83-685e1dbb1cba', 'en'),
(57, 57, 'tags', 'c15e2e05-0073-49d9-b508-0012f51f1669', 'en'),
(58, 58, 'tags', '020f958c-1886-430c-bdd5-fbbab4527bc0', 'en'),
(59, 59, 'tags', 'e91e74ba-0d89-4ae4-b96b-26faea0a9291', 'en'),
(60, 60, 'tags', 'f6f8e626-3fcc-4722-9823-7ac70314ab2f', 'en'),
(61, 61, 'tags', '757e57ad-56b8-46c2-940e-a1be1ce642d5', 'en'),
(62, 62, 'tags', '635c5ac7-3317-45da-bcc3-1c9215fd2078', 'en'),
(63, 63, 'tags', '3aed1246-2a09-457b-8ac3-781702430252', 'en'),
(64, 64, 'tags', '46dba7fd-7a80-4e40-bcb4-40ddca213f20', 'en'),
(65, 65, 'tags', '16e28409-fae5-4d87-8f29-4da5dd4f389d', 'en'),
(66, 66, 'tags', '02b43fbc-f6a7-435c-9fb7-5c7b493ff22d', 'en'),
(67, 67, 'tags', '9bfe8d1f-5afa-4403-923e-cfb63cdae07f', 'en'),
(68, 68, 'tags', '3b3bc623-c837-48b8-87f0-a14764f5c5c3', 'en'),
(69, 69, 'tags', '8b89d5cd-5d48-49ff-b6eb-04b75a053ff8', 'en'),
(70, 70, 'tags', 'a22430b3-549d-4deb-972b-f24fa2ac2a8e', 'en'),
(71, 71, 'tags', 'c680349b-3349-4605-82df-bb1269141e70', 'en'),
(72, 72, 'tags', '9235a323-28ed-4818-a444-7fa5483c0433', 'en'),
(73, 73, 'tags', '5e88181c-8909-4cf1-af4a-8ed13a6d1552', 'en'),
(74, 74, 'tags', '8389983a-7e4b-4ba7-a3bf-3b2194dec437', 'en'),
(75, 75, 'tags', 'cb9c155f-1116-4b35-8d07-acc89baca1f0', 'en'),
(76, 76, 'tags', '5e8308b9-2c9c-41af-af3f-1bd6f5db87b5', 'en'),
(77, 77, 'tags', '25ac3972-1b86-4ee3-b48d-41c385b19590', 'en'),
(78, 78, 'tags', '01699cc1-7d45-4003-9ea6-1c754c0bed80', 'en'),
(79, 79, 'tags', '44678f10-d382-429c-98bc-398711921fff', 'en'),
(80, 80, 'tags', '04303cd0-e738-42e3-940e-943e749dfcad', 'en'),
(81, 81, 'tags', 'bb400c5f-0b1d-4d96-a9bb-98c458f44702', 'en'),
(82, 82, 'tags', 'b9bf8d4c-463f-4197-85c4-16dfc349d15b', 'en'),
(83, 83, 'tags', 'dab46c28-2ef8-4b10-ab46-9916fa38b1e3', 'en'),
(84, 84, 'tags', '5d155c3a-e403-49fe-901e-6d5463d9c4c3', 'en'),
(85, 85, 'tags', 'ff01ef8d-e067-4ca4-b794-07ad1d56dcb6', 'en'),
(86, 86, 'tags', 'c9672a96-dae9-413d-b83d-6f423e535748', 'en'),
(87, 87, 'tags', '8a57f71d-79dd-4500-b050-4f486b49ebbb', 'en'),
(88, 88, 'tags', '53fc25f0-dbc6-4b5c-81a4-bb77bb89074d', 'en'),
(89, 89, 'tags', '56c29bbe-198c-445f-aed2-75383ea9c9be', 'en'),
(90, 90, 'tags', '1851209c-40aa-4ff8-a6a5-96befb5d1197', 'en'),
(91, 91, 'tags', 'ddda0665-4774-4443-b801-e6f3aa7df343', 'en'),
(92, 92, 'tags', '2c13c60a-d5ba-45b9-b232-701a67284ed3', 'en'),
(93, 93, 'tags', '09006b7e-1dd1-4672-91bf-9df7d31c3f23', 'en'),
(94, 94, 'tags', 'c97e6b47-9180-4a0f-96dd-50d8f0bb775e', 'en'),
(95, 95, 'tags', '910ea68e-5b1f-4866-abfb-0ed975d5197d', 'en'),
(96, 96, 'tags', 'edba6400-0d1c-4243-ba5c-3c9743ff1faf', 'en'),
(97, 97, 'tags', '36be143b-67ad-48c1-a939-449c4750cc15', 'en'),
(98, 98, 'tags', 'e2f91a35-e7e8-4563-9026-14eab0884c60', 'en'),
(99, 99, 'tags', 'b2c6e94d-7d67-4925-902d-f714ea008bb0', 'en'),
(100, 100, 'tags', '120fe458-e55d-4af4-bc6d-faad39a45623', 'en'),
(101, 101, 'tags', '8f8d18e6-0e7b-46ce-a8f5-80deb2a7dfa9', 'en'),
(102, 102, 'tags', '8a8e46f2-8ed4-412c-80d4-27ab6927c904', 'en'),
(103, 103, 'tags', 'ddc8e05a-1288-43a6-9597-392ea3576cee', 'en'),
(104, 104, 'tags', 'ee5a18c8-6564-4e1f-bc34-8da1c0db11c5', 'en'),
(105, 105, 'tags', 'dc09c3c8-6de1-407e-a96d-a55385c2fe1d', 'en'),
(106, 106, 'tags', '4c520ae2-219d-4754-b024-1dd4782b00cc', 'en'),
(107, 107, 'tags', 'bab487d1-ff2b-4ba3-b439-71ddfa1c30b0', 'en'),
(108, 108, 'tags', 'bdaf9931-e89f-46fc-abdd-1dceee73baf5', 'en'),
(109, 109, 'tags', 'f398509a-73ea-4b7b-8bc5-582d2023c70e', 'en'),
(110, 110, 'tags', 'e75bc227-b53d-4cd7-ac3a-313f52c716d8', 'en'),
(111, 111, 'tags', '39c382d7-771d-4b2c-95f2-e2979d47ba96', 'en'),
(112, 112, 'tags', '96ab2410-7b00-49e2-8cda-39eb94f868b8', 'en'),
(113, 113, 'tags', '57b28ee7-5759-40fd-8ac4-aac44fca7863', 'en'),
(114, 114, 'tags', 'c941839d-2500-4aa5-af23-b9d588513b72', 'en'),
(115, 115, 'tags', 'afbc37d4-2f04-44f3-8796-2e81956bea89', 'en'),
(116, 116, 'tags', '542c4b45-0ec0-4c38-bbb9-c76fcc318f8b', 'en'),
(117, 117, 'tags', '44ba1b2b-59b8-4ddc-aadf-7251e2a350f1', 'en'),
(118, 118, 'tags', '03aaaccc-b0c0-4795-9945-7ce925273821', 'en'),
(119, 119, 'tags', '86b6bb53-8ae6-430a-a04e-af3e915ab425', 'en'),
(120, 120, 'tags', 'a479a35c-9dab-4152-969a-83ae64f6e0f2', 'en'),
(121, 121, 'tags', '612c57c9-cd20-4c4a-9acd-fb55871608bf', 'en'),
(122, 122, 'tags', '358df81a-10cb-4324-a3a3-4460a2359809', 'en'),
(123, 123, 'tags', 'f1d416fe-d88e-48f6-9afa-f0e1ba4be472', 'en'),
(124, 124, 'tags', '300052ec-f63e-4221-b9a3-fc064fa3b48b', 'en'),
(125, 125, 'tags', 'abb346fb-f177-4183-9691-6b20a11ea18c', 'en'),
(126, 126, 'tags', '93d93878-dbf1-46f2-a7a5-d16958c55c0c', 'en'),
(127, 127, 'tags', 'b9601aa0-5046-4090-9f20-d0b2f482906e', 'en'),
(128, 128, 'tags', '5669bceb-7a2a-4198-a81b-73f804815aaf', 'en'),
(129, 129, 'tags', '24698c7c-c54c-4855-abbb-76c41fbd4fe7', 'en'),
(130, 130, 'tags', '61a6376e-aa25-4159-9d5b-1cb79f23ffdf', 'en'),
(131, 131, 'tags', 'c1eb1f2a-c946-4ba0-9665-8c0b82dd915a', 'en'),
(132, 132, 'tags', 'ea57dd41-7879-41de-8b7d-8d94bd6e3a8f', 'en'),
(133, 133, 'tags', '658d5c97-0606-41be-949d-88daafaac0ba', 'en'),
(134, 134, 'tags', '2ace5d7d-a019-4b31-8286-f0558c2cc9c1', 'en'),
(135, 135, 'tags', '01bab7b9-3d89-4682-8c0f-29dfd803a8ed', 'en'),
(136, 136, 'tags', '6bc749e2-387f-4e3a-8559-a8ada64d477f', 'en'),
(137, 137, 'tags', '8968dd91-b62f-45f9-9e7b-84ac590f57a8', 'en'),
(138, 138, 'tags', 'a6f9c02b-5657-4817-85f2-ac5140378a1f', 'en'),
(139, 139, 'tags', '36cd6c73-e514-4a9f-b40d-3a06f6df034d', 'en'),
(140, 140, 'tags', '46adc612-9c16-4242-baa8-dd87e6963547', 'en'),
(141, 141, 'tags', '1afa8376-46a6-485f-8eda-ef16713318ed', 'en'),
(142, 142, 'tags', '6e5ea2cc-ddce-4ce1-a54d-ba2d626ac51e', 'en'),
(143, 143, 'tags', '98ea85f3-aed0-4056-aebd-9860152721a0', 'en'),
(144, 144, 'tags', '62030528-9a32-42f0-9c58-c82dd8c37856', 'en'),
(145, 145, 'tags', '4731efd9-48ea-4e69-b638-8ddd25cd96cc', 'en'),
(146, 146, 'tags', 'ec834784-755c-4c25-9764-696539301888', 'en'),
(147, 147, 'tags', 'b18ef17f-70f8-48ad-a167-2ef84c38f620', 'en'),
(148, 148, 'tags', 'a891a42e-eded-4db2-a999-2340c3ea0c9e', 'en'),
(149, 149, 'tags', 'b0692a36-f9e8-48d3-9ca6-6e585ea15838', 'en'),
(150, 150, 'tags', '84666178-4cab-427a-be95-40e83b9f1cb7', 'en'),
(151, 151, 'tags', 'cbbf325a-6270-44b7-a0db-a73465c7fe36', 'en'),
(152, 152, 'tags', 'b9163cf7-c039-4a1c-9baf-ff36e774babb', 'en'),
(153, 153, 'tags', '742ee9f0-ae13-472f-b3af-e687b6227efa', 'en'),
(154, 154, 'tags', 'bd843554-98be-4fc5-9210-0c3338cf8002', 'en'),
(155, 155, 'tags', '142a604c-3f84-497e-8817-8c7c7525f57b', 'en'),
(156, 156, 'tags', '3af39c8e-0c53-4235-952b-04eb8fca99b9', 'en'),
(157, 157, 'tags', '60456e00-31b3-42c0-b09e-4561a5dd96ed', 'en'),
(158, 158, 'tags', '21a0ad3d-1029-4f4a-bfc0-bd223db2c988', 'en'),
(159, 159, 'tags', '4450a139-6f8a-4fdb-bf4c-db46df9bbb06', 'en'),
(160, 160, 'tags', 'e744c0fc-5924-4f28-a5ed-7fa830a4466c', 'en'),
(161, 161, 'tags', '00818922-7b8d-4075-b294-dec3b7372b26', 'en'),
(162, 162, 'tags', '74b1c5cf-38ff-4d70-b31f-4cf24dad4728', 'en'),
(163, 163, 'tags', '8f304bfc-e042-4bd5-bf1a-7bb1028cdc9f', 'en'),
(164, 164, 'tags', '2947236d-70b8-4e34-a672-b4fda9e0f808', 'en'),
(165, 165, 'tags', '739cd485-2481-4bda-9efb-b45a579cdf7c', 'en'),
(166, 166, 'tags', 'c6c59f6c-6362-4bc0-9d21-1c58921a1d49', 'en'),
(167, 167, 'tags', 'e0bc369f-f56c-4462-ad4c-6ab60a5f69cc', 'en'),
(168, 168, 'tags', 'd1311429-28da-4dc1-ae3d-f5816c2d8edf', 'en'),
(169, 169, 'tags', '99822a20-62ae-4f23-8695-0d8de122d8af', 'en'),
(170, 170, 'tags', 'd1b36ba4-4e4d-43b1-8ffa-a009b97301f9', 'en'),
(171, 171, 'tags', 'f8d384ac-608f-48d6-becf-c4df454174ea', 'en'),
(172, 172, 'tags', 'bba55c9e-3ad9-4acf-b43c-5deb32cb45aa', 'en'),
(173, 174, 'tags', '326412a8-5f5e-4e6c-912c-6de7cf233cfc', 'en'),
(174, 175, 'tags', '512b5807-663d-47e7-a3a0-8e9580325c4d', 'en'),
(175, 176, 'tags', 'a2a6de4c-4150-4f00-9c1d-460850cf179d', 'en'),
(176, 177, 'tags', '0704ce8e-841a-4755-bea8-5f87c29990a0', 'en'),
(177, 178, 'tags', '111a5474-ab48-4189-a103-57ebb0d4bcca', 'en'),
(178, 179, 'tags', '53414ece-9e96-454e-9fb4-664db27bc195', 'en'),
(179, 180, 'tags', '594f17ea-c031-42d0-ba25-f561439733c8', 'en'),
(180, 181, 'tags', '3df9b1af-b359-4f8c-8559-45794304c93f', 'en'),
(181, 182, 'tags', '0a695ee7-c9e7-48e3-9b18-daa8ac093a54', 'en'),
(182, 183, 'tags', 'bce83d27-325f-4c1d-a2ee-15803358eeae', 'en'),
(183, 184, 'tags', '917a5e76-b64f-4fb6-a782-f127cf17c89a', 'en'),
(184, 185, 'tags', '4745452d-5b33-4687-bc50-33c899c73de7', 'en'),
(185, 186, 'tags', 'c23de35e-0787-490f-a5ee-280739d16da9', 'en'),
(186, 187, 'tags', '4c462157-37b1-4e1e-8aa5-4cf48094a126', 'en'),
(187, 188, 'tags', 'f28cdbce-9de8-4bf1-bbe3-d16e2a6aec86', 'en'),
(188, 189, 'tags', '762070ef-cd70-40bc-b28b-a3eb9446f96e', 'en'),
(189, 190, 'tags', '81a26b00-1b65-4319-b03b-5b5f6a136bb9', 'en'),
(190, 191, 'tags', 'c1810321-2976-4dd2-bd76-3bd3382a4531', 'en'),
(191, 192, 'tags', 'a7966c65-1b81-41d3-9152-461ab635c968', 'en'),
(192, 193, 'tags', 'a139fcfb-03ed-47fa-a3e4-1f21bbf6b138', 'en'),
(193, 194, 'tags', 'a2367d5f-d1a4-4a65-8719-20a041495dc2', 'en'),
(194, 195, 'tags', '9a6c771c-9762-4f5b-a13a-a5f6bb904d94', 'en'),
(195, 196, 'tags', '013f6e77-b0df-404e-a02d-6e624deef54f', 'en'),
(196, 197, 'tags', 'ebade611-1b84-4231-8750-d0c62d49d6a5', 'en'),
(197, 198, 'tags', '762ce0bc-2785-4ad8-bffd-be55d45a3c11', 'en'),
(198, 199, 'tags', '18ef90cc-2ae0-43fd-98b5-679ca0f18439', 'en'),
(199, 200, 'tags', '725b18ff-5d3d-4755-a906-1ceff5e079a4', 'en'),
(200, 201, 'tags', '0b1aa1bf-c933-4de1-94fd-6468bca7b388', 'en'),
(201, 202, 'tags', '6f04d887-9cd7-4f2d-9674-dfea6802b1d4', 'en'),
(202, 203, 'tags', '970dbeb8-04a4-4b10-bca0-18b2d7fa2ac0', 'en'),
(203, 204, 'tags', '20803d81-e09c-4d22-b721-67ad89b1d50f', 'en'),
(204, 205, 'tags', 'f1059aed-dd60-4050-a512-f47ac2fb2759', 'en'),
(205, 206, 'tags', 'c2869da2-77de-462c-97bb-7f182445b315', 'en'),
(206, 207, 'tags', '210d3384-3a8b-482e-9c8b-fe1b1be11fa2', 'en'),
(207, 208, 'tags', 'cb90d5db-cd1f-455e-924d-fab915cd0bd2', 'en'),
(208, 209, 'tags', '1b14e82c-5e08-470c-966f-93438b6ba344', 'en'),
(209, 210, 'tags', 'aaba2d17-320e-4631-9ee0-85ab656bc563', 'en'),
(210, 211, 'tags', '37a5c702-8948-47f5-8910-f28ee19930cc', 'en'),
(211, 212, 'tags', 'fbf92a36-bfa1-4db9-91b2-565451403681', 'en'),
(212, 213, 'tags', '8cc52a6e-0f33-47cc-adce-2b83054f4666', 'en'),
(213, 214, 'tags', '6c3bec65-fe0c-44e9-b80d-6d3d4650d7bb', 'en'),
(214, 215, 'tags', '6de6f680-b118-4f9a-8483-d332fa814bbd', 'en'),
(215, 216, 'tags', '608827d6-dcd7-47e2-9a57-92814b40a421', 'en'),
(216, 217, 'tags', '202ceb3d-e2a4-4cec-99b9-a327ee00f25c', 'en'),
(217, 218, 'tags', '326e8e25-d29f-4486-9190-94728a904677', 'en'),
(218, 219, 'tags', 'e081e08a-6a5c-415e-b799-41ff76662c61', 'en'),
(219, 220, 'tags', '15564de4-1d18-498d-9be0-0e3ed3039f70', 'en'),
(220, 221, 'tags', 'c3213144-2104-4c45-97f1-d08ad0f732ef', 'en'),
(221, 222, 'tags', '7eb7f375-e908-4e7b-8020-133b75858c45', 'en'),
(222, 223, 'tags', '630a3206-236f-4188-a30a-de23eea7ada7', 'en'),
(223, 224, 'tags', '1b0bcf05-e66e-4790-af31-e58ae8e18214', 'en'),
(224, 225, 'tags', 'e3972a30-4f93-46e0-a836-181a900ac206', 'en'),
(225, 226, 'tags', 'a8bc32bc-107d-4ffa-a108-7d37e2a6d578', 'en'),
(226, 227, 'tags', '91dcaaaa-4329-4bf5-8450-ecf60e909f60', 'en'),
(227, 228, 'tags', '83d738c6-d76c-4328-9b22-44456ea927b5', 'en'),
(228, 229, 'tags', '4e7d15fc-d38e-4bd3-ac80-74b04c23b05c', 'en'),
(229, 230, 'tags', 'd67b0e14-9471-4d2b-a3ac-48f252a8c36d', 'en'),
(230, 231, 'tags', '73ea48c0-9f40-47ad-b6b1-87c5a014e1c3', 'en'),
(231, 232, 'tags', '99c08ea5-7911-4d83-a39f-529bbfd81606', 'en'),
(232, 233, 'tags', 'fc2c0399-7162-4e2a-9502-5b0e1323a7c7', 'en'),
(233, 234, 'tags', '5724452a-0e20-4e51-835a-e7e493524e35', 'en'),
(234, 235, 'tags', 'afb77423-0cef-467e-b89d-85a19da46224', 'en'),
(235, 236, 'tags', '9f28e168-e563-4998-a133-bea0fb86dbee', 'en'),
(236, 237, 'tags', 'e3496c3e-3031-4e18-a0bf-a2bb5a059479', 'en'),
(237, 238, 'tags', 'ddc1ceca-b373-4839-93c0-3145e02158fe', 'en'),
(238, 239, 'tags', '1f58dc16-a5db-4984-872e-f72cdb34a579', 'en'),
(239, 240, 'tags', 'f8147971-a42b-4e3f-9e70-fe7013209181', 'en'),
(240, 241, 'tags', 'f569c7f5-50cd-4fd5-97bb-a89cfd0f9d24', 'en'),
(241, 242, 'tags', '99129dd7-5c46-4e5b-922d-87d1a0ee5218', 'en'),
(242, 243, 'tags', '8b18e78e-592a-4022-ad6c-c1ab67c136d8', 'en'),
(243, 244, 'tags', 'eb7d6ab1-f08a-4c9b-b799-84e2e5a91067', 'en'),
(244, 245, 'tags', 'e98dc67f-5c3e-461c-b104-7d2450d9505b', 'en'),
(245, 246, 'tags', 'd68d4d3e-da0d-4701-93a2-2f7a72de6d71', 'en'),
(246, 247, 'tags', '08817900-6933-45c2-9c4c-d8b43a8889d2', 'en'),
(247, 248, 'tags', '56064ed8-7ec5-4a00-b4fe-d4b7619d7c87', 'en'),
(248, 249, 'tags', '311008ac-4b7f-4fc8-9713-9ea254e1a3de', 'en'),
(249, 250, 'tags', '4c8c4721-93cf-45df-92b6-e8d587565f65', 'en'),
(250, 251, 'tags', 'a86d83b8-c390-45aa-b3dd-0ccfa9b249fc', 'en'),
(251, 252, 'tags', '79aa3974-1d20-43b0-bfb3-b43172e16a33', 'en'),
(252, 253, 'tags', '091160bc-5b32-4ace-81c6-d19a9b564f2a', 'en'),
(253, 254, 'tags', '41bd3a93-3be9-44c4-a46c-a611adf02c70', 'en'),
(254, 255, 'tags', 'a2c9a81a-b60a-42ba-8787-4745003bd6de', 'en'),
(255, 256, 'tags', '462ab7bc-81df-437d-a41a-165cae2e7331', 'en'),
(256, 257, 'tags', 'ccab70ab-333c-4ee4-9ca6-8a1198bef7d2', 'en'),
(257, 258, 'tags', '5db671c0-8deb-4fdd-a820-6a5a5e6451fb', 'en'),
(258, 259, 'tags', '2627b9a4-da0a-446e-9bc4-a7810454afd2', 'en'),
(259, 260, 'tags', '451e1ca4-e564-4c1c-b906-c44cf076efcc', 'en'),
(260, 261, 'tags', '1b0cdd8d-97aa-46a0-aeb3-928aff7d6482', 'en'),
(261, 262, 'tags', '1b828f62-1bb6-4b2a-a5e6-f265ec59c52a', 'en'),
(262, 263, 'tags', 'ac4bfaae-4202-417c-b6fb-a802f8c2fde4', 'en'),
(263, 264, 'tags', 'b7fc2505-8f5a-4ded-8a21-b6612f389643', 'en'),
(264, 265, 'tags', 'dc136370-6bf6-4dbc-9ef0-3b935f607ff8', 'en'),
(265, 266, 'tags', '7540bc50-94ae-4fd3-83c1-f0aa1836df52', 'en'),
(266, 267, 'tags', '73584636-54bc-4aa0-a822-4398c08411da', 'en'),
(267, 268, 'tags', '4d0653e1-eead-4d85-bc90-65adc3b16266', 'en'),
(268, 269, 'tags', '2d559942-a865-4b38-b901-dbc98434e954', 'en'),
(269, 270, 'tags', 'ea852267-0360-44ae-a510-7183a8eaabdd', 'en'),
(270, 271, 'tags', 'be6d159b-1541-4357-8e90-4630568cbd18', 'en'),
(271, 272, 'tags', 'ab3b3bc4-0db1-4bb6-8542-1853b31df939', 'en'),
(272, 273, 'tags', 'e8b2bb99-2e00-49ae-b61a-f80649622bfb', 'en'),
(273, 274, 'tags', '627014fd-b568-4420-b061-898e482a8005', 'en'),
(274, 275, 'tags', '966b9b66-30ed-4e33-97ed-53c7e7ca9d30', 'en'),
(275, 276, 'tags', '850ef6f7-1593-4e2c-b2ca-96dd2eadf0f7', 'en'),
(276, 277, 'tags', '9eca2e2b-da45-41e7-acfa-3c4a7813ba26', 'en'),
(277, 278, 'tags', '3c4e8912-aebf-45b5-b1be-66e82fefa43b', 'en'),
(278, 279, 'tags', '57c5425e-0c77-4488-ab52-0e6b5b8790e2', 'en'),
(279, 280, 'tags', 'd637c453-5c82-4b26-bcc2-b4b30b316396', 'en'),
(280, 281, 'tags', '2aabbaa4-6dd6-413d-8a13-4e94b7172676', 'en'),
(281, 282, 'tags', 'a167e250-ddc1-496a-a308-98ad73f3f375', 'en'),
(282, 283, 'tags', '4f5ecb1b-e0a2-4360-b732-79cbeaf34947', 'en'),
(283, 284, 'tags', '774cbc1e-2e20-41bd-aac0-3e6a801895b6', 'en'),
(284, 285, 'tags', '854a8523-c736-43af-9412-3e819de4cf5f', 'en'),
(285, 286, 'tags', 'e10ff619-99ef-4489-b505-3acf8b3729c4', 'en'),
(286, 287, 'tags', 'c03625cc-24fe-4182-a506-720ba4401a0c', 'en'),
(287, 288, 'tags', '27f183d8-2980-462f-a1ce-d3d6cf8db506', 'en'),
(288, 289, 'tags', 'd619e901-eff7-4adb-b0bf-532612bfb635', 'en'),
(289, 290, 'tags', '21e92640-09ee-4835-8272-b63c275c1933', 'en'),
(290, 291, 'tags', '8d1db9b4-7b9f-4ac7-8de1-8133929513cb', 'en'),
(291, 292, 'tags', '9eae97c3-941f-4dfa-acf1-b050bb6c5b72', 'en'),
(292, 293, 'tags', 'e51a5853-5e8f-4b12-9a4a-96c99d19d2dc', 'en'),
(293, 294, 'tags', '7d3ebeff-24f2-4b6c-8833-cfe47b97041b', 'en'),
(294, 295, 'tags', '1a8b70b5-e304-4a24-a50a-614e05e303b6', 'en'),
(295, 296, 'tags', 'e387387b-b4a7-4dc8-8ae8-e0fc4a81225d', 'en'),
(296, 297, 'tags', '94be1be8-6e4f-4622-ab7a-3ab371456d4f', 'en'),
(297, 298, 'tags', 'e5197357-9530-4270-8aa6-914c8dc02f9e', 'en'),
(298, 299, 'tags', '321e6cec-41f4-4347-a41d-aa8392dce6d5', 'en'),
(299, 300, 'tags', 'cf1b2bb8-39bd-43af-b781-a4bf5ee142dd', 'en'),
(300, 301, 'tags', '9c6ed7ab-d5e6-44cc-b4e5-8a94cf3f4d3a', 'en'),
(301, 302, 'tags', '40e09936-998c-41df-a610-01290aa8eab6', 'en'),
(302, 303, 'tags', 'f0298ea9-04c6-4d2c-b452-8ea5961fd977', 'en'),
(303, 304, 'tags', 'f21cad2a-4edb-44e8-ab8e-1b8de3479841', 'en'),
(304, 305, 'tags', '963da921-37da-410d-93fc-44b0deb83d30', 'en'),
(305, 306, 'tags', 'fdff7844-c3a4-4244-b0b6-b2aa5aa40c13', 'en'),
(306, 307, 'tags', '6828e454-a535-407c-9fed-a92d341692ca', 'en'),
(307, 308, 'tags', 'e5ce8ae1-a45c-4ff9-b2a2-f1fc19f949e5', 'en'),
(308, 309, 'tags', 'd6252551-e166-4e59-85d9-6fe363a047da', 'en'),
(309, 310, 'tags', '38048376-1489-457f-ac5f-2607b3883641', 'en'),
(310, 311, 'tags', 'dd2ef618-21c9-43c9-92bf-a440cca63110', 'en'),
(311, 312, 'tags', '43b07dbd-d934-46fb-ba38-8dcad464dbb2', 'en'),
(312, 313, 'tags', '12470938-b3b2-42fc-86d7-62e5e2fd9965', 'en'),
(313, 314, 'tags', 'f0c0fbdf-eb0c-47ed-bc0a-d03c12897895', 'en'),
(314, 315, 'tags', '597d5c39-228a-43ed-9275-6299a3bc58e2', 'en'),
(315, 316, 'tags', 'b5a3f398-229b-4d94-844f-9cda90a5b28d', 'en'),
(316, 317, 'tags', 'c2b97465-e612-447a-afef-706b53b5a14a', 'en'),
(317, 318, 'tags', 'eee23080-742b-4ed1-a396-b57813bb8b33', 'en'),
(318, 319, 'tags', '761b3857-07e4-4c3d-8776-67fab0bff77e', 'en'),
(319, 320, 'tags', '271317b2-928a-48de-a755-555702a88eff', 'en'),
(320, 321, 'tags', 'ed8d3649-7f10-4a5b-877a-d4b437bd9e1b', 'en'),
(321, 322, 'tags', '2d0dce73-b607-4480-85ba-688887e6204d', 'en'),
(322, 323, 'tags', '3f934cae-f71b-4d2c-95af-3fb446754e08', 'en'),
(323, 324, 'tags', '1f4920e4-d609-419a-8c58-0dd01df096d0', 'en'),
(324, 325, 'tags', '4c6952c5-751a-4256-a1c5-e3b902410167', 'en'),
(325, 326, 'tags', '4cfefa51-63c7-4df8-b782-9c16a7997b80', 'en'),
(326, 327, 'tags', 'c2d701c0-4c1c-4da5-84c4-61ae8f2e4126', 'en'),
(327, 328, 'tags', 'ff232abf-259a-4640-bf8b-1e8b3dce82a2', 'en'),
(328, 329, 'tags', '40990d4b-e5d2-478f-a8c1-65f151a68160', 'en'),
(329, 330, 'tags', 'e9d2e582-5a86-4cce-8b5d-465fee95947c', 'en'),
(330, 332, 'subscribe', '1107b87c-839c-4d49-880c-f3404e1a0cf3', 'en'),
(331, 331, 'newsletter', '8ad34523-e52f-40c9-a06a-e6d6732c2f94', 'en'),
(332, 333, 'ug_research', 'cacd0038-a074-45bd-8f4e-0ce2769ed578', 'en'),
(333, 334, 'ug_research', '834837d5-d725-4e81-bf55-c2b96833132b', 'en'),
(334, 335, 'ug_research', '71f06425-4091-49f4-818c-9201f26bbf26', 'en'),
(335, 336, 'ug_research', 'b0ecf5bf-6d72-4c54-89e3-43784e9490c8', 'en'),
(336, 337, 'ug_research', '8425eb95-2803-4078-a8ec-d58411f7fce5', 'en'),
(337, 338, 'font_classification', '6a1c9fab-f5a7-4105-b367-88850bbca960', 'en'),
(338, 339, 'languages_supported', 'a0412e6d-5e6b-4a1f-a264-fc0e4ba33f79', 'en'),
(339, 340, 'languages_supported', '1612e825-dfdf-498d-880a-60a2c753de61', 'en'),
(340, 341, 'font_classification', 'b01e1a76-e7f4-4ccb-90dc-3119c788b9d3', 'en'),
(341, 342, 'languages_supported', 'c3502d28-6731-49d1-b16e-41238da02eed', 'en'),
(342, 343, 'languages_supported', '903eaf5b-0325-471b-9e89-72739b549c1f', 'en'),
(343, 344, 'font_classification', '02646e51-bfb8-4a32-8c54-0184a24ed26f', 'en'),
(344, 345, 'languages_supported', 'd55ce556-4ae2-4466-b358-f3e1d2904cd8', 'en'),
(345, 346, 'languages_supported', 'dd6dc286-ee31-4525-b1ef-6d68b8d43b14', 'en'),
(346, 347, 'languages_supported', 'ceb39ec0-e0e1-4569-a5eb-d0db4adfb73f', 'en'),
(347, 348, 'languages_supported', '44effdb2-d17b-451c-ab6a-1fea198dbead', 'en'),
(348, 349, 'languages_supported', '42422f85-7545-42e4-93bf-2456870bf29b', 'en'),
(349, 350, 'languages_supported', '28ed9b7e-44fc-42c9-b490-a01aefc8c0b0', 'en'),
(350, 351, 'languages_supported', '41c8091a-b9ba-46f5-bb19-11f3207a0064', 'en'),
(351, 352, 'font_classification', 'a405f9a4-0a3e-429f-b8b7-eda9ee8ee9ab', 'en'),
(352, 353, 'languages_supported', '2816eca0-1236-4c70-95f5-5081fe5e21c2', 'en'),
(353, 354, 'languages_supported', 'dfdef384-8ad6-4bb2-826a-2e5314c9d13d', 'en'),
(354, 355, 'languages_supported', '5251a270-6a02-4afe-b77a-baf66bcdc458', 'en'),
(355, 356, 'languages_supported', '36abfa45-9497-44dc-8752-3bfba3fe0b60', 'en'),
(356, 357, 'languages_supported', '053cfa17-b2cd-46ba-bb1e-2eb75e4df170', 'en'),
(357, 358, 'languages_supported', 'a097adc9-e1d4-4d78-8556-3302943bb112', 'en'),
(358, 359, 'languages_supported', '21c23fc8-8cae-4dec-a3b1-c7036911adb4', 'en'),
(359, 360, 'languages_supported', '01dc4a62-220e-42e8-93c3-8d8d7f9c1a0b', 'en'),
(360, 361, 'languages_supported', 'ef7c1b73-6316-4866-93d5-24930c061470', 'en'),
(361, 362, 'languages_supported', '15099396-c6c0-42c2-9dff-5fbac82e529c', 'en'),
(362, 363, 'languages_supported', '0e09ab6f-9ce0-4c12-99f2-3218152eec95', 'en'),
(363, 364, 'languages_supported', '13fd34b8-9da5-40a7-9d33-5f2fb3b28d1a', 'en'),
(364, 365, 'languages_supported', 'c7d64055-e424-41ba-996e-806725c3539b', 'en'),
(365, 366, 'languages_supported', '22bc49f6-664e-47f2-8e10-6435bd7e8261', 'en'),
(366, 367, 'font_classification', '9d2a8eed-0a19-4984-91a7-85dd779543cf', 'en'),
(367, 368, 'languages_supported', '99cbf44e-6fbf-42b5-9801-55c89d36ebb5', 'en'),
(368, 369, 'languages_supported', '98125a55-1631-4d92-b1e2-2b8accd9e67c', 'en'),
(369, 370, 'languages_supported', '3cefe1e5-7f71-4d0c-b213-58185758e3ab', 'en'),
(370, 371, 'languages_supported', '271efc2f-7d55-44b6-92d8-5a61b6cfd2ea', 'en'),
(371, 372, 'languages_supported', '3c761011-b4b5-4bf5-a486-1662c8c7da76', 'en'),
(372, 373, 'languages_supported', 'c2ceefee-faca-4b2e-b848-0d4598811986', 'en'),
(373, 374, 'languages_supported', 'd00f212c-72e0-43eb-9ef6-8a29f2dee63b', 'en'),
(374, 375, 'languages_supported', '5c26ae80-c98f-4a46-b082-d036cdfc5969', 'en'),
(375, 376, 'languages_supported', 'b079cb62-fa15-4b45-956c-6f594acd0e98', 'en'),
(376, 377, 'languages_supported', '9ee93e49-59cf-43c2-bcbf-4280f60f7678', 'en'),
(377, 378, 'languages_supported', 'b395d3d4-3444-4d63-a6bb-cc59ce086c62', 'en'),
(378, 379, 'languages_supported', 'd71a3d1d-5241-4c2a-a22a-059650ef3bb9', 'en'),
(379, 380, 'languages_supported', '4e040fe9-b1a8-4ca7-ad69-888b6d969c3e', 'en'),
(380, 381, 'languages_supported', '2bfabd35-740f-48b1-a4c3-21bae03846b6', 'en'),
(381, 382, 'languages_supported', '9d1f2eba-406a-4053-b90f-033c9f5e8c9d', 'en'),
(382, 383, 'languages_supported', '17b4d7f1-00ff-412e-99d6-cd7da94c3231', 'en'),
(383, 384, 'languages_supported', '9f262194-359e-4ad6-8e2f-945c2d9a7718', 'en'),
(384, 385, 'languages_supported', '33417403-75c0-44b7-9a9f-615899079bda', 'en'),
(385, 386, 'languages_supported', 'ca34d5c4-fd75-4eae-a8ab-e06dcda39064', 'en'),
(386, 387, 'languages_supported', '6760bf92-77fa-446b-959c-783936099860', 'en'),
(387, 388, 'languages_supported', '31b83cba-1f91-43d7-bd2e-b8190c36509c', 'en'),
(388, 389, 'languages_supported', 'e41b3298-07c1-481d-8bbc-625b0d6072fb', 'en'),
(389, 390, 'languages_supported', 'b2b33639-0d31-43eb-9f41-d411b20801a6', 'en'),
(390, 391, 'languages_supported', 'c17f495a-5ccf-4a47-b683-f91fd42b95ed', 'en'),
(391, 392, 'languages_supported', '30257b38-cf67-4607-808b-778056e382c7', 'en'),
(392, 393, 'languages_supported', '40f931b9-7dad-4001-a874-f8246304e166', 'en'),
(393, 394, 'languages_supported', '893959c8-8aa6-4ddb-8df3-3160a843332b', 'en'),
(394, 395, 'languages_supported', 'b9043d98-1e55-400e-93dd-0674454fb999', 'en'),
(395, 396, 'languages_supported', 'ab16f703-4e9a-4aaf-859b-387e7f91b60d', 'en'),
(396, 397, 'languages_supported', 'cc6ad4cf-2232-4249-ba41-97308c052990', 'en'),
(397, 398, 'languages_supported', '4a2f7bcd-3fe9-4909-8605-f5212e167215', 'en'),
(398, 399, 'languages_supported', '1485c04c-67e9-44c4-9127-2cade832d9cc', 'en'),
(399, 400, 'languages_supported', '1de21341-de1d-408a-a65a-9e62a01ef0c9', 'en'),
(400, 401, 'languages_supported', '67bfbb13-8221-402b-848b-14337fbef3ce', 'en'),
(401, 402, 'languages_supported', 'be4ee36b-70b1-48e4-a2e3-edb7b6853d26', 'en'),
(402, 403, 'languages_supported', '99856729-30b2-428c-b7de-b5d466b0df83', 'en'),
(403, 404, 'languages_supported', '8cd0f64e-5ca2-4650-9b9e-978aaeaff7ed', 'en'),
(404, 405, 'languages_supported', '6c797931-d395-4efe-b9b0-f836a6133142', 'en'),
(405, 406, 'languages_supported', 'e46b2f0a-8255-41e7-87b4-baf6795944d9', 'en'),
(406, 407, 'languages_supported', '68ab51a2-d7a4-4229-9838-87911a9e06a0', 'en'),
(407, 408, 'languages_supported', 'd7f7b10e-fd13-46d7-9688-f56a819b7fff', 'en'),
(408, 409, 'languages_supported', 'afd338dc-3fa7-4443-ba75-a89a296ae8c3', 'en'),
(409, 410, 'languages_supported', '62fb6850-c524-44bf-9c8b-95644c0800db', 'en'),
(410, 411, 'languages_supported', 'afecd808-7935-4d7f-a4a4-05cb182d93c2', 'en'),
(411, 412, 'languages_supported', '662545b4-7d35-411d-803c-562cf6977a8b', 'en'),
(412, 413, 'languages_supported', 'c28dbb74-6b85-461b-9731-d552661de935', 'en'),
(413, 414, 'languages_supported', 'f84b0145-78f5-42d7-b264-fa192e37edc5', 'en'),
(414, 415, 'languages_supported', '6055a38c-1ecf-4ab7-b7ff-20bd2cc087b0', 'en'),
(415, 416, 'languages_supported', 'f344f6be-df02-4e62-bfdc-1b71de020070', 'en'),
(416, 417, 'languages_supported', 'ea2ca02a-eac9-48fb-a786-b8e23d6e2eb1', 'en'),
(417, 418, 'languages_supported', '29c4e66b-efeb-4f6a-aa57-4de5550d5007', 'en'),
(418, 419, 'languages_supported', '1260ee02-263e-4e93-8330-93e1a2941523', 'en'),
(419, 420, 'languages_supported', 'cc6c4fec-4129-4014-8097-adfd7cff0d43', 'en'),
(420, 421, 'languages_supported', '4bb2ee55-6dca-4d81-b1d8-080facc1690b', 'en'),
(421, 422, 'languages_supported', '9b3bd47e-1520-4676-81fe-1253bdf51c7d', 'en'),
(422, 423, 'languages_supported', '7a4dca9e-d703-4755-80a4-a8dc18ca5065', 'en'),
(423, 424, 'languages_supported', '9b371e7b-f442-4b95-821d-7349a5ebf3ca', 'en'),
(424, 425, 'languages_supported', 'c2429df7-14bb-4c26-82cf-9e066d5a8d02', 'en'),
(425, 426, 'languages_supported', '7ac2c905-836e-4913-8ee8-3551a509041f', 'en'),
(426, 427, 'languages_supported', '09f96ef5-8527-43ce-b73b-390285578ac8', 'en'),
(427, 428, 'languages_supported', '08c9b18c-d72f-4b4a-8aea-87b23b58491e', 'en'),
(428, 429, 'languages_supported', '28e6591e-c681-48dd-a99f-8918d2e1ddfd', 'en'),
(429, 430, 'languages_supported', 'e47a503c-901c-4830-8424-3d89ead5a26b', 'en'),
(430, 431, 'languages_supported', '665a6f42-cfa9-4abc-a5ba-9677709bb5e1', 'en'),
(431, 432, 'languages_supported', 'c521b8d6-ee5b-409a-906f-07bb024e6fed', 'en'),
(432, 433, 'languages_supported', '7af9bbe2-13ab-4d33-a225-55c78028b814', 'en'),
(433, 434, 'languages_supported', '2e0ebda4-8612-4612-89da-4e9e2018d1df', 'en'),
(434, 435, 'languages_supported', '837af64d-4df5-4625-a6ca-05207b2b4aa4', 'en'),
(435, 436, 'languages_supported', '3a5e0c3a-35a4-4ea4-8cf5-151aee40c138', 'en'),
(436, 437, 'languages_supported', '3e2d9330-e40f-4679-99b5-50e12034db58', 'en'),
(437, 438, 'languages_supported', '06b2f5d8-8db2-46ea-9f24-562d6d202c89', 'en'),
(438, 439, 'languages_supported', '350d6fee-bea5-4d44-a348-aff84776e927', 'en'),
(439, 440, 'languages_supported', '08b9507f-89d4-4622-9aeb-0d619d5f8040', 'en'),
(440, 441, 'languages_supported', 'dda071fc-2e16-4933-9127-7f69de986da0', 'en'),
(441, 442, 'languages_supported', '0b1a4f99-dfcf-4ac7-bcee-01e89793170f', 'en'),
(442, 443, 'languages_supported', 'bce6fbf6-b9d6-4e12-91e5-c5f8c0868132', 'en'),
(443, 444, 'languages_supported', 'dab37fb8-4d58-4683-bc62-acfc5f0464c2', 'en'),
(444, 445, 'languages_supported', 'ba9fa7f8-2836-4346-93e4-c1216e056293', 'en'),
(445, 446, 'languages_supported', 'e8082f94-0fb7-4fbc-9455-c62beb9371d9', 'en'),
(446, 447, 'languages_supported', '601c8ae1-18d7-43cf-9556-8e532902986c', 'en'),
(447, 448, 'languages_supported', 'e68e38c6-69a1-4261-9480-526adc55ad66', 'en'),
(448, 449, 'languages_supported', 'c46ddbbd-2ec2-4eb4-b771-f714d5afc8a7', 'en'),
(449, 450, 'languages_supported', '67171564-7fb4-4943-a8b7-d8ad6afc3b40', 'en'),
(450, 451, 'languages_supported', 'c8bda672-c3b5-4db3-9dd9-fde3a6014fb8', 'en'),
(451, 452, 'languages_supported', '343797fe-f40e-44a7-a768-2e72f263eb8d', 'en'),
(452, 453, 'languages_supported', '23975024-2111-4f6e-afb0-ac8b56fc49b9', 'en'),
(453, 454, 'languages_supported', 'f28c1691-a959-4796-a961-a86d42f49b8a', 'en'),
(454, 455, 'languages_supported', 'd753a2f7-a1c5-41cd-9a21-5015c5071bd2', 'en'),
(455, 456, 'languages_supported', '355d2b95-5793-4f78-8e81-63d8d45525d0', 'en'),
(456, 457, 'languages_supported', 'f80afd89-730a-4cbe-a741-099abfd88b6b', 'en'),
(457, 458, 'languages_supported', 'a06109dc-7009-4567-b613-e12793c7be0e', 'en'),
(458, 459, 'languages_supported', 'ad68d8e4-6a87-4ca8-b4a6-36fd580945ce', 'en'),
(459, 460, 'languages_supported', '965bb580-daa1-4d5b-8a6a-5f349589f85f', 'en'),
(460, 461, 'languages_supported', 'f9220e6d-f717-4c88-9231-0d97ee55b05b', 'en'),
(461, 462, 'languages_supported', 'cdd8d578-cd03-44f9-938f-30d1c239e725', 'en'),
(462, 463, 'languages_supported', '5277bf6f-f1c0-4384-ac9e-321e531bf027', 'en'),
(463, 464, 'languages_supported', 'e31b5d32-ec1e-4bb0-ac15-cfe481b82a1e', 'en'),
(464, 465, 'languages_supported', 'c00cce9e-3f5f-4a0e-9abd-943e4590662a', 'en'),
(465, 466, 'languages_supported', 'af618535-fbfa-4860-afc8-18297532d0ec', 'en'),
(466, 467, 'languages_supported', '7ec27d17-650b-4667-8c7b-a0c41a258b1a', 'en'),
(467, 468, 'languages_supported', '34b8f62d-3596-41f9-b0c2-1359f753a32c', 'en'),
(468, 469, 'languages_supported', '2dcdb2d0-96d7-465d-bf55-d8cd10d2b332', 'en'),
(469, 470, 'languages_supported', '751e0d57-2db5-43fe-8749-83960e8c3102', 'en'),
(470, 471, 'languages_supported', '3ef17e7a-4def-4f2d-b991-569375e028ed', 'en'),
(471, 472, 'languages_supported', 'd1f4fe44-7992-4d77-84c9-68ce0ba44da9', 'en'),
(472, 473, 'languages_supported', '396a09eb-cefc-424c-8ca9-c620ecd728be', 'en'),
(473, 474, 'languages_supported', 'f46e728f-9943-4ea0-b435-f5a597862bd9', 'en'),
(474, 475, 'languages_supported', '7905c8bf-dd16-461e-af2c-6a6bbbabc1b5', 'en'),
(475, 476, 'languages_supported', '50d1ace7-f349-4e2a-a6e6-e8d12478c795', 'en'),
(476, 477, 'languages_supported', '950c192f-edd9-4348-b3b2-9785f03368a8', 'en'),
(477, 478, 'languages_supported', 'fb429fe6-87cd-4568-97dd-ec6932963f1d', 'en'),
(478, 479, 'languages_supported', '42f15d10-7750-489a-a63a-6fbdc7278d2b', 'en'),
(479, 480, 'languages_supported', 'd5fdbc77-02b6-4cd6-ad2c-d5aa1b079ed2', 'en'),
(480, 481, 'languages_supported', 'de329cb0-9317-40d5-939d-eb011776e6bd', 'en'),
(481, 482, 'languages_supported', '9c61a5ee-77c0-4d65-88da-80d16aa58b55', 'en'),
(482, 483, 'languages_supported', 'e311dc1d-9eac-46ce-8f82-10e8056ee7bb', 'en'),
(483, 484, 'languages_supported', 'b12da9c5-323e-49a4-8c1e-1f25d9611dbd', 'en'),
(484, 485, 'languages_supported', '37c3e942-8134-4e60-8859-5a5f96e1846f', 'en'),
(485, 486, 'languages_supported', '15e6d874-d8f1-4e5f-aca5-698ac1e1eeb8', 'en'),
(486, 487, 'languages_supported', '5edb8f05-ec63-4460-9648-81c5727c2881', 'en'),
(487, 488, 'languages_supported', 'f84abfb5-dfb8-44b4-bfd7-7a55c610cfdd', 'en'),
(488, 489, 'languages_supported', '98f7b638-20f4-46b1-ac9e-b958bcf8f02a', 'en'),
(489, 490, 'languages_supported', '5ef4b56d-721c-4ff1-ac09-19a4905cf228', 'en'),
(490, 491, 'languages_supported', '217959a7-9aec-4a81-aa41-b1b2c72f1f59', 'en'),
(491, 492, 'languages_supported', '03401a08-b3f1-4d8f-bb60-8a8effb4786f', 'en'),
(492, 493, 'languages_supported', 'b43a14c3-1901-4938-ab8a-2b9d96cd5c32', 'en'),
(493, 494, 'languages_supported', '7875545a-485a-443b-b852-8da10d194be0', 'en'),
(494, 495, 'languages_supported', '3b5073fe-d30e-412b-ae13-4a846eefe211', 'en'),
(495, 496, 'languages_supported', '77a8fd85-78a0-4dab-a243-7896a986296f', 'en'),
(496, 497, 'languages_supported', 'a2221329-ca2a-4a8e-aa2a-9320200a0a26', 'en'),
(497, 498, 'languages_supported', '9e7239c7-d8bc-41a9-830b-b87740199016', 'en'),
(498, 499, 'languages_supported', 'a8f975c7-5760-47a5-84d2-f4591bbaecb8', 'en'),
(499, 500, 'languages_supported', '07211f04-3231-49d4-851c-348fcf479a1b', 'en'),
(500, 501, 'languages_supported', '9c519774-f6a3-484b-b963-300a833e4bb6', 'en'),
(501, 502, 'languages_supported', '5a7d66fc-6d47-42c3-a741-a9e4068bad18', 'en'),
(502, 503, 'languages_supported', 'cd603ec0-a8fd-4d70-ad5f-d24783f3e241', 'en'),
(503, 504, 'languages_supported', '5efd8312-9512-41e7-a092-ff68e738d737', 'en'),
(504, 505, 'languages_supported', 'ed374a20-c3ca-4f5b-98f4-f9aa52c3605e', 'en'),
(505, 506, 'languages_supported', '7b65ff85-846f-4a5b-adcc-1593171bf461', 'en'),
(506, 507, 'languages_supported', '4ca9cf64-a5a1-4caf-90cc-ff6a230ab749', 'en'),
(507, 508, 'languages_supported', 'a736ed62-28bd-48a3-96f1-487af9d7c78b', 'en'),
(508, 509, 'languages_supported', 'c15a0af8-01ee-4240-a19b-0efb7349107f', 'en'),
(509, 510, 'languages_supported', '6e42bf1f-3edd-48d8-b6ec-5e759f74f857', 'en'),
(510, 511, 'languages_supported', 'd3ad4078-f1a7-4fb3-b755-bed5421f68c0', 'en'),
(511, 512, 'languages_supported', '7198e32e-f086-4b54-99d4-0625ad217a8f', 'en'),
(512, 513, 'languages_supported', 'cd707739-0ea9-451e-9fb3-8ae9f49d3c50', 'en'),
(513, 514, 'languages_supported', 'e3dc2de4-bbfd-4aea-8fed-c0b541904de7', 'en'),
(514, 515, 'languages_supported', 'd8808083-8cd2-4554-bfd5-2e61f69f018f', 'en');

-- --------------------------------------------------------

--
-- Table structure for table `taxonomy_term_field_data`
--

CREATE TABLE `taxonomy_term_field_data` (
  `tid` int UNSIGNED NOT NULL,
  `revision_id` int UNSIGNED NOT NULL,
  `vid` varchar(32) CHARACTER SET ascii COLLATE ascii_general_ci NOT NULL COMMENT 'The ID of the target entity.',
  `langcode` varchar(12) CHARACTER SET ascii COLLATE ascii_general_ci NOT NULL,
  `status` tinyint NOT NULL,
  `name` varchar(255) CHARACTER SET utf8mb4 COLLATE utf8mb4_general_ci NOT NULL,
  `description__value` longtext CHARACTER SET utf8mb4 COLLATE utf8mb4_general_ci,
  `description__format` varchar(255) CHARACTER SET ascii COLLATE ascii_general_ci DEFAULT NULL,
  `weight` int NOT NULL,
  `changed` int DEFAULT NULL,
  `default_langcode` tinyint NOT NULL,
  `revision_translation_affected` tinyint DEFAULT NULL
) ENGINE=InnoDB DEFAULT CHARSET=utf8mb4 COLLATE=utf8mb4_general_ci COMMENT='The data table for taxonomy_term entities.';

--
-- Dumping data for table `taxonomy_term_field_data`
--

INSERT INTO `taxonomy_term_field_data` (`tid`, `revision_id`, `vid`, `langcode`, `status`, `name`, `description__value`, `description__format`, `weight`, `changed`, `default_langcode`, `revision_translation_affected`) VALUES
(1, 1, 'newsletter', 'en', 1, 'PR News Releases', '<p>University of Guyana Newsletter</p>\r\n', 'filtered_html', 0, NULL, 1, 1),
(2, 2, 'tags', 'en', 1, 'renaissance', NULL, NULL, 0, NULL, 1, 1),
(3, 3, 'tags', 'en', 1, 'newsletter', NULL, NULL, 0, NULL, 1, 1),
(4, 173, 'tags', 'en', 1, 'uog', NULL, NULL, 0, 1692279230, 1, 1),
(5, 5, 'tags', 'en', 1, 'Press Release', NULL, NULL, 0, NULL, 1, 1),
(6, 6, 'tags', 'en', 1, 'Public Relations Division', NULL, NULL, 0, NULL, 1, 1),
(7, 7, 'event_calendar_status', 'en', 1, 'approved', NULL, NULL, 1, NULL, 1, 1),
(8, 8, 'event_calendar_status', 'en', 1, 'pending', NULL, NULL, 2, NULL, 1, 1),
(9, 9, 'event_calendar_status', 'en', 1, 'denied', NULL, NULL, 2, NULL, 1, 1),
(10, 10, 'newsletter', 'en', 1, 'Renaissance Newsletter', NULL, NULL, 0, NULL, 1, 1),
(11, 11, 'tags', 'en', 1, 'Ian Randle publishing research', NULL, NULL, 0, NULL, 1, 1),
(12, 12, 'tags', 'en', 1, 'Ian Randle', NULL, NULL, 0, NULL, 1, 1),
(13, 13, 'tags', 'en', 1, 'publishing', NULL, NULL, 0, NULL, 1, 1),
(14, 14, 'tags', 'en', 1, 'research', NULL, NULL, 0, NULL, 1, 1),
(15, 15, 'tags', 'en', 1, 'Industrial Action', NULL, NULL, 0, NULL, 1, 1),
(16, 16, 'tags', 'en', 1, 'Facing The Nation', NULL, NULL, 0, NULL, 1, 1),
(17, 17, 'tags', 'en', 1, 'turkeyen campus', NULL, NULL, 0, NULL, 1, 1),
(18, 18, 'tags', 'en', 1, 'fire', NULL, NULL, 0, NULL, 1, 1),
(19, 19, 'tags', 'en', 1, 'CID', NULL, NULL, 0, NULL, 1, 1),
(20, 20, 'tags', 'en', 1, 'CIT', NULL, NULL, 0, NULL, 1, 1),
(21, 21, 'tags', 'en', 1, 'Vice-Chancellor', NULL, NULL, 0, NULL, 1, 1),
(22, 22, 'tags', 'en', 1, 'investigation', NULL, NULL, 0, NULL, 1, 1),
(23, 23, 'tags', 'en', 1, 'Tution', NULL, NULL, 0, NULL, 1, 1),
(24, 24, 'tags', 'en', 1, 'fees', NULL, NULL, 0, NULL, 1, 1),
(25, 25, 'tags', 'en', 1, 'salaries', NULL, NULL, 0, NULL, 1, 1),
(26, 26, 'tags', 'en', 1, 'ug council', NULL, NULL, 0, NULL, 1, 1),
(27, 27, 'tags', 'en', 1, 'ugss', NULL, NULL, 0, NULL, 1, 1),
(28, 28, 'newsletter', 'en', 1, 'General UOG News', NULL, NULL, 0, NULL, 1, 1),
(29, 29, 'tags', 'en', 1, 'law', NULL, NULL, 0, NULL, 1, 1),
(30, 30, 'tags', 'en', 1, 'prize', NULL, NULL, 0, NULL, 1, 1),
(31, 31, 'tags', 'en', 1, 'alumni', NULL, NULL, 0, NULL, 1, 1),
(32, 32, 'tags', 'en', 1, 'internet', NULL, NULL, 0, NULL, 1, 1),
(33, 33, 'tags', 'en', 1, 'Information Technology', NULL, NULL, 0, NULL, 1, 1),
(34, 34, 'tags', 'en', 1, 'Ministry of Public Telecommunications', NULL, NULL, 0, NULL, 1, 1),
(35, 35, 'tags', 'en', 1, 'private sector', NULL, NULL, 0, NULL, 1, 1),
(36, 36, 'tags', 'en', 1, 'business', NULL, NULL, 0, NULL, 1, 1),
(37, 37, 'tags', 'en', 1, 'Finance minister', NULL, NULL, 0, NULL, 1, 1),
(38, 38, 'tags', 'en', 1, 'increase', NULL, NULL, 0, NULL, 1, 1),
(39, 39, 'tags', 'en', 1, 'tuition', NULL, NULL, 0, NULL, 1, 1),
(40, 40, 'tags', 'en', 1, 'contracts', NULL, NULL, 0, NULL, 1, 1),
(41, 41, 'tags', 'en', 1, 'rehabilitation', NULL, NULL, 0, NULL, 1, 1),
(42, 42, 'tags', 'en', 1, 'ICT', NULL, NULL, 0, NULL, 1, 1),
(43, 43, 'tags', 'en', 1, 'Dream', NULL, NULL, 0, NULL, 1, 1),
(44, 44, 'tags', 'en', 1, 'eldon marks', NULL, NULL, 0, NULL, 1, 1),
(45, 45, 'tags', 'en', 1, 'version75', NULL, NULL, 0, NULL, 1, 1),
(46, 46, 'tags', 'en', 1, 'weOwn space', NULL, NULL, 0, NULL, 1, 1),
(47, 47, 'tags', 'en', 1, 'entrepreneurship', NULL, NULL, 0, NULL, 1, 1),
(48, 48, 'tags', 'en', 1, 'uog update', NULL, NULL, 0, NULL, 1, 1),
(49, 49, 'tags', 'en', 1, 'UG Press', NULL, NULL, 0, NULL, 1, 1),
(50, 50, 'tags', 'en', 1, 'University of North Georgia', NULL, NULL, 0, NULL, 1, 1),
(51, 51, 'tags', 'en', 1, 'Ian Randle Publishers', NULL, NULL, 0, NULL, 1, 1),
(52, 52, 'tags', 'en', 1, 'MoU', NULL, NULL, 0, NULL, 1, 1),
(53, 53, 'tags', 'en', 1, 'administration', NULL, NULL, 0, NULL, 1, 1),
(54, 54, 'tags', 'en', 1, 'politics', NULL, NULL, 0, NULL, 1, 1),
(55, 55, 'tags', 'en', 1, 'prison', NULL, NULL, 0, NULL, 1, 1),
(56, 56, 'tags', 'en', 1, 'solar farm', NULL, NULL, 0, NULL, 1, 1),
(57, 57, 'tags', 'en', 1, 'MovieTowne Inc', NULL, NULL, 0, NULL, 1, 1),
(58, 58, 'tags', 'en', 1, 'Housing', NULL, NULL, 0, NULL, 1, 1),
(59, 59, 'tags', 'en', 1, 'diaspora', NULL, NULL, 0, NULL, 1, 1),
(60, 60, 'tags', 'en', 1, 'diaspora engagement conference', NULL, NULL, 0, NULL, 1, 1),
(61, 61, 'tags', 'en', 1, 'president granger', NULL, NULL, 0, NULL, 1, 1),
(62, 62, 'tags', 'en', 1, 'Bharrat Jagdeo', NULL, NULL, 0, NULL, 1, 1),
(63, 63, 'tags', 'en', 1, 'SEBI', NULL, NULL, 0, NULL, 1, 1),
(64, 64, 'tags', 'en', 1, 'Innovation', NULL, NULL, 0, NULL, 1, 1),
(65, 65, 'tags', 'en', 1, 'sports', NULL, NULL, 0, NULL, 1, 1),
(66, 66, 'tags', 'en', 1, 'ministry of education', NULL, NULL, 0, NULL, 1, 1),
(67, 67, 'tags', 'en', 1, 'library', NULL, NULL, 0, NULL, 1, 1),
(68, 68, 'tags', 'en', 1, 'books', NULL, NULL, 0, NULL, 1, 1),
(69, 69, 'tags', 'en', 1, 'launch', NULL, NULL, 0, NULL, 1, 1),
(70, 70, 'tags', 'en', 1, 'Indo-Caribbean', NULL, NULL, 0, NULL, 1, 1),
(71, 71, 'tags', 'en', 1, 'Kaieteur News', NULL, NULL, 0, NULL, 1, 1),
(72, 72, 'tags', 'en', 1, 'oil', NULL, NULL, 0, NULL, 1, 1),
(73, 73, 'tags', 'en', 1, 'gas', NULL, NULL, 0, NULL, 1, 1),
(74, 74, 'tags', 'en', 1, 'turkeyen & tain talks', NULL, NULL, 0, NULL, 1, 1),
(75, 75, 'tags', 'en', 1, 'beribice campus', NULL, NULL, 0, NULL, 1, 1),
(76, 76, 'tags', 'en', 1, 'awards', NULL, NULL, 0, NULL, 1, 1),
(77, 77, 'tags', 'en', 1, 'Anthony N. Sabga', NULL, NULL, 0, NULL, 1, 1),
(78, 78, 'tags', 'en', 1, 'Caribbean Awards', NULL, NULL, 0, NULL, 1, 1),
(79, 79, 'tags', 'en', 1, 'nursing', NULL, NULL, 0, NULL, 1, 1),
(80, 80, 'tags', 'en', 1, 'health sciences', NULL, NULL, 0, NULL, 1, 1),
(81, 81, 'tags', 'en', 1, 'national development', NULL, NULL, 0, NULL, 1, 1),
(82, 82, 'tags', 'en', 1, 'guyanese', NULL, NULL, 0, NULL, 1, 1),
(83, 83, 'tags', 'en', 1, 'professor', NULL, NULL, 0, NULL, 1, 1),
(84, 84, 'tags', 'en', 1, 'John R. Rickford', NULL, NULL, 0, NULL, 1, 1),
(85, 85, 'tags', 'en', 1, 'American Academy of Arts and Sciences', NULL, NULL, 0, NULL, 1, 1),
(86, 86, 'tags', 'en', 1, 'Winslow Craig', NULL, NULL, 0, NULL, 1, 1),
(87, 87, 'tags', 'en', 1, 'PACE', NULL, NULL, 0, NULL, 1, 1),
(88, 88, 'tags', 'en', 1, 'student fund', NULL, NULL, 0, NULL, 1, 1),
(89, 89, 'tags', 'en', 1, 'go-kart', NULL, NULL, 0, NULL, 1, 1),
(90, 90, 'tags', 'en', 1, 'co-curricular activity', NULL, NULL, 0, NULL, 1, 1),
(91, 91, 'tags', 'en', 1, 'GDF', NULL, NULL, 0, NULL, 1, 1),
(92, 92, 'tags', 'en', 1, 'cadet programme', NULL, NULL, 0, NULL, 1, 1),
(93, 93, 'tags', 'en', 1, 'national awards', NULL, NULL, 0, NULL, 1, 1),
(94, 94, 'tags', 'en', 1, 'Guyana Review', NULL, NULL, 0, NULL, 1, 1),
(95, 95, 'tags', 'en', 1, 'book launch', NULL, NULL, 0, NULL, 1, 1),
(96, 96, 'tags', 'en', 1, 'Noel Menezes', NULL, NULL, 0, NULL, 1, 1),
(97, 97, 'tags', 'en', 1, 'gtt', NULL, NULL, 0, NULL, 1, 1),
(98, 98, 'tags', 'en', 1, 'mmg', NULL, NULL, 0, NULL, 1, 1),
(99, 99, 'tags', 'en', 1, 'student loans', NULL, NULL, 0, NULL, 1, 1),
(100, 100, 'tags', 'en', 1, 'loans', NULL, NULL, 0, NULL, 1, 1),
(101, 101, 'tags', 'en', 1, 'Teleconferencing', NULL, NULL, 0, NULL, 1, 1),
(102, 102, 'tags', 'en', 1, 'Ministry of Finance', NULL, NULL, 0, NULL, 1, 1),
(103, 103, 'tags', 'en', 1, 'agriculture', NULL, NULL, 0, NULL, 1, 1),
(104, 104, 'tags', 'en', 1, 'graduate students', NULL, NULL, 0, NULL, 1, 1),
(105, 105, 'tags', 'en', 1, 'University of Arkansas at Pine Bluff', NULL, NULL, 0, NULL, 1, 1),
(106, 106, 'tags', 'en', 1, 'Ken Danns', NULL, NULL, 0, NULL, 1, 1),
(107, 107, 'tags', 'en', 1, 'workshop', NULL, NULL, 0, NULL, 1, 1),
(108, 108, 'tags', 'en', 1, 'first lady', NULL, NULL, 0, NULL, 1, 1),
(109, 109, 'tags', 'en', 1, 'Sandra Granger', NULL, NULL, 0, NULL, 1, 1),
(110, 110, 'tags', 'en', 1, 'diaspora centre', NULL, NULL, 0, NULL, 1, 1),
(111, 111, 'tags', 'en', 1, 'World Bank', NULL, NULL, 0, NULL, 1, 1),
(112, 112, 'tags', 'en', 1, 'Loan', NULL, NULL, 0, NULL, 1, 1),
(113, 113, 'tags', 'en', 1, 'STEM Guyana', NULL, NULL, 0, NULL, 1, 1),
(114, 114, 'tags', 'en', 1, 'Mexico', NULL, NULL, 0, NULL, 1, 1),
(115, 115, 'tags', 'en', 1, 'pilfering', NULL, NULL, 0, NULL, 1, 1),
(116, 116, 'tags', 'en', 1, 'promotions', NULL, NULL, 0, NULL, 1, 1),
(117, 117, 'tags', 'en', 1, 'appointments', NULL, NULL, 0, NULL, 1, 1),
(118, 118, 'tags', 'en', 1, 'senior administration', NULL, NULL, 0, NULL, 1, 1),
(119, 119, 'tags', 'en', 1, 'crime', NULL, NULL, 0, NULL, 1, 1),
(120, 120, 'tags', 'en', 1, 'youth', NULL, NULL, 0, NULL, 1, 1),
(121, 121, 'tags', 'en', 1, 'University of Arkansas', NULL, NULL, 0, NULL, 1, 1),
(122, 122, 'tags', 'en', 1, 'UAPB', NULL, NULL, 0, NULL, 1, 1),
(123, 123, 'tags', 'en', 1, 'violence', NULL, NULL, 0, NULL, 1, 1),
(124, 124, 'tags', 'en', 1, 'public security', NULL, NULL, 0, NULL, 1, 1),
(125, 125, 'tags', 'en', 1, 'intellect storm', NULL, NULL, 0, NULL, 1, 1),
(126, 126, 'tags', 'en', 1, 'Confucius Institute', NULL, NULL, 0, NULL, 1, 1),
(127, 127, 'tags', 'en', 1, 'Mandarin', NULL, NULL, 0, NULL, 1, 1),
(128, 128, 'tags', 'en', 1, 'Dalian University of Foreign Languages', NULL, NULL, 0, NULL, 1, 1),
(129, 129, 'tags', 'en', 1, 'curriculum update', NULL, NULL, 0, NULL, 1, 1),
(130, 130, 'tags', 'en', 1, 'STEAM', NULL, NULL, 0, NULL, 1, 1),
(131, 131, 'tags', 'en', 1, 'science', NULL, NULL, 0, NULL, 1, 1),
(132, 132, 'tags', 'en', 1, 'engineeering', NULL, NULL, 0, NULL, 1, 1),
(133, 133, 'tags', 'en', 1, 'mobile money', NULL, NULL, 0, NULL, 1, 1),
(134, 134, 'tags', 'en', 1, 'Investiture', NULL, NULL, 0, NULL, 1, 1),
(135, 135, 'tags', 'en', 1, 'Food and Nutrition', NULL, NULL, 0, NULL, 1, 1),
(136, 136, 'tags', 'en', 1, 'UWI', NULL, NULL, 0, NULL, 1, 1),
(137, 137, 'tags', 'en', 1, 'medical school', NULL, NULL, 0, NULL, 1, 1),
(138, 138, 'tags', 'en', 1, 'tech', NULL, NULL, 0, NULL, 1, 1),
(139, 139, 'tags', 'en', 1, 'accreditation', NULL, NULL, 0, NULL, 1, 1),
(140, 140, 'tags', 'en', 1, 'athletics', NULL, NULL, 0, NULL, 1, 1),
(141, 141, 'tags', 'en', 1, 'scholarship', NULL, NULL, 0, NULL, 1, 1),
(142, 142, 'tags', 'en', 1, 'literacy', NULL, NULL, 0, NULL, 1, 1),
(143, 143, 'tags', 'en', 1, 'reading programme', NULL, NULL, 0, NULL, 1, 1),
(144, 144, 'tags', 'en', 1, 'social work', NULL, NULL, 0, NULL, 1, 1),
(145, 145, 'tags', 'en', 1, 'social sciences', NULL, NULL, 0, NULL, 1, 1),
(146, 146, 'tags', 'en', 1, 'masters', NULL, NULL, 0, NULL, 1, 1),
(147, 147, 'tags', 'en', 1, 'graduate level', NULL, NULL, 0, NULL, 1, 1),
(148, 148, 'tags', 'en', 1, 'admissions', NULL, NULL, 0, NULL, 1, 1),
(149, 149, 'tags', 'en', 1, 'document verfification', NULL, NULL, 0, NULL, 1, 1),
(150, 150, 'tags', 'en', 1, 'Barbara Reynolds', NULL, NULL, 0, NULL, 1, 1),
(151, 151, 'tags', 'en', 1, 'School of Energy and Mines', NULL, NULL, 0, NULL, 1, 1),
(152, 152, 'tags', 'en', 1, 'Harold A. Drayton', NULL, NULL, 0, NULL, 1, 1),
(153, 153, 'tags', 'en', 1, 'International Engagement', NULL, NULL, 0, NULL, 1, 1),
(154, 154, 'tags', 'en', 1, 'Planning', NULL, NULL, 0, NULL, 1, 1),
(155, 155, 'tags', 'en', 1, 'Student Matters', NULL, NULL, 0, NULL, 1, 1),
(156, 156, 'tags', 'en', 1, 'graduation', NULL, NULL, 0, NULL, 1, 1),
(157, 157, 'tags', 'en', 1, 'convocation', NULL, NULL, 0, NULL, 1, 1),
(158, 158, 'tags', 'en', 1, 'Caribbean', NULL, NULL, 0, NULL, 1, 1),
(159, 159, 'tags', 'en', 1, 'Regional Integration', NULL, NULL, 0, NULL, 1, 1),
(160, 160, 'tags', 'en', 1, 'cricket', NULL, NULL, 0, NULL, 1, 1),
(161, 161, 'tags', 'en', 1, 'oil & gas', NULL, NULL, 0, NULL, 1, 1),
(162, 162, 'tags', 'en', 1, 'donation', NULL, NULL, 0, NULL, 1, 1),
(163, 163, 'tags', 'en', 1, 'South American Youth Games', NULL, NULL, 0, NULL, 1, 1),
(164, 164, 'tags', 'en', 1, 'Registrar', NULL, NULL, 0, NULL, 1, 1),
(165, 165, 'tags', 'en', 1, 'C. Nigel Gravesande', NULL, NULL, 0, NULL, 1, 1),
(166, 166, 'tags', 'en', 1, 'NCERD', NULL, NULL, 0, NULL, 1, 1),
(167, 167, 'tags', 'en', 1, 'Anil Nandlall', NULL, NULL, 0, NULL, 1, 1),
(168, 168, 'tags', 'en', 1, 'Clarence A F Hughes scholarship', NULL, NULL, 0, NULL, 1, 1),
(169, 169, 'tags', 'en', 1, 'radio', NULL, NULL, 0, NULL, 1, 1),
(170, 170, 'tags', 'en', 1, 'Salary', NULL, NULL, 0, NULL, 1, 1),
(171, 171, 'tags', 'en', 1, 'Democracy', NULL, NULL, 0, NULL, 1, 1),
(172, 172, 'tags', 'en', 1, 'EU', NULL, NULL, 0, NULL, 1, 1),
(173, 174, 'tags', 'en', 1, 'European Union', NULL, NULL, 0, 1692279230, 1, 1),
(174, 175, 'tags', 'en', 1, 'David Anthony Martins', NULL, NULL, 0, 1692279230, 1, 1),
(175, 176, 'tags', 'en', 1, 'Artist in Residence', NULL, NULL, 0, 1692279230, 1, 1),
(176, 177, 'tags', 'en', 1, 'Florida International University (FIU)', NULL, NULL, 0, 1692279230, 1, 1),
(177, 178, 'tags', 'en', 1, 'Ministry of Natural Resources', NULL, NULL, 0, 1692279230, 1, 1),
(178, 179, 'tags', 'en', 1, 'Geology and Mines Commission', NULL, NULL, 0, 1692279230, 1, 1),
(179, 180, 'tags', 'en', 1, 'Technology', NULL, NULL, 0, 1692279230, 1, 1),
(180, 181, 'tags', 'en', 1, 'Faculty of Technology', NULL, NULL, 0, 1692279230, 1, 1),
(181, 182, 'tags', 'en', 1, 'Policy', NULL, NULL, 0, 1692279230, 1, 1),
(182, 183, 'tags', 'en', 1, 'Union', NULL, NULL, 0, 1692279230, 1, 1),
(183, 184, 'tags', 'en', 1, 'Huawei', NULL, NULL, 0, 1692279230, 1, 1),
(184, 185, 'tags', 'en', 1, 'Computer Science', NULL, NULL, 0, 1692279230, 1, 1),
(185, 186, 'tags', 'en', 1, 'Workers Union', NULL, NULL, 0, 1692279230, 1, 1),
(186, 187, 'tags', 'en', 1, 'Professor Michael E. Scott', NULL, NULL, 0, 1692279230, 1, 1),
(187, 188, 'tags', 'en', 1, 'Student Complex', NULL, NULL, 0, 1692279230, 1, 1),
(188, 189, 'tags', 'en', 1, 'Elections', NULL, NULL, 0, 1692279230, 1, 1),
(189, 190, 'tags', 'en', 1, 'Ministry of Public Health', NULL, NULL, 0, 1692279230, 1, 1),
(190, 191, 'tags', 'en', 1, 'Volda Lawrence', NULL, NULL, 0, 1692279230, 1, 1),
(191, 192, 'tags', 'en', 1, 'Minister of Agriculture', NULL, NULL, 0, 1692279230, 1, 1),
(192, 193, 'tags', 'en', 1, 'Food & Nutrition Security', NULL, NULL, 0, 1692279230, 1, 1),
(193, 194, 'tags', 'en', 1, 'Psychology', NULL, NULL, 0, 1692279230, 1, 1),
(194, 195, 'tags', 'en', 1, 'Ministry of Agriculture', NULL, NULL, 0, 1692279230, 1, 1),
(195, 196, 'tags', 'en', 1, 'Salary Negotiations', NULL, NULL, 0, 1692279230, 1, 1),
(196, 197, 'tags', 'en', 1, 'UGWU', NULL, NULL, 0, 1692279230, 1, 1),
(197, 198, 'tags', 'en', 1, 'UGSSA', NULL, NULL, 0, 1692279230, 1, 1),
(198, 199, 'tags', 'en', 1, 'Suicide', NULL, NULL, 0, 1692279230, 1, 1),
(199, 200, 'tags', 'en', 1, 'Youth Violence', NULL, NULL, 0, 1692279230, 1, 1),
(200, 201, 'tags', 'en', 1, 'UNICEF', NULL, NULL, 0, 1692279230, 1, 1),
(201, 202, 'tags', 'en', 1, 'CANPA', NULL, NULL, 0, 1692279230, 1, 1),
(202, 203, 'tags', 'en', 1, 'UG', NULL, NULL, 0, 1692279230, 1, 1),
(203, 204, 'tags', 'en', 1, 'Society', NULL, NULL, 0, 1692279230, 1, 1),
(204, 205, 'tags', 'en', 1, 'Justice', NULL, NULL, 0, 1692279230, 1, 1),
(205, 206, 'tags', 'en', 1, 'Chronixx', NULL, NULL, 0, 1692279230, 1, 1),
(206, 207, 'tags', 'en', 1, 'Reggae', NULL, NULL, 0, 1692279230, 1, 1),
(207, 208, 'tags', 'en', 1, 'Berbice', NULL, NULL, 0, 1692279230, 1, 1),
(208, 209, 'tags', 'en', 1, 'UDUAL Games', NULL, NULL, 0, 1692279230, 1, 1),
(209, 210, 'tags', 'en', 1, 'Geography Awareness Week', NULL, NULL, 0, 1692279230, 1, 1),
(210, 211, 'tags', 'en', 1, 'GIS Day', NULL, NULL, 0, 1692279230, 1, 1),
(211, 212, 'tags', 'en', 1, 'Chemistry', NULL, NULL, 0, 1692279230, 1, 1),
(212, 213, 'tags', 'en', 1, 'J.O.F Haynes Law School', NULL, NULL, 0, 1692279230, 1, 1),
(213, 214, 'tags', 'en', 1, 'University of Curaçao', NULL, NULL, 0, 1692279230, 1, 1),
(214, 215, 'tags', 'en', 1, 'Food and Agriculture Organisation', NULL, NULL, 0, 1692279230, 1, 1),
(215, 216, 'tags', 'en', 1, 'Food and Nutrition Institute', NULL, NULL, 0, 1692279230, 1, 1),
(216, 217, 'tags', 'en', 1, 'Nand Persaud and Company Limited', NULL, NULL, 0, 1692279230, 1, 1),
(217, 218, 'tags', 'en', 1, 'Nand Persaud Group of Companies', NULL, NULL, 0, 1692279230, 1, 1),
(218, 219, 'tags', 'en', 1, 'Tain Campus', NULL, NULL, 0, 1692279230, 1, 1),
(219, 220, 'tags', 'en', 1, 'Guyana Police Force', NULL, NULL, 0, 1692279230, 1, 1),
(220, 221, 'tags', 'en', 1, 'GPL', NULL, NULL, 0, 1692279230, 1, 1),
(221, 222, 'tags', 'en', 1, 'Dr Devon Gardner', NULL, NULL, 0, 1692279230, 1, 1),
(222, 223, 'tags', 'en', 1, 'Caricom', NULL, NULL, 0, 1692279230, 1, 1),
(223, 224, 'tags', 'en', 1, 'Gary Best', NULL, NULL, 0, 1692279230, 1, 1),
(224, 225, 'tags', 'en', 1, 'Climate Change', NULL, NULL, 0, 1692279230, 1, 1),
(225, 226, 'tags', 'en', 1, 'Registry', NULL, NULL, 0, 1692279230, 1, 1),
(226, 227, 'tags', 'en', 1, 'Leyland Lucas', NULL, NULL, 0, 1692279230, 1, 1),
(227, 228, 'tags', 'en', 1, 'Raphael Trotman', NULL, NULL, 0, 1692279230, 1, 1),
(228, 229, 'tags', 'en', 1, 'Guyana Technical Institute', NULL, NULL, 0, 1692279230, 1, 1),
(229, 230, 'tags', 'en', 1, 'Dave Martins', NULL, NULL, 0, 1692279230, 1, 1),
(230, 231, 'tags', 'en', 1, 'Inaugural Entrepreneurship Conference', NULL, NULL, 0, 1692279230, 1, 1),
(231, 232, 'tags', 'en', 1, 'China', NULL, NULL, 0, 1692279230, 1, 1),
(232, 233, 'tags', 'en', 1, 'Golf', NULL, NULL, 0, 1692279230, 1, 1),
(233, 234, 'tags', 'en', 1, 'Lusignan Golf Club', NULL, NULL, 0, 1692279230, 1, 1),
(234, 235, 'tags', 'en', 1, 'farmers', NULL, NULL, 0, 1692279230, 1, 1),
(235, 236, 'tags', 'en', 1, 'Dr Cheddi B. Jagan', NULL, NULL, 0, 1692279230, 1, 1),
(236, 237, 'tags', 'en', 1, 'University of Guyana Press', NULL, NULL, 0, 1692279230, 1, 1),
(237, 238, 'tags', 'en', 1, 'Venezuela', NULL, NULL, 0, 1692279230, 1, 1),
(238, 239, 'tags', 'en', 1, 'Border Dispute', NULL, NULL, 0, 1692279230, 1, 1),
(239, 240, 'tags', 'en', 1, 'Rates', NULL, NULL, 0, 1692279230, 1, 1),
(240, 241, 'tags', 'en', 1, 'Educational Reform', NULL, NULL, 0, 1692279230, 1, 1),
(241, 242, 'tags', 'en', 1, 'Guyana', NULL, NULL, 0, 1692279230, 1, 1),
(242, 243, 'tags', 'en', 1, 'Suriname', NULL, NULL, 0, 1692279230, 1, 1),
(243, 244, 'tags', 'en', 1, 'Maritime Boundary Dispute', NULL, NULL, 0, 1692279230, 1, 1),
(244, 245, 'tags', 'en', 1, 'Exxon Mobil', NULL, NULL, 0, 1692279230, 1, 1),
(245, 246, 'tags', 'en', 1, 'Campus Store', NULL, NULL, 0, 1692279230, 1, 1),
(246, 247, 'tags', 'en', 1, 'Memorabilia', NULL, NULL, 0, 1692279230, 1, 1),
(247, 248, 'tags', 'en', 1, 'UG Pride', NULL, NULL, 0, 1692279230, 1, 1),
(248, 249, 'tags', 'en', 1, 'LGBT', NULL, NULL, 0, 1692279230, 1, 1),
(249, 250, 'tags', 'en', 1, 'Petroleum', NULL, NULL, 0, 1692279230, 1, 1),
(250, 251, 'tags', 'en', 1, 'Dr. Jan Mangal', NULL, NULL, 0, 1692279230, 1, 1),
(251, 252, 'tags', 'en', 1, 'United Kingdom', NULL, NULL, 0, 1692279230, 1, 1),
(252, 253, 'tags', 'en', 1, 'Food Security', NULL, NULL, 0, 1692279230, 1, 1),
(253, 254, 'tags', 'en', 1, 'Career Day', NULL, NULL, 0, 1692279230, 1, 1),
(254, 255, 'tags', 'en', 1, 'Dawn Fox', NULL, NULL, 0, 1692279230, 1, 1),
(255, 256, 'tags', 'en', 1, 'OWSD-Elsevier Foundation Award', NULL, NULL, 0, 1692279230, 1, 1),
(256, 257, 'tags', 'en', 1, 'Undergraduate', NULL, NULL, 0, 1692279230, 1, 1),
(257, 258, 'tags', 'en', 1, 'Language and Culture Department', NULL, NULL, 0, 1692279230, 1, 1),
(258, 259, 'tags', 'en', 1, 'Guyanese Creole', NULL, NULL, 0, 1692279230, 1, 1),
(259, 260, 'tags', 'en', 1, 'International Mother Language Day', NULL, NULL, 0, 1692279230, 1, 1),
(260, 261, 'tags', 'en', 1, '48th Republic Anniversary', NULL, NULL, 0, 1692279230, 1, 1),
(261, 262, 'tags', 'en', 1, 'CDB', NULL, NULL, 0, 1692279230, 1, 1),
(262, 263, 'tags', 'en', 1, 'Caribbean Development Bank', NULL, NULL, 0, 1692279230, 1, 1),
(263, 264, 'tags', 'en', 1, 'Public Management', NULL, NULL, 0, 1692279230, 1, 1),
(264, 265, 'tags', 'en', 1, 'Shirley Field-Ridley', NULL, NULL, 0, 1692279230, 1, 1),
(265, 266, 'tags', 'en', 1, 'Fee Increases', NULL, NULL, 0, 1692279230, 1, 1),
(266, 267, 'tags', 'en', 1, 'Innov8', NULL, NULL, 0, 1692279230, 1, 1),
(267, 268, 'tags', 'en', 1, 'Republic Bank', NULL, NULL, 0, 1692279230, 1, 1),
(268, 269, 'tags', 'en', 1, 'Faculty of Agriculture & Forestry', NULL, NULL, 0, 1692279230, 1, 1),
(269, 270, 'tags', 'en', 1, 'Joe Singh', NULL, NULL, 0, 1692279230, 1, 1),
(270, 271, 'tags', 'en', 1, 'Law school', NULL, NULL, 0, 1692279230, 1, 1),
(271, 272, 'tags', 'en', 1, 'Basil Williams', NULL, NULL, 0, 1692279230, 1, 1),
(272, 273, 'tags', 'en', 1, 'Microbit', NULL, NULL, 0, 1692279230, 1, 1),
(273, 274, 'tags', 'en', 1, 'Department of Computer Science', NULL, NULL, 0, 1692279230, 1, 1),
(274, 275, 'tags', 'en', 1, 'Bureau of Statistics', NULL, NULL, 0, 1692279230, 1, 1),
(275, 276, 'tags', 'en', 1, 'Guyana Women Health and Life Experience', NULL, NULL, 0, 1692279230, 1, 1),
(276, 277, 'tags', 'en', 1, 'Guyana Women’s Health and Life Experience Survey', NULL, NULL, 0, 1692279230, 1, 1),
(277, 278, 'tags', 'en', 1, 'Dr Leyland M. Lucas', NULL, NULL, 0, 1692279230, 1, 1),
(278, 279, 'tags', 'en', 1, 'Parking', NULL, NULL, 0, 1692279230, 1, 1),
(279, 280, 'tags', 'en', 1, 'Law & Society', NULL, NULL, 0, 1692279230, 1, 1),
(280, 281, 'tags', 'en', 1, 'UGBC', NULL, NULL, 0, 1692279230, 1, 1),
(281, 282, 'tags', 'en', 1, 'Scotiabank', NULL, NULL, 0, 1692279230, 1, 1),
(282, 283, 'tags', 'en', 1, 'Natural Sciences', NULL, NULL, 0, 1692279230, 1, 1),
(283, 284, 'tags', 'en', 1, 'UNDP', NULL, NULL, 0, 1692279230, 1, 1),
(284, 285, 'tags', 'en', 1, 'Jay and Sylvia Sobhraj Foundation', NULL, NULL, 0, 1692279230, 1, 1),
(285, 286, 'tags', 'en', 1, 'Behavioral Studies and Research Centre', NULL, NULL, 0, 1692279230, 1, 1),
(286, 287, 'tags', 'en', 1, 'UG STS Project', NULL, NULL, 0, 1692279230, 1, 1),
(287, 288, 'tags', 'en', 1, 'Human Resource Development', NULL, NULL, 0, 1692279230, 1, 1),
(288, 289, 'tags', 'en', 1, 'Faculty of Natural Sciences', NULL, NULL, 0, 1692279230, 1, 1),
(289, 290, 'tags', 'en', 1, 'Harold Drayton', NULL, NULL, 0, 1692279230, 1, 1),
(290, 291, 'tags', 'en', 1, 'Guyana Economic Development Trust', NULL, NULL, 0, 1692279230, 1, 1),
(291, 292, 'tags', 'en', 1, 'Ministry of Business', NULL, NULL, 0, 1692279230, 1, 1),
(292, 293, 'tags', 'en', 1, 'Dominic Gaskin', NULL, NULL, 0, 1692279230, 1, 1),
(293, 294, 'tags', 'en', 1, 'Conversation on Law and Society', NULL, NULL, 0, 1692279230, 1, 1),
(294, 295, 'tags', 'en', 1, 'Justice Adrian Saunders', NULL, NULL, 0, 1692279230, 1, 1),
(295, 296, 'tags', 'en', 1, 'Queens Foundation', NULL, NULL, 0, 1692279230, 1, 1),
(296, 297, 'tags', 'en', 1, 'The Jay and Sylvia Sobhraj Foundation', NULL, NULL, 0, 1692279230, 1, 1),
(297, 298, 'tags', 'en', 1, 'Department of Language and Cultural Studies', NULL, NULL, 0, 1692279230, 1, 1),
(298, 299, 'tags', 'en', 1, 'Art', NULL, NULL, 0, 1692279230, 1, 1),
(299, 300, 'tags', 'en', 1, 'Literature', NULL, NULL, 0, 1692279230, 1, 1),
(300, 301, 'tags', 'en', 1, 'Language Lab', NULL, NULL, 0, 1692279230, 1, 1),
(301, 302, 'tags', 'en', 1, 'Chinese Embassy', NULL, NULL, 0, 1692279230, 1, 1),
(302, 303, 'tags', 'en', 1, 'Dr Barbara Reynolds', NULL, NULL, 0, 1692279230, 1, 1),
(303, 304, 'tags', 'en', 1, 'Independence', NULL, NULL, 0, 1692279230, 1, 1),
(304, 305, 'tags', 'en', 1, 'Alumni Association', NULL, NULL, 0, 1692279230, 1, 1),
(305, 306, 'tags', 'en', 1, 'Office of Philanthropy', NULL, NULL, 0, 1692279230, 1, 1),
(306, 307, 'tags', 'en', 1, 'Alumni and Civic Engagement', NULL, NULL, 0, 1692279230, 1, 1),
(307, 308, 'tags', 'en', 1, 'Malika Ramsey', NULL, NULL, 0, 1692279230, 1, 1),
(308, 309, 'tags', 'en', 1, 'Ivelaw Griffith', NULL, NULL, 0, 1692279230, 1, 1),
(309, 310, 'tags', 'en', 1, 'Expression of Interest', NULL, NULL, 0, 1692279230, 1, 1),
(310, 311, 'tags', 'en', 1, 'Government', NULL, NULL, 0, 1692279230, 1, 1),
(311, 312, 'tags', 'en', 1, 'Media', NULL, NULL, 0, 1692279230, 1, 1),
(312, 313, 'tags', 'en', 1, 'Jason Mars', NULL, NULL, 0, 1692279230, 1, 1),
(313, 314, 'tags', 'en', 1, 'Clinc Inc.', NULL, NULL, 0, 1692279230, 1, 1),
(314, 315, 'tags', 'en', 1, 'Task Force', NULL, NULL, 0, 1692279230, 1, 1),
(315, 316, 'tags', 'en', 1, 'University of the West Indies', NULL, NULL, 0, 1692279230, 1, 1),
(316, 317, 'tags', 'en', 1, 'Georgetown Public Hospital Corporation', NULL, NULL, 0, 1692279230, 1, 1),
(317, 318, 'tags', 'en', 1, 'Gomathinayagam Subramanian', NULL, NULL, 0, 1692279230, 1, 1),
(318, 319, 'tags', 'en', 1, 'Symposium on Boys’ Education', NULL, NULL, 0, 1692279230, 1, 1),
(319, 320, 'tags', 'en', 1, 'The Commonwealth of Learning', NULL, NULL, 0, 1692279230, 1, 1),
(320, 321, 'tags', 'en', 1, 'Siefy Shahabuddeen', NULL, NULL, 0, 1692279230, 1, 1),
(321, 322, 'tags', 'en', 1, 'Conservation International', NULL, NULL, 0, 1692279230, 1, 1),
(322, 323, 'tags', 'en', 1, 'Department of Petroleum and Geological Engineering', NULL, NULL, 0, 1692279230, 1, 1),
(323, 324, 'tags', 'en', 1, 'Governance', NULL, NULL, 0, 1692279230, 1, 1),
(324, 325, 'tags', 'en', 1, 'Coronavirus (COVID-19)', NULL, NULL, 0, 1692279230, 1, 1),
(325, 326, 'tags', 'en', 1, 'Emergency Contacts', NULL, NULL, 0, 1692279230, 1, 1),
(326, 327, 'tags', 'en', 1, 'Student Loan Agency', NULL, NULL, 0, 1692279230, 1, 1),
(327, 328, 'tags', 'en', 1, 'General', NULL, NULL, 0, 1692279230, 1, 1),
(328, 329, 'tags', 'en', 1, 'Faculty and Staff', NULL, NULL, 0, 1692279230, 1, 1),
(329, 330, 'tags', 'en', 1, 'Cards', NULL, NULL, 0, 1692279230, 1, 1),
(330, 332, 'subscribe', 'en', 1, 'subscribe', NULL, NULL, 0, 1692279233, 1, 1),
(331, 331, 'newsletter', 'en', 1, 'UGIRIE Research', NULL, NULL, 0, 1692279233, 1, 1),
(332, 333, 'ug_research', 'en', 1, 'College of Medical Sciences', NULL, NULL, 0, 1692279233, 1, 1),
(333, 334, 'ug_research', 'en', 1, 'Faculty of Natural Sciences', NULL, NULL, 0, 1692279233, 1, 1),
(334, 335, 'ug_research', 'en', 1, 'Faculty of Agriculture and Forestry', NULL, NULL, 0, 1692279233, 1, 1),
(335, 336, 'ug_research', 'en', 1, 'UGBC', NULL, NULL, 0, 1692279233, 1, 1),
(336, 337, 'ug_research', 'en', 1, 'Faculty of Earth and Environmental Sciences', NULL, NULL, 0, 1692279233, 1, 1),
(337, 338, 'font_classification', 'en', 1, 'sans-serif', NULL, NULL, 0, 1702576187, 1, 1),
(338, 339, 'languages_supported', 'en', 1, 'latin', NULL, NULL, 0, 1702576187, 1, 1),
(339, 340, 'languages_supported', 'en', 1, 'latin-ext', NULL, NULL, 0, 1702576187, 1, 1),
(340, 341, 'font_classification', 'en', 1, 'display', NULL, NULL, 0, 1702576187, 1, 1),
(341, 342, 'languages_supported', 'en', 1, 'adlam', NULL, NULL, 0, 1702576187, 1, 1),
(342, 343, 'languages_supported', 'en', 1, 'vietnamese', NULL, NULL, 0, 1702576188, 1, 1),
(343, 344, 'font_classification', 'en', 1, 'serif', NULL, NULL, 0, 1702576188, 1, 1),
(344, 345, 'languages_supported', 'en', 1, 'sinhala', NULL, NULL, 0, 1702576188, 1, 1),
(345, 346, 'languages_supported', 'en', 1, 'ethiopic', NULL, NULL, 0, 1702576190, 1, 1),
(346, 347, 'languages_supported', 'en', 1, 'cyrillic', NULL, NULL, 0, 1702576190, 1, 1),
(347, 348, 'languages_supported', 'en', 1, 'cyrillic-ext', NULL, NULL, 0, 1702576190, 1, 1),
(348, 349, 'languages_supported', 'en', 1, 'greek', NULL, NULL, 0, 1702576190, 1, 1),
(349, 350, 'languages_supported', 'en', 1, 'math', NULL, NULL, 0, 1702576194, 1, 1),
(350, 351, 'languages_supported', 'en', 1, 'symbols', NULL, NULL, 0, 1702576194, 1, 1),
(351, 352, 'font_classification', 'en', 1, 'handwriting', NULL, NULL, 0, 1702576197, 1, 1),
(352, 353, 'languages_supported', 'en', 1, 'tifinagh', NULL, NULL, 0, 1702576197, 1, 1),
(353, 354, 'languages_supported', 'en', 1, 'kannada', NULL, NULL, 0, 1702576197, 1, 1),
(354, 355, 'languages_supported', 'en', 1, 'telugu', NULL, NULL, 0, 1702576197, 1, 1),
(355, 356, 'languages_supported', 'en', 1, 'devanagari', NULL, NULL, 0, 1702576197, 1, 1),
(356, 357, 'languages_supported', 'en', 1, 'hebrew', NULL, NULL, 0, 1702576201, 1, 1),
(357, 358, 'languages_supported', 'en', 1, 'greek-ext', NULL, NULL, 0, 1702576201, 1, 1),
(358, 359, 'languages_supported', 'en', 1, 'arabic', NULL, NULL, 0, 1702576219, 1, 1),
(359, 360, 'languages_supported', 'en', 1, 'bengali', NULL, NULL, 0, 1702576220, 1, 1),
(360, 361, 'languages_supported', 'en', 1, 'oriya', NULL, NULL, 0, 1702576220, 1, 1),
(361, 362, 'languages_supported', 'en', 1, 'gujarati', NULL, NULL, 0, 1702576234, 1, 1),
(362, 363, 'languages_supported', 'en', 1, 'gurmukhi', NULL, NULL, 0, 1702576236, 1, 1),
(363, 364, 'languages_supported', 'en', 1, 'malayalam', NULL, NULL, 0, 1702576238, 1, 1),
(364, 365, 'languages_supported', 'en', 1, 'tamil', NULL, NULL, 0, 1702576241, 1, 1),
(365, 366, 'languages_supported', 'en', 1, 'khmer', NULL, NULL, 0, 1702576242, 1, 1),
(366, 367, 'font_classification', 'en', 1, 'monospace', NULL, NULL, 0, 1702576242, 1, 1),
(367, 368, 'languages_supported', 'en', 1, 'thai', NULL, NULL, 0, 1702576245, 1, 1),
(368, 369, 'languages_supported', 'en', 1, 'japanese', NULL, NULL, 0, 1702576248, 1, 1),
(369, 370, 'languages_supported', 'en', 1, 'korean', NULL, NULL, 0, 1702576271, 1, 1),
(370, 371, 'languages_supported', 'en', 1, 'new-tai-lue', NULL, NULL, 0, 1702576370, 1, 1),
(371, 372, 'languages_supported', 'en', 1, 'cherokee', NULL, NULL, 0, 1702576401, 1, 1),
(372, 373, 'languages_supported', 'en', 1, 'armenian', NULL, NULL, 0, 1702576473, 1, 1),
(373, 374, 'languages_supported', 'en', 1, 'tibetan', NULL, NULL, 0, 1702576529, 1, 1),
(374, 375, 'languages_supported', 'en', 1, 'kayah-li', NULL, NULL, 0, 1702576534, 1, 1),
(375, 376, 'languages_supported', 'en', 1, 'lisu', NULL, NULL, 0, 1702576590, 1, 1),
(376, 377, 'languages_supported', 'en', 1, 'chinese-simplified', NULL, NULL, 0, 1702576597, 1, 1),
(377, 378, 'languages_supported', 'en', 1, 'lepcha', NULL, NULL, 0, 1702576637, 1, 1),
(378, 379, 'languages_supported', 'en', 1, 'gunjala-gondi', NULL, NULL, 0, 1702576665, 1, 1),
(379, 380, 'languages_supported', 'en', 1, 'emoji', NULL, NULL, 0, 1702576673, 1, 1),
(380, 381, 'languages_supported', 'en', 1, 'music', NULL, NULL, 0, 1702576673, 1, 1),
(381, 382, 'languages_supported', 'en', 1, 'anatolian-hieroglyphs', NULL, NULL, 0, 1702576683, 1, 1),
(382, 383, 'languages_supported', 'en', 1, 'avestan', NULL, NULL, 0, 1702576685, 1, 1),
(383, 384, 'languages_supported', 'en', 1, 'balinese', NULL, NULL, 0, 1702576685, 1, 1),
(384, 385, 'languages_supported', 'en', 1, 'bamum', NULL, NULL, 0, 1702576685, 1, 1),
(385, 386, 'languages_supported', 'en', 1, 'bassa-vah', NULL, NULL, 0, 1702576687, 1, 1),
(386, 387, 'languages_supported', 'en', 1, 'batak', NULL, NULL, 0, 1702576687, 1, 1),
(387, 388, 'languages_supported', 'en', 1, 'bhaiksuki', NULL, NULL, 0, 1702576688, 1, 1),
(388, 389, 'languages_supported', 'en', 1, 'brahmi', NULL, NULL, 0, 1702576688, 1, 1),
(389, 390, 'languages_supported', 'en', 1, 'buginese', NULL, NULL, 0, 1702576688, 1, 1),
(390, 391, 'languages_supported', 'en', 1, 'buhid', NULL, NULL, 0, 1702576688, 1, 1),
(391, 392, 'languages_supported', 'en', 1, 'canadian-aboriginal', NULL, NULL, 0, 1702576689, 1, 1),
(392, 393, 'languages_supported', 'en', 1, 'carian', NULL, NULL, 0, 1702576691, 1, 1),
(393, 394, 'languages_supported', 'en', 1, 'caucasian-albanian', NULL, NULL, 0, 1702576691, 1, 1),
(394, 395, 'languages_supported', 'en', 1, 'chakma', NULL, NULL, 0, 1702576691, 1, 1),
(395, 396, 'languages_supported', 'en', 1, 'cham', NULL, NULL, 0, 1702576691, 1, 1),
(396, 397, 'languages_supported', 'en', 1, 'chorasmian', NULL, NULL, 0, 1702576694, 1, 1),
(397, 398, 'languages_supported', 'en', 1, 'coptic', NULL, NULL, 0, 1702576694, 1, 1),
(398, 399, 'languages_supported', 'en', 1, 'cuneiform', NULL, NULL, 0, 1702576694, 1, 1),
(399, 400, 'languages_supported', 'en', 1, 'cypriot', NULL, NULL, 0, 1702576694, 1, 1),
(400, 401, 'languages_supported', 'en', 1, 'cypro-minoan', NULL, NULL, 0, 1702576694, 1, 1),
(401, 402, 'languages_supported', 'en', 1, 'deseret', NULL, NULL, 0, 1702576694, 1, 1),
(402, 403, 'languages_supported', 'en', 1, 'duployan', NULL, NULL, 0, 1702576700, 1, 1),
(403, 404, 'languages_supported', 'en', 1, 'egyptian-hieroglyphs', NULL, NULL, 0, 1702576700, 1, 1),
(404, 405, 'languages_supported', 'en', 1, 'elbasan', NULL, NULL, 0, 1702576700, 1, 1),
(405, 406, 'languages_supported', 'en', 1, 'elymaic', NULL, NULL, 0, 1702576702, 1, 1),
(406, 407, 'languages_supported', 'en', 1, 'georgian', NULL, NULL, 0, 1702576703, 1, 1),
(407, 408, 'languages_supported', 'en', 1, 'glagolitic', NULL, NULL, 0, 1702576704, 1, 1),
(408, 409, 'languages_supported', 'en', 1, 'gothic', NULL, NULL, 0, 1702576704, 1, 1),
(409, 410, 'languages_supported', 'en', 1, 'grantha', NULL, NULL, 0, 1702576704, 1, 1),
(410, 411, 'languages_supported', 'en', 1, 'chinese-hongkong', NULL, NULL, 0, 1702576709, 1, 1),
(411, 412, 'languages_supported', 'en', 1, 'hanifi-rohingya', NULL, NULL, 0, 1702576710, 1, 1),
(412, 413, 'languages_supported', 'en', 1, 'hanunoo', NULL, NULL, 0, 1702576710, 1, 1),
(413, 414, 'languages_supported', 'en', 1, 'hatran', NULL, NULL, 0, 1702576711, 1, 1),
(414, 415, 'languages_supported', 'en', 1, 'imperial-aramaic', NULL, NULL, 0, 1702576713, 1, 1),
(415, 416, 'languages_supported', 'en', 1, 'indic-siyaq-numbers', NULL, NULL, 0, 1702576713, 1, 1),
(416, 417, 'languages_supported', 'en', 1, 'inscriptional-pahlavi', NULL, NULL, 0, 1702576713, 1, 1),
(417, 418, 'languages_supported', 'en', 1, 'inscriptional-parthian', NULL, NULL, 0, 1702576713, 1, 1),
(418, 419, 'languages_supported', 'en', 1, 'javanese', NULL, NULL, 0, 1702576715, 1, 1),
(419, 420, 'languages_supported', 'en', 1, 'kaithi', NULL, NULL, 0, 1702576718, 1, 1),
(420, 421, 'languages_supported', 'en', 1, 'kawi', NULL, NULL, 0, 1702576719, 1, 1),
(421, 422, 'languages_supported', 'en', 1, 'kharoshthi', NULL, NULL, 0, 1702576719, 1, 1),
(422, 423, 'languages_supported', 'en', 1, 'khojki', NULL, NULL, 0, 1702576720, 1, 1),
(423, 424, 'languages_supported', 'en', 1, 'khudawadi', NULL, NULL, 0, 1702576722, 1, 1),
(424, 425, 'languages_supported', 'en', 1, 'lao', NULL, NULL, 0, 1702576722, 1, 1),
(425, 426, 'languages_supported', 'en', 1, 'limbu', NULL, NULL, 0, 1702576725, 1, 1),
(426, 427, 'languages_supported', 'en', 1, 'linear-a', NULL, NULL, 0, 1702576725, 1, 1),
(427, 428, 'languages_supported', 'en', 1, 'linear-b', NULL, NULL, 0, 1702576725, 1, 1),
(428, 429, 'languages_supported', 'en', 1, 'lycian', NULL, NULL, 0, 1702576725, 1, 1),
(429, 430, 'languages_supported', 'en', 1, 'lydian', NULL, NULL, 0, 1702576725, 1, 1),
(430, 431, 'languages_supported', 'en', 1, 'mahajani', NULL, NULL, 0, 1702576726, 1, 1),
(431, 432, 'languages_supported', 'en', 1, 'mandaic', NULL, NULL, 0, 1702576727, 1, 1),
(432, 433, 'languages_supported', 'en', 1, 'manichaean', NULL, NULL, 0, 1702576727, 1, 1),
(433, 434, 'languages_supported', 'en', 1, 'marchen', NULL, NULL, 0, 1702576727, 1, 1),
(434, 435, 'languages_supported', 'en', 1, 'masaram-gondi', NULL, NULL, 0, 1702576727, 1, 1),
(435, 436, 'languages_supported', 'en', 1, 'mayan-numerals', NULL, NULL, 0, 1702576727, 1, 1),
(436, 437, 'languages_supported', 'en', 1, 'medefaidrin', NULL, NULL, 0, 1702576727, 1, 1),
(437, 438, 'languages_supported', 'en', 1, 'meetei-mayek', NULL, NULL, 0, 1702576729, 1, 1),
(438, 439, 'languages_supported', 'en', 1, 'mende-kikakui', NULL, NULL, 0, 1702576729, 1, 1),
(439, 440, 'languages_supported', 'en', 1, 'meroitic', NULL, NULL, 0, 1702576729, 1, 1),
(440, 441, 'languages_supported', 'en', 1, 'meroitic-cursive', NULL, NULL, 0, 1702576730, 1, 1),
(441, 442, 'languages_supported', 'en', 1, 'meroitic-hieroglyphs', NULL, NULL, 0, 1702576730, 1, 1),
(442, 443, 'languages_supported', 'en', 1, 'miao', NULL, NULL, 0, 1702576730, 1, 1),
(443, 444, 'languages_supported', 'en', 1, 'modi', NULL, NULL, 0, 1702576730, 1, 1),
(444, 445, 'languages_supported', 'en', 1, 'mongolian', NULL, NULL, 0, 1702576730, 1, 1),
(445, 446, 'languages_supported', 'en', 1, 'mro', NULL, NULL, 0, 1702576733, 1, 1),
(446, 447, 'languages_supported', 'en', 1, 'multani', NULL, NULL, 0, 1702576733, 1, 1),
(447, 448, 'languages_supported', 'en', 1, 'myanmar', NULL, NULL, 0, 1702576733, 1, 1),
(448, 449, 'languages_supported', 'en', 1, 'nko', NULL, NULL, 0, 1702576734, 1, 1),
(449, 450, 'languages_supported', 'en', 1, 'nabataean', NULL, NULL, 0, 1702576734, 1, 1),
(450, 451, 'languages_supported', 'en', 1, 'nag-mundari', NULL, NULL, 0, 1702576734, 1, 1),
(451, 452, 'languages_supported', 'en', 1, 'nandinagari', NULL, NULL, 0, 1702576735, 1, 1),
(452, 453, 'languages_supported', 'en', 1, 'newa', NULL, NULL, 0, 1702576735, 1, 1),
(453, 454, 'languages_supported', 'en', 1, 'nushu', NULL, NULL, 0, 1702576735, 1, 1),
(454, 455, 'languages_supported', 'en', 1, 'ogham', NULL, NULL, 0, 1702576735, 1, 1),
(455, 456, 'languages_supported', 'en', 1, 'ol-chiki', NULL, NULL, 0, 1702576735, 1, 1),
(456, 457, 'languages_supported', 'en', 1, 'old-hungarian', NULL, NULL, 0, 1702576737, 1, 1),
(457, 458, 'languages_supported', 'en', 1, 'old-italic', NULL, NULL, 0, 1702576737, 1, 1),
(458, 459, 'languages_supported', 'en', 1, 'old-north-arabian', NULL, NULL, 0, 1702576737, 1, 1),
(459, 460, 'languages_supported', 'en', 1, 'old-permic', NULL, NULL, 0, 1702576737, 1, 1),
(460, 461, 'languages_supported', 'en', 1, 'old-persian', NULL, NULL, 0, 1702576737, 1, 1),
(461, 462, 'languages_supported', 'en', 1, 'old-sogdian', NULL, NULL, 0, 1702576737, 1, 1),
(462, 463, 'languages_supported', 'en', 1, 'old-south-arabian', NULL, NULL, 0, 1702576737, 1, 1),
(463, 464, 'languages_supported', 'en', 1, 'old-turkic', NULL, NULL, 0, 1702576738, 1, 1),
(464, 465, 'languages_supported', 'en', 1, 'osage', NULL, NULL, 0, 1702576739, 1, 1),
(465, 466, 'languages_supported', 'en', 1, 'osmanya', NULL, NULL, 0, 1702576739, 1, 1),
(466, 467, 'languages_supported', 'en', 1, 'pahawh-hmong', NULL, NULL, 0, 1702576739, 1, 1),
(467, 468, 'languages_supported', 'en', 1, 'palmyrene', NULL, NULL, 0, 1702576739, 1, 1),
(468, 469, 'languages_supported', 'en', 1, 'pau-cin-hau', NULL, NULL, 0, 1702576739, 1, 1),
(469, 470, 'languages_supported', 'en', 1, 'phags-pa', NULL, NULL, 0, 1702576739, 1, 1),
(470, 471, 'languages_supported', 'en', 1, 'phoenician', NULL, NULL, 0, 1702576739, 1, 1),
(471, 472, 'languages_supported', 'en', 1, 'psalter-pahlavi', NULL, NULL, 0, 1702576739, 1, 1),
(472, 473, 'languages_supported', 'en', 1, 'rejang', NULL, NULL, 0, 1702576739, 1, 1),
(473, 474, 'languages_supported', 'en', 1, 'runic', NULL, NULL, 0, 1702576739, 1, 1),
(474, 475, 'languages_supported', 'en', 1, 'samaritan', NULL, NULL, 0, 1702576742, 1, 1),
(475, 476, 'languages_supported', 'en', 1, 'saurashtra', NULL, NULL, 0, 1702576742, 1, 1),
(476, 477, 'languages_supported', 'en', 1, 'sharada', NULL, NULL, 0, 1702576742, 1, 1),
(477, 478, 'languages_supported', 'en', 1, 'shavian', NULL, NULL, 0, 1702576742, 1, 1),
(478, 479, 'languages_supported', 'en', 1, 'siddham', NULL, NULL, 0, 1702576742, 1, 1),
(479, 480, 'languages_supported', 'en', 1, 'signwriting', NULL, NULL, 0, 1702576744, 1, 1),
(480, 481, 'languages_supported', 'en', 1, 'sogdian', NULL, NULL, 0, 1702576745, 1, 1),
(481, 482, 'languages_supported', 'en', 1, 'sora-sompeng', NULL, NULL, 0, 1702576745, 1, 1),
(482, 483, 'languages_supported', 'en', 1, 'soyombo', NULL, NULL, 0, 1702576745, 1, 1),
(483, 484, 'languages_supported', 'en', 1, 'sundanese', NULL, NULL, 0, 1702576745, 1, 1),
(484, 485, 'languages_supported', 'en', 1, 'syloti-nagri', NULL, NULL, 0, 1702576746, 1, 1),
(485, 486, 'languages_supported', 'en', 1, 'braille', NULL, NULL, 0, 1702576748, 1, 1),
(486, 487, 'languages_supported', 'en', 1, 'syriac', NULL, NULL, 0, 1702576748, 1, 1),
(487, 488, 'languages_supported', 'en', 1, 'chinese-traditional', NULL, NULL, 0, 1702576750, 1, 1),
(488, 489, 'languages_supported', 'en', 1, 'tagalog', NULL, NULL, 0, 1702576752, 1, 1),
(489, 490, 'languages_supported', 'en', 1, 'tagbanwa', NULL, NULL, 0, 1702576752, 1, 1),
(490, 491, 'languages_supported', 'en', 1, 'tai-le', NULL, NULL, 0, 1702576752, 1, 1),
(491, 492, 'languages_supported', 'en', 1, 'tai-tham', NULL, NULL, 0, 1702576752, 1, 1),
(492, 493, 'languages_supported', 'en', 1, 'tai-viet', NULL, NULL, 0, 1702576754, 1, 1),
(493, 494, 'languages_supported', 'en', 1, 'takri', NULL, NULL, 0, 1702576754, 1, 1),
(494, 495, 'languages_supported', 'en', 1, 'tamil-supplement', NULL, NULL, 0, 1702576755, 1, 1),
(495, 496, 'languages_supported', 'en', 1, 'tangsa', NULL, NULL, 0, 1702576755, 1, 1),
(496, 497, 'languages_supported', 'en', 1, 'thaana', NULL, NULL, 0, 1702576756, 1, 1),
(497, 498, 'languages_supported', 'en', 1, 'tirhuta', NULL, NULL, 0, 1702576761, 1, 1),
(498, 499, 'languages_supported', 'en', 1, 'ugaritic', NULL, NULL, 0, 1702576761, 1, 1),
(499, 500, 'languages_supported', 'en', 1, 'vai', NULL, NULL, 0, 1702576761, 1, 1),
(500, 501, 'languages_supported', 'en', 1, 'vithkuqi', NULL, NULL, 0, 1702576761, 1, 1),
(501, 502, 'languages_supported', 'en', 1, 'wancho', NULL, NULL, 0, 1702576762, 1, 1),
(502, 503, 'languages_supported', 'en', 1, 'warang-citi', NULL, NULL, 0, 1702576762, 1, 1),
(503, 504, 'languages_supported', 'en', 1, 'yi', NULL, NULL, 0, 1702576762, 1, 1),
(504, 505, 'languages_supported', 'en', 1, 'zanabazar-square', NULL, NULL, 0, 1702576762, 1, 1),
(505, 506, 'languages_supported', 'en', 1, 'ahom', NULL, NULL, 0, 1702576768, 1, 1),
(506, 507, 'languages_supported', 'en', 1, 'dogra', NULL, NULL, 0, 1702576777, 1, 1),
(507, 508, 'languages_supported', 'en', 1, 'khitan-small-script', NULL, NULL, 0, 1702576788, 1, 1),
(508, 509, 'languages_supported', 'en', 1, 'makasar', NULL, NULL, 0, 1702576791, 1, 1),
(509, 510, 'languages_supported', 'en', 1, 'nyiakeng-puachue-hmong', NULL, NULL, 0, 1702576792, 1, 1),
(510, 511, 'languages_supported', 'en', 1, 'old-uyghur', NULL, NULL, 0, 1702576792, 1, 1),
(511, 512, 'languages_supported', 'en', 1, 'ottoman-siyaq-numbers', NULL, NULL, 0, 1702576794, 1, 1),
(512, 513, 'languages_supported', 'en', 1, 'tangut', NULL, NULL, 0, 1702576798, 1, 1),
(513, 514, 'languages_supported', 'en', 1, 'toto', NULL, NULL, 0, 1702576802, 1, 1),
(514, 515, 'languages_supported', 'en', 1, 'yezidi', NULL, NULL, 0, 1702576803, 1, 1);

-- --------------------------------------------------------

--
-- Table structure for table `taxonomy_term_field_revision`
--

CREATE TABLE `taxonomy_term_field_revision` (
  `tid` int UNSIGNED NOT NULL,
  `revision_id` int UNSIGNED NOT NULL,
  `langcode` varchar(12) CHARACTER SET ascii COLLATE ascii_general_ci NOT NULL,
  `status` tinyint NOT NULL,
  `name` varchar(255) CHARACTER SET utf8mb4 COLLATE utf8mb4_general_ci DEFAULT NULL,
  `description__value` longtext CHARACTER SET utf8mb4 COLLATE utf8mb4_general_ci,
  `description__format` varchar(255) CHARACTER SET ascii COLLATE ascii_general_ci DEFAULT NULL,
  `changed` int DEFAULT NULL,
  `default_langcode` tinyint NOT NULL,
  `revision_translation_affected` tinyint DEFAULT NULL
) ENGINE=InnoDB DEFAULT CHARSET=utf8mb4 COLLATE=utf8mb4_general_ci COMMENT='The revision data table for taxonomy_term entities.';

--
-- Dumping data for table `taxonomy_term_field_revision`
--

INSERT INTO `taxonomy_term_field_revision` (`tid`, `revision_id`, `langcode`, `status`, `name`, `description__value`, `description__format`, `changed`, `default_langcode`, `revision_translation_affected`) VALUES
(1, 1, 'en', 1, 'PR News Releases', '<p>University of Guyana Newsletter</p>\r\n', 'filtered_html', NULL, 1, 1),
(2, 2, 'en', 1, 'renaissance', NULL, NULL, NULL, 1, 1),
(3, 3, 'en', 1, 'newsletter', NULL, NULL, NULL, 1, 1),
(5, 5, 'en', 1, 'Press Release', NULL, NULL, NULL, 1, 1),
(6, 6, 'en', 1, 'Public Relations Division', NULL, NULL, NULL, 1, 1),
(7, 7, 'en', 1, 'approved', NULL, NULL, NULL, 1, 1),
(8, 8, 'en', 1, 'pending', NULL, NULL, NULL, 1, 1),
(9, 9, 'en', 1, 'denied', NULL, NULL, NULL, 1, 1),
(10, 10, 'en', 1, 'Renaissance Newsletter', NULL, NULL, NULL, 1, 1),
(11, 11, 'en', 1, 'Ian Randle publishing research', NULL, NULL, NULL, 1, 1),
(12, 12, 'en', 1, 'Ian Randle', NULL, NULL, NULL, 1, 1),
(13, 13, 'en', 1, 'publishing', NULL, NULL, NULL, 1, 1),
(14, 14, 'en', 1, 'research', NULL, NULL, NULL, 1, 1),
(15, 15, 'en', 1, 'Industrial Action', NULL, NULL, NULL, 1, 1),
(16, 16, 'en', 1, 'Facing The Nation', NULL, NULL, NULL, 1, 1),
(17, 17, 'en', 1, 'turkeyen campus', NULL, NULL, NULL, 1, 1),
(18, 18, 'en', 1, 'fire', NULL, NULL, NULL, 1, 1),
(19, 19, 'en', 1, 'CID', NULL, NULL, NULL, 1, 1),
(20, 20, 'en', 1, 'CIT', NULL, NULL, NULL, 1, 1),
(21, 21, 'en', 1, 'Vice-Chancellor', NULL, NULL, NULL, 1, 1),
(22, 22, 'en', 1, 'investigation', NULL, NULL, NULL, 1, 1),
(23, 23, 'en', 1, 'Tution', NULL, NULL, NULL, 1, 1),
(24, 24, 'en', 1, 'fees', NULL, NULL, NULL, 1, 1),
(25, 25, 'en', 1, 'salaries', NULL, NULL, NULL, 1, 1),
(26, 26, 'en', 1, 'ug council', NULL, NULL, NULL, 1, 1),
(27, 27, 'en', 1, 'ugss', NULL, NULL, NULL, 1, 1),
(28, 28, 'en', 1, 'General UOG News', NULL, NULL, NULL, 1, 1),
(29, 29, 'en', 1, 'law', NULL, NULL, NULL, 1, 1),
(30, 30, 'en', 1, 'prize', NULL, NULL, NULL, 1, 1),
(31, 31, 'en', 1, 'alumni', NULL, NULL, NULL, 1, 1),
(32, 32, 'en', 1, 'internet', NULL, NULL, NULL, 1, 1),
(33, 33, 'en', 1, 'Information Technology', NULL, NULL, NULL, 1, 1),
(34, 34, 'en', 1, 'Ministry of Public Telecommunications', NULL, NULL, NULL, 1, 1),
(35, 35, 'en', 1, 'private sector', NULL, NULL, NULL, 1, 1),
(36, 36, 'en', 1, 'business', NULL, NULL, NULL, 1, 1),
(37, 37, 'en', 1, 'Finance minister', NULL, NULL, NULL, 1, 1),
(38, 38, 'en', 1, 'increase', NULL, NULL, NULL, 1, 1),
(39, 39, 'en', 1, 'tuition', NULL, NULL, NULL, 1, 1),
(40, 40, 'en', 1, 'contracts', NULL, NULL, NULL, 1, 1),
(41, 41, 'en', 1, 'rehabilitation', NULL, NULL, NULL, 1, 1),
(42, 42, 'en', 1, 'ICT', NULL, NULL, NULL, 1, 1),
(43, 43, 'en', 1, 'Dream', NULL, NULL, NULL, 1, 1),
(44, 44, 'en', 1, 'eldon marks', NULL, NULL, NULL, 1, 1),
(45, 45, 'en', 1, 'version75', NULL, NULL, NULL, 1, 1),
(46, 46, 'en', 1, 'weOwn space', NULL, NULL, NULL, 1, 1),
(47, 47, 'en', 1, 'entrepreneurship', NULL, NULL, NULL, 1, 1),
(48, 48, 'en', 1, 'uog update', NULL, NULL, NULL, 1, 1),
(49, 49, 'en', 1, 'UG Press', NULL, NULL, NULL, 1, 1),
(50, 50, 'en', 1, 'University of North Georgia', NULL, NULL, NULL, 1, 1),
(51, 51, 'en', 1, 'Ian Randle Publishers', NULL, NULL, NULL, 1, 1),
(52, 52, 'en', 1, 'MoU', NULL, NULL, NULL, 1, 1),
(53, 53, 'en', 1, 'administration', NULL, NULL, NULL, 1, 1),
(54, 54, 'en', 1, 'politics', NULL, NULL, NULL, 1, 1),
(55, 55, 'en', 1, 'prison', NULL, NULL, NULL, 1, 1),
(56, 56, 'en', 1, 'solar farm', NULL, NULL, NULL, 1, 1),
(57, 57, 'en', 1, 'MovieTowne Inc', NULL, NULL, NULL, 1, 1),
(58, 58, 'en', 1, 'Housing', NULL, NULL, NULL, 1, 1),
(59, 59, 'en', 1, 'diaspora', NULL, NULL, NULL, 1, 1),
(60, 60, 'en', 1, 'diaspora engagement conference', NULL, NULL, NULL, 1, 1),
(61, 61, 'en', 1, 'president granger', NULL, NULL, NULL, 1, 1),
(62, 62, 'en', 1, 'Bharrat Jagdeo', NULL, NULL, NULL, 1, 1),
(63, 63, 'en', 1, 'SEBI', NULL, NULL, NULL, 1, 1),
(64, 64, 'en', 1, 'Innovation', NULL, NULL, NULL, 1, 1),
(65, 65, 'en', 1, 'sports', NULL, NULL, NULL, 1, 1),
(66, 66, 'en', 1, 'ministry of education', NULL, NULL, NULL, 1, 1),
(67, 67, 'en', 1, 'library', NULL, NULL, NULL, 1, 1),
(68, 68, 'en', 1, 'books', NULL, NULL, NULL, 1, 1),
(69, 69, 'en', 1, 'launch', NULL, NULL, NULL, 1, 1),
(70, 70, 'en', 1, 'Indo-Caribbean', NULL, NULL, NULL, 1, 1),
(71, 71, 'en', 1, 'Kaieteur News', NULL, NULL, NULL, 1, 1),
(72, 72, 'en', 1, 'oil', NULL, NULL, NULL, 1, 1),
(73, 73, 'en', 1, 'gas', NULL, NULL, NULL, 1, 1),
(74, 74, 'en', 1, 'turkeyen & tain talks', NULL, NULL, NULL, 1, 1),
(75, 75, 'en', 1, 'beribice campus', NULL, NULL, NULL, 1, 1),
(76, 76, 'en', 1, 'awards', NULL, NULL, NULL, 1, 1),
(77, 77, 'en', 1, 'Anthony N. Sabga', NULL, NULL, NULL, 1, 1),
(78, 78, 'en', 1, 'Caribbean Awards', NULL, NULL, NULL, 1, 1),
(79, 79, 'en', 1, 'nursing', NULL, NULL, NULL, 1, 1),
(80, 80, 'en', 1, 'health sciences', NULL, NULL, NULL, 1, 1),
(81, 81, 'en', 1, 'national development', NULL, NULL, NULL, 1, 1),
(82, 82, 'en', 1, 'guyanese', NULL, NULL, NULL, 1, 1),
(83, 83, 'en', 1, 'professor', NULL, NULL, NULL, 1, 1),
(84, 84, 'en', 1, 'John R. Rickford', NULL, NULL, NULL, 1, 1),
(85, 85, 'en', 1, 'American Academy of Arts and Sciences', NULL, NULL, NULL, 1, 1),
(86, 86, 'en', 1, 'Winslow Craig', NULL, NULL, NULL, 1, 1),
(87, 87, 'en', 1, 'PACE', NULL, NULL, NULL, 1, 1),
(88, 88, 'en', 1, 'student fund', NULL, NULL, NULL, 1, 1),
(89, 89, 'en', 1, 'go-kart', NULL, NULL, NULL, 1, 1),
(90, 90, 'en', 1, 'co-curricular activity', NULL, NULL, NULL, 1, 1),
(91, 91, 'en', 1, 'GDF', NULL, NULL, NULL, 1, 1),
(92, 92, 'en', 1, 'cadet programme', NULL, NULL, NULL, 1, 1),
(93, 93, 'en', 1, 'national awards', NULL, NULL, NULL, 1, 1),
(94, 94, 'en', 1, 'Guyana Review', NULL, NULL, NULL, 1, 1),
(95, 95, 'en', 1, 'book launch', NULL, NULL, NULL, 1, 1),
(96, 96, 'en', 1, 'Noel Menezes', NULL, NULL, NULL, 1, 1),
(97, 97, 'en', 1, 'gtt', NULL, NULL, NULL, 1, 1),
(98, 98, 'en', 1, 'mmg', NULL, NULL, NULL, 1, 1),
(99, 99, 'en', 1, 'student loans', NULL, NULL, NULL, 1, 1),
(100, 100, 'en', 1, 'loans', NULL, NULL, NULL, 1, 1),
(101, 101, 'en', 1, 'Teleconferencing', NULL, NULL, NULL, 1, 1),
(102, 102, 'en', 1, 'Ministry of Finance', NULL, NULL, NULL, 1, 1),
(103, 103, 'en', 1, 'agriculture', NULL, NULL, NULL, 1, 1),
(104, 104, 'en', 1, 'graduate students', NULL, NULL, NULL, 1, 1),
(105, 105, 'en', 1, 'University of Arkansas at Pine Bluff', NULL, NULL, NULL, 1, 1),
(106, 106, 'en', 1, 'Ken Danns', NULL, NULL, NULL, 1, 1),
(107, 107, 'en', 1, 'workshop', NULL, NULL, NULL, 1, 1),
(108, 108, 'en', 1, 'first lady', NULL, NULL, NULL, 1, 1),
(109, 109, 'en', 1, 'Sandra Granger', NULL, NULL, NULL, 1, 1),
(110, 110, 'en', 1, 'diaspora centre', NULL, NULL, NULL, 1, 1),
(111, 111, 'en', 1, 'World Bank', NULL, NULL, NULL, 1, 1),
(112, 112, 'en', 1, 'Loan', NULL, NULL, NULL, 1, 1),
(113, 113, 'en', 1, 'STEM Guyana', NULL, NULL, NULL, 1, 1),
(114, 114, 'en', 1, 'Mexico', NULL, NULL, NULL, 1, 1),
(115, 115, 'en', 1, 'pilfering', NULL, NULL, NULL, 1, 1),
(116, 116, 'en', 1, 'promotions', NULL, NULL, NULL, 1, 1),
(117, 117, 'en', 1, 'appointments', NULL, NULL, NULL, 1, 1),
(118, 118, 'en', 1, 'senior administration', NULL, NULL, NULL, 1, 1),
(119, 119, 'en', 1, 'crime', NULL, NULL, NULL, 1, 1),
(120, 120, 'en', 1, 'youth', NULL, NULL, NULL, 1, 1),
(121, 121, 'en', 1, 'University of Arkansas', NULL, NULL, NULL, 1, 1),
(122, 122, 'en', 1, 'UAPB', NULL, NULL, NULL, 1, 1),
(123, 123, 'en', 1, 'violence', NULL, NULL, NULL, 1, 1),
(124, 124, 'en', 1, 'public security', NULL, NULL, NULL, 1, 1),
(125, 125, 'en', 1, 'intellect storm', NULL, NULL, NULL, 1, 1),
(126, 126, 'en', 1, 'Confucius Institute', NULL, NULL, NULL, 1, 1),
(127, 127, 'en', 1, 'Mandarin', NULL, NULL, NULL, 1, 1),
(128, 128, 'en', 1, 'Dalian University of Foreign Languages', NULL, NULL, NULL, 1, 1),
(129, 129, 'en', 1, 'curriculum update', NULL, NULL, NULL, 1, 1),
(130, 130, 'en', 1, 'STEAM', NULL, NULL, NULL, 1, 1),
(131, 131, 'en', 1, 'science', NULL, NULL, NULL, 1, 1),
(132, 132, 'en', 1, 'engineeering', NULL, NULL, NULL, 1, 1),
(133, 133, 'en', 1, 'mobile money', NULL, NULL, NULL, 1, 1),
(134, 134, 'en', 1, 'Investiture', NULL, NULL, NULL, 1, 1),
(135, 135, 'en', 1, 'Food and Nutrition', NULL, NULL, NULL, 1, 1),
(136, 136, 'en', 1, 'UWI', NULL, NULL, NULL, 1, 1),
(137, 137, 'en', 1, 'medical school', NULL, NULL, NULL, 1, 1),
(138, 138, 'en', 1, 'tech', NULL, NULL, NULL, 1, 1),
(139, 139, 'en', 1, 'accreditation', NULL, NULL, NULL, 1, 1),
(140, 140, 'en', 1, 'athletics', NULL, NULL, NULL, 1, 1),
(141, 141, 'en', 1, 'scholarship', NULL, NULL, NULL, 1, 1),
(142, 142, 'en', 1, 'literacy', NULL, NULL, NULL, 1, 1),
(143, 143, 'en', 1, 'reading programme', NULL, NULL, NULL, 1, 1),
(144, 144, 'en', 1, 'social work', NULL, NULL, NULL, 1, 1),
(145, 145, 'en', 1, 'social sciences', NULL, NULL, NULL, 1, 1),
(146, 146, 'en', 1, 'masters', NULL, NULL, NULL, 1, 1),
(147, 147, 'en', 1, 'graduate level', NULL, NULL, NULL, 1, 1),
(148, 148, 'en', 1, 'admissions', NULL, NULL, NULL, 1, 1),
(149, 149, 'en', 1, 'document verfification', NULL, NULL, NULL, 1, 1),
(150, 150, 'en', 1, 'Barbara Reynolds', NULL, NULL, NULL, 1, 1),
(151, 151, 'en', 1, 'School of Energy and Mines', NULL, NULL, NULL, 1, 1),
(152, 152, 'en', 1, 'Harold A. Drayton', NULL, NULL, NULL, 1, 1),
(153, 153, 'en', 1, 'International Engagement', NULL, NULL, NULL, 1, 1),
(154, 154, 'en', 1, 'Planning', NULL, NULL, NULL, 1, 1),
(155, 155, 'en', 1, 'Student Matters', NULL, NULL, NULL, 1, 1),
(156, 156, 'en', 1, 'graduation', NULL, NULL, NULL, 1, 1),
(157, 157, 'en', 1, 'convocation', NULL, NULL, NULL, 1, 1),
(158, 158, 'en', 1, 'Caribbean', NULL, NULL, NULL, 1, 1),
(159, 159, 'en', 1, 'Regional Integration', NULL, NULL, NULL, 1, 1),
(160, 160, 'en', 1, 'cricket', NULL, NULL, NULL, 1, 1),
(161, 161, 'en', 1, 'oil & gas', NULL, NULL, NULL, 1, 1),
(162, 162, 'en', 1, 'donation', NULL, NULL, NULL, 1, 1),
(163, 163, 'en', 1, 'South American Youth Games', NULL, NULL, NULL, 1, 1),
(164, 164, 'en', 1, 'Registrar', NULL, NULL, NULL, 1, 1),
(165, 165, 'en', 1, 'C. Nigel Gravesande', NULL, NULL, NULL, 1, 1),
(166, 166, 'en', 1, 'NCERD', NULL, NULL, NULL, 1, 1),
(167, 167, 'en', 1, 'Anil Nandlall', NULL, NULL, NULL, 1, 1),
(168, 168, 'en', 1, 'Clarence A F Hughes scholarship', NULL, NULL, NULL, 1, 1),
(169, 169, 'en', 1, 'radio', NULL, NULL, NULL, 1, 1),
(170, 170, 'en', 1, 'Salary', NULL, NULL, NULL, 1, 1),
(171, 171, 'en', 1, 'Democracy', NULL, NULL, NULL, 1, 1),
(172, 172, 'en', 1, 'EU', NULL, NULL, NULL, 1, 1),
(4, 173, 'en', 1, 'uog', NULL, NULL, 1692279230, 1, 1),
(173, 174, 'en', 1, 'European Union', NULL, NULL, 1692279230, 1, 1),
(174, 175, 'en', 1, 'David Anthony Martins', NULL, NULL, 1692279230, 1, 1),
(175, 176, 'en', 1, 'Artist in Residence', NULL, NULL, 1692279230, 1, 1),
(176, 177, 'en', 1, 'Florida International University (FIU)', NULL, NULL, 1692279230, 1, 1),
(177, 178, 'en', 1, 'Ministry of Natural Resources', NULL, NULL, 1692279230, 1, 1),
(178, 179, 'en', 1, 'Geology and Mines Commission', NULL, NULL, 1692279230, 1, 1),
(179, 180, 'en', 1, 'Technology', NULL, NULL, 1692279230, 1, 1),
(180, 181, 'en', 1, 'Faculty of Technology', NULL, NULL, 1692279230, 1, 1),
(181, 182, 'en', 1, 'Policy', NULL, NULL, 1692279230, 1, 1),
(182, 183, 'en', 1, 'Union', NULL, NULL, 1692279230, 1, 1),
(183, 184, 'en', 1, 'Huawei', NULL, NULL, 1692279230, 1, 1),
(184, 185, 'en', 1, 'Computer Science', NULL, NULL, 1692279230, 1, 1),
(185, 186, 'en', 1, 'Workers Union', NULL, NULL, 1692279230, 1, 1),
(186, 187, 'en', 1, 'Professor Michael E. Scott', NULL, NULL, 1692279230, 1, 1),
(187, 188, 'en', 1, 'Student Complex', NULL, NULL, 1692279230, 1, 1),
(188, 189, 'en', 1, 'Elections', NULL, NULL, 1692279230, 1, 1),
(189, 190, 'en', 1, 'Ministry of Public Health', NULL, NULL, 1692279230, 1, 1),
(190, 191, 'en', 1, 'Volda Lawrence', NULL, NULL, 1692279230, 1, 1),
(191, 192, 'en', 1, 'Minister of Agriculture', NULL, NULL, 1692279230, 1, 1),
(192, 193, 'en', 1, 'Food & Nutrition Security', NULL, NULL, 1692279230, 1, 1),
(193, 194, 'en', 1, 'Psychology', NULL, NULL, 1692279230, 1, 1),
(194, 195, 'en', 1, 'Ministry of Agriculture', NULL, NULL, 1692279230, 1, 1),
(195, 196, 'en', 1, 'Salary Negotiations', NULL, NULL, 1692279230, 1, 1),
(196, 197, 'en', 1, 'UGWU', NULL, NULL, 1692279230, 1, 1),
(197, 198, 'en', 1, 'UGSSA', NULL, NULL, 1692279230, 1, 1),
(198, 199, 'en', 1, 'Suicide', NULL, NULL, 1692279230, 1, 1),
(199, 200, 'en', 1, 'Youth Violence', NULL, NULL, 1692279230, 1, 1),
(200, 201, 'en', 1, 'UNICEF', NULL, NULL, 1692279230, 1, 1),
(201, 202, 'en', 1, 'CANPA', NULL, NULL, 1692279230, 1, 1),
(202, 203, 'en', 1, 'UG', NULL, NULL, 1692279230, 1, 1),
(203, 204, 'en', 1, 'Society', NULL, NULL, 1692279230, 1, 1),
(204, 205, 'en', 1, 'Justice', NULL, NULL, 1692279230, 1, 1),
(205, 206, 'en', 1, 'Chronixx', NULL, NULL, 1692279230, 1, 1),
(206, 207, 'en', 1, 'Reggae', NULL, NULL, 1692279230, 1, 1),
(207, 208, 'en', 1, 'Berbice', NULL, NULL, 1692279230, 1, 1),
(208, 209, 'en', 1, 'UDUAL Games', NULL, NULL, 1692279230, 1, 1),
(209, 210, 'en', 1, 'Geography Awareness Week', NULL, NULL, 1692279230, 1, 1),
(210, 211, 'en', 1, 'GIS Day', NULL, NULL, 1692279230, 1, 1),
(211, 212, 'en', 1, 'Chemistry', NULL, NULL, 1692279230, 1, 1),
(212, 213, 'en', 1, 'J.O.F Haynes Law School', NULL, NULL, 1692279230, 1, 1),
(213, 214, 'en', 1, 'University of Curaçao', NULL, NULL, 1692279230, 1, 1),
(214, 215, 'en', 1, 'Food and Agriculture Organisation', NULL, NULL, 1692279230, 1, 1),
(215, 216, 'en', 1, 'Food and Nutrition Institute', NULL, NULL, 1692279230, 1, 1),
(216, 217, 'en', 1, 'Nand Persaud and Company Limited', NULL, NULL, 1692279230, 1, 1),
(217, 218, 'en', 1, 'Nand Persaud Group of Companies', NULL, NULL, 1692279230, 1, 1),
(218, 219, 'en', 1, 'Tain Campus', NULL, NULL, 1692279230, 1, 1),
(219, 220, 'en', 1, 'Guyana Police Force', NULL, NULL, 1692279230, 1, 1),
(220, 221, 'en', 1, 'GPL', NULL, NULL, 1692279230, 1, 1),
(221, 222, 'en', 1, 'Dr Devon Gardner', NULL, NULL, 1692279230, 1, 1),
(222, 223, 'en', 1, 'Caricom', NULL, NULL, 1692279230, 1, 1),
(223, 224, 'en', 1, 'Gary Best', NULL, NULL, 1692279230, 1, 1),
(224, 225, 'en', 1, 'Climate Change', NULL, NULL, 1692279230, 1, 1),
(225, 226, 'en', 1, 'Registry', NULL, NULL, 1692279230, 1, 1),
(226, 227, 'en', 1, 'Leyland Lucas', NULL, NULL, 1692279230, 1, 1),
(227, 228, 'en', 1, 'Raphael Trotman', NULL, NULL, 1692279230, 1, 1),
(228, 229, 'en', 1, 'Guyana Technical Institute', NULL, NULL, 1692279230, 1, 1),
(229, 230, 'en', 1, 'Dave Martins', NULL, NULL, 1692279230, 1, 1),
(230, 231, 'en', 1, 'Inaugural Entrepreneurship Conference', NULL, NULL, 1692279230, 1, 1),
(231, 232, 'en', 1, 'China', NULL, NULL, 1692279230, 1, 1),
(232, 233, 'en', 1, 'Golf', NULL, NULL, 1692279230, 1, 1),
(233, 234, 'en', 1, 'Lusignan Golf Club', NULL, NULL, 1692279230, 1, 1),
(234, 235, 'en', 1, 'farmers', NULL, NULL, 1692279230, 1, 1),
(235, 236, 'en', 1, 'Dr Cheddi B. Jagan', NULL, NULL, 1692279230, 1, 1),
(236, 237, 'en', 1, 'University of Guyana Press', NULL, NULL, 1692279230, 1, 1),
(237, 238, 'en', 1, 'Venezuela', NULL, NULL, 1692279230, 1, 1),
(238, 239, 'en', 1, 'Border Dispute', NULL, NULL, 1692279230, 1, 1),
(239, 240, 'en', 1, 'Rates', NULL, NULL, 1692279230, 1, 1),
(240, 241, 'en', 1, 'Educational Reform', NULL, NULL, 1692279230, 1, 1),
(241, 242, 'en', 1, 'Guyana', NULL, NULL, 1692279230, 1, 1),
(242, 243, 'en', 1, 'Suriname', NULL, NULL, 1692279230, 1, 1),
(243, 244, 'en', 1, 'Maritime Boundary Dispute', NULL, NULL, 1692279230, 1, 1),
(244, 245, 'en', 1, 'Exxon Mobil', NULL, NULL, 1692279230, 1, 1),
(245, 246, 'en', 1, 'Campus Store', NULL, NULL, 1692279230, 1, 1),
(246, 247, 'en', 1, 'Memorabilia', NULL, NULL, 1692279230, 1, 1),
(247, 248, 'en', 1, 'UG Pride', NULL, NULL, 1692279230, 1, 1),
(248, 249, 'en', 1, 'LGBT', NULL, NULL, 1692279230, 1, 1),
(249, 250, 'en', 1, 'Petroleum', NULL, NULL, 1692279230, 1, 1),
(250, 251, 'en', 1, 'Dr. Jan Mangal', NULL, NULL, 1692279230, 1, 1),
(251, 252, 'en', 1, 'United Kingdom', NULL, NULL, 1692279230, 1, 1),
(252, 253, 'en', 1, 'Food Security', NULL, NULL, 1692279230, 1, 1),
(253, 254, 'en', 1, 'Career Day', NULL, NULL, 1692279230, 1, 1),
(254, 255, 'en', 1, 'Dawn Fox', NULL, NULL, 1692279230, 1, 1),
(255, 256, 'en', 1, 'OWSD-Elsevier Foundation Award', NULL, NULL, 1692279230, 1, 1),
(256, 257, 'en', 1, 'Undergraduate', NULL, NULL, 1692279230, 1, 1),
(257, 258, 'en', 1, 'Language and Culture Department', NULL, NULL, 1692279230, 1, 1),
(258, 259, 'en', 1, 'Guyanese Creole', NULL, NULL, 1692279230, 1, 1),
(259, 260, 'en', 1, 'International Mother Language Day', NULL, NULL, 1692279230, 1, 1),
(260, 261, 'en', 1, '48th Republic Anniversary', NULL, NULL, 1692279230, 1, 1),
(261, 262, 'en', 1, 'CDB', NULL, NULL, 1692279230, 1, 1),
(262, 263, 'en', 1, 'Caribbean Development Bank', NULL, NULL, 1692279230, 1, 1),
(263, 264, 'en', 1, 'Public Management', NULL, NULL, 1692279230, 1, 1),
(264, 265, 'en', 1, 'Shirley Field-Ridley', NULL, NULL, 1692279230, 1, 1),
(265, 266, 'en', 1, 'Fee Increases', NULL, NULL, 1692279230, 1, 1),
(266, 267, 'en', 1, 'Innov8', NULL, NULL, 1692279230, 1, 1),
(267, 268, 'en', 1, 'Republic Bank', NULL, NULL, 1692279230, 1, 1),
(268, 269, 'en', 1, 'Faculty of Agriculture & Forestry', NULL, NULL, 1692279230, 1, 1),
(269, 270, 'en', 1, 'Joe Singh', NULL, NULL, 1692279230, 1, 1),
(270, 271, 'en', 1, 'Law school', NULL, NULL, 1692279230, 1, 1),
(271, 272, 'en', 1, 'Basil Williams', NULL, NULL, 1692279230, 1, 1),
(272, 273, 'en', 1, 'Microbit', NULL, NULL, 1692279230, 1, 1),
(273, 274, 'en', 1, 'Department of Computer Science', NULL, NULL, 1692279230, 1, 1),
(274, 275, 'en', 1, 'Bureau of Statistics', NULL, NULL, 1692279230, 1, 1),
(275, 276, 'en', 1, 'Guyana Women Health and Life Experience', NULL, NULL, 1692279230, 1, 1),
(276, 277, 'en', 1, 'Guyana Women’s Health and Life Experience Survey', NULL, NULL, 1692279230, 1, 1),
(277, 278, 'en', 1, 'Dr Leyland M. Lucas', NULL, NULL, 1692279230, 1, 1),
(278, 279, 'en', 1, 'Parking', NULL, NULL, 1692279230, 1, 1),
(279, 280, 'en', 1, 'Law & Society', NULL, NULL, 1692279230, 1, 1),
(280, 281, 'en', 1, 'UGBC', NULL, NULL, 1692279230, 1, 1),
(281, 282, 'en', 1, 'Scotiabank', NULL, NULL, 1692279230, 1, 1),
(282, 283, 'en', 1, 'Natural Sciences', NULL, NULL, 1692279230, 1, 1),
(283, 284, 'en', 1, 'UNDP', NULL, NULL, 1692279230, 1, 1),
(284, 285, 'en', 1, 'Jay and Sylvia Sobhraj Foundation', NULL, NULL, 1692279230, 1, 1),
(285, 286, 'en', 1, 'Behavioral Studies and Research Centre', NULL, NULL, 1692279230, 1, 1),
(286, 287, 'en', 1, 'UG STS Project', NULL, NULL, 1692279230, 1, 1),
(287, 288, 'en', 1, 'Human Resource Development', NULL, NULL, 1692279230, 1, 1),
(288, 289, 'en', 1, 'Faculty of Natural Sciences', NULL, NULL, 1692279230, 1, 1),
(289, 290, 'en', 1, 'Harold Drayton', NULL, NULL, 1692279230, 1, 1),
(290, 291, 'en', 1, 'Guyana Economic Development Trust', NULL, NULL, 1692279230, 1, 1),
(291, 292, 'en', 1, 'Ministry of Business', NULL, NULL, 1692279230, 1, 1),
(292, 293, 'en', 1, 'Dominic Gaskin', NULL, NULL, 1692279230, 1, 1),
(293, 294, 'en', 1, 'Conversation on Law and Society', NULL, NULL, 1692279230, 1, 1),
(294, 295, 'en', 1, 'Justice Adrian Saunders', NULL, NULL, 1692279230, 1, 1),
(295, 296, 'en', 1, 'Queens Foundation', NULL, NULL, 1692279230, 1, 1),
(296, 297, 'en', 1, 'The Jay and Sylvia Sobhraj Foundation', NULL, NULL, 1692279230, 1, 1),
(297, 298, 'en', 1, 'Department of Language and Cultural Studies', NULL, NULL, 1692279230, 1, 1),
(298, 299, 'en', 1, 'Art', NULL, NULL, 1692279230, 1, 1),
(299, 300, 'en', 1, 'Literature', NULL, NULL, 1692279230, 1, 1),
(300, 301, 'en', 1, 'Language Lab', NULL, NULL, 1692279230, 1, 1),
(301, 302, 'en', 1, 'Chinese Embassy', NULL, NULL, 1692279230, 1, 1),
(302, 303, 'en', 1, 'Dr Barbara Reynolds', NULL, NULL, 1692279230, 1, 1),
(303, 304, 'en', 1, 'Independence', NULL, NULL, 1692279230, 1, 1),
(304, 305, 'en', 1, 'Alumni Association', NULL, NULL, 1692279230, 1, 1),
(305, 306, 'en', 1, 'Office of Philanthropy', NULL, NULL, 1692279230, 1, 1),
(306, 307, 'en', 1, 'Alumni and Civic Engagement', NULL, NULL, 1692279230, 1, 1),
(307, 308, 'en', 1, 'Malika Ramsey', NULL, NULL, 1692279230, 1, 1),
(308, 309, 'en', 1, 'Ivelaw Griffith', NULL, NULL, 1692279230, 1, 1),
(309, 310, 'en', 1, 'Expression of Interest', NULL, NULL, 1692279230, 1, 1),
(310, 311, 'en', 1, 'Government', NULL, NULL, 1692279230, 1, 1),
(311, 312, 'en', 1, 'Media', NULL, NULL, 1692279230, 1, 1),
(312, 313, 'en', 1, 'Jason Mars', NULL, NULL, 1692279230, 1, 1),
(313, 314, 'en', 1, 'Clinc Inc.', NULL, NULL, 1692279230, 1, 1),
(314, 315, 'en', 1, 'Task Force', NULL, NULL, 1692279230, 1, 1),
(315, 316, 'en', 1, 'University of the West Indies', NULL, NULL, 1692279230, 1, 1),
(316, 317, 'en', 1, 'Georgetown Public Hospital Corporation', NULL, NULL, 1692279230, 1, 1),
(317, 318, 'en', 1, 'Gomathinayagam Subramanian', NULL, NULL, 1692279230, 1, 1),
(318, 319, 'en', 1, 'Symposium on Boys’ Education', NULL, NULL, 1692279230, 1, 1),
(319, 320, 'en', 1, 'The Commonwealth of Learning', NULL, NULL, 1692279230, 1, 1),
(320, 321, 'en', 1, 'Siefy Shahabuddeen', NULL, NULL, 1692279230, 1, 1),
(321, 322, 'en', 1, 'Conservation International', NULL, NULL, 1692279230, 1, 1),
(322, 323, 'en', 1, 'Department of Petroleum and Geological Engineering', NULL, NULL, 1692279230, 1, 1),
(323, 324, 'en', 1, 'Governance', NULL, NULL, 1692279230, 1, 1),
(324, 325, 'en', 1, 'Coronavirus (COVID-19)', NULL, NULL, 1692279230, 1, 1),
(325, 326, 'en', 1, 'Emergency Contacts', NULL, NULL, 1692279230, 1, 1),
(326, 327, 'en', 1, 'Student Loan Agency', NULL, NULL, 1692279230, 1, 1),
(327, 328, 'en', 1, 'General', NULL, NULL, 1692279230, 1, 1),
(328, 329, 'en', 1, 'Faculty and Staff', NULL, NULL, 1692279230, 1, 1),
(329, 330, 'en', 1, 'Cards', NULL, NULL, 1692279230, 1, 1),
(331, 331, 'en', 1, 'UGIRIE Research', NULL, NULL, 1692279233, 1, 1),
(330, 332, 'en', 1, 'subscribe', NULL, NULL, 1692279233, 1, 1),
(332, 333, 'en', 1, 'College of Medical Sciences', NULL, NULL, 1692279233, 1, 1),
(333, 334, 'en', 1, 'Faculty of Natural Sciences', NULL, NULL, 1692279233, 1, 1),
(334, 335, 'en', 1, 'Faculty of Agriculture and Forestry', NULL, NULL, 1692279233, 1, 1),
(335, 336, 'en', 1, 'UGBC', NULL, NULL, 1692279233, 1, 1),
(336, 337, 'en', 1, 'Faculty of Earth and Environmental Sciences', NULL, NULL, 1692279233, 1, 1),
(337, 338, 'en', 1, 'sans-serif', NULL, NULL, 1702576187, 1, 1),
(338, 339, 'en', 1, 'latin', NULL, NULL, 1702576187, 1, 1),
(339, 340, 'en', 1, 'latin-ext', NULL, NULL, 1702576187, 1, 1),
(340, 341, 'en', 1, 'display', NULL, NULL, 1702576187, 1, 1),
(341, 342, 'en', 1, 'adlam', NULL, NULL, 1702576187, 1, 1),
(342, 343, 'en', 1, 'vietnamese', NULL, NULL, 1702576188, 1, 1),
(343, 344, 'en', 1, 'serif', NULL, NULL, 1702576188, 1, 1),
(344, 345, 'en', 1, 'sinhala', NULL, NULL, 1702576188, 1, 1),
(345, 346, 'en', 1, 'ethiopic', NULL, NULL, 1702576190, 1, 1),
(346, 347, 'en', 1, 'cyrillic', NULL, NULL, 1702576190, 1, 1),
(347, 348, 'en', 1, 'cyrillic-ext', NULL, NULL, 1702576190, 1, 1),
(348, 349, 'en', 1, 'greek', NULL, NULL, 1702576190, 1, 1),
(349, 350, 'en', 1, 'math', NULL, NULL, 1702576194, 1, 1),
(350, 351, 'en', 1, 'symbols', NULL, NULL, 1702576194, 1, 1),
(351, 352, 'en', 1, 'handwriting', NULL, NULL, 1702576197, 1, 1),
(352, 353, 'en', 1, 'tifinagh', NULL, NULL, 1702576197, 1, 1),
(353, 354, 'en', 1, 'kannada', NULL, NULL, 1702576197, 1, 1),
(354, 355, 'en', 1, 'telugu', NULL, NULL, 1702576197, 1, 1),
(355, 356, 'en', 1, 'devanagari', NULL, NULL, 1702576197, 1, 1),
(356, 357, 'en', 1, 'hebrew', NULL, NULL, 1702576201, 1, 1),
(357, 358, 'en', 1, 'greek-ext', NULL, NULL, 1702576201, 1, 1),
(358, 359, 'en', 1, 'arabic', NULL, NULL, 1702576219, 1, 1),
(359, 360, 'en', 1, 'bengali', NULL, NULL, 1702576220, 1, 1),
(360, 361, 'en', 1, 'oriya', NULL, NULL, 1702576220, 1, 1),
(361, 362, 'en', 1, 'gujarati', NULL, NULL, 1702576234, 1, 1),
(362, 363, 'en', 1, 'gurmukhi', NULL, NULL, 1702576236, 1, 1),
(363, 364, 'en', 1, 'malayalam', NULL, NULL, 1702576238, 1, 1),
(364, 365, 'en', 1, 'tamil', NULL, NULL, 1702576241, 1, 1),
(365, 366, 'en', 1, 'khmer', NULL, NULL, 1702576242, 1, 1),
(366, 367, 'en', 1, 'monospace', NULL, NULL, 1702576242, 1, 1),
(367, 368, 'en', 1, 'thai', NULL, NULL, 1702576245, 1, 1),
(368, 369, 'en', 1, 'japanese', NULL, NULL, 1702576248, 1, 1),
(369, 370, 'en', 1, 'korean', NULL, NULL, 1702576271, 1, 1),
(370, 371, 'en', 1, 'new-tai-lue', NULL, NULL, 1702576370, 1, 1),
(371, 372, 'en', 1, 'cherokee', NULL, NULL, 1702576401, 1, 1),
(372, 373, 'en', 1, 'armenian', NULL, NULL, 1702576473, 1, 1),
(373, 374, 'en', 1, 'tibetan', NULL, NULL, 1702576529, 1, 1),
(374, 375, 'en', 1, 'kayah-li', NULL, NULL, 1702576534, 1, 1),
(375, 376, 'en', 1, 'lisu', NULL, NULL, 1702576590, 1, 1),
(376, 377, 'en', 1, 'chinese-simplified', NULL, NULL, 1702576597, 1, 1),
(377, 378, 'en', 1, 'lepcha', NULL, NULL, 1702576637, 1, 1),
(378, 379, 'en', 1, 'gunjala-gondi', NULL, NULL, 1702576665, 1, 1),
(379, 380, 'en', 1, 'emoji', NULL, NULL, 1702576673, 1, 1),
(380, 381, 'en', 1, 'music', NULL, NULL, 1702576673, 1, 1),
(381, 382, 'en', 1, 'anatolian-hieroglyphs', NULL, NULL, 1702576683, 1, 1),
(382, 383, 'en', 1, 'avestan', NULL, NULL, 1702576685, 1, 1),
(383, 384, 'en', 1, 'balinese', NULL, NULL, 1702576685, 1, 1),
(384, 385, 'en', 1, 'bamum', NULL, NULL, 1702576685, 1, 1),
(385, 386, 'en', 1, 'bassa-vah', NULL, NULL, 1702576687, 1, 1),
(386, 387, 'en', 1, 'batak', NULL, NULL, 1702576687, 1, 1),
(387, 388, 'en', 1, 'bhaiksuki', NULL, NULL, 1702576688, 1, 1),
(388, 389, 'en', 1, 'brahmi', NULL, NULL, 1702576688, 1, 1),
(389, 390, 'en', 1, 'buginese', NULL, NULL, 1702576688, 1, 1),
(390, 391, 'en', 1, 'buhid', NULL, NULL, 1702576688, 1, 1),
(391, 392, 'en', 1, 'canadian-aboriginal', NULL, NULL, 1702576689, 1, 1),
(392, 393, 'en', 1, 'carian', NULL, NULL, 1702576691, 1, 1),
(393, 394, 'en', 1, 'caucasian-albanian', NULL, NULL, 1702576691, 1, 1),
(394, 395, 'en', 1, 'chakma', NULL, NULL, 1702576691, 1, 1),
(395, 396, 'en', 1, 'cham', NULL, NULL, 1702576691, 1, 1),
(396, 397, 'en', 1, 'chorasmian', NULL, NULL, 1702576694, 1, 1),
(397, 398, 'en', 1, 'coptic', NULL, NULL, 1702576694, 1, 1),
(398, 399, 'en', 1, 'cuneiform', NULL, NULL, 1702576694, 1, 1),
(399, 400, 'en', 1, 'cypriot', NULL, NULL, 1702576694, 1, 1),
(400, 401, 'en', 1, 'cypro-minoan', NULL, NULL, 1702576694, 1, 1),
(401, 402, 'en', 1, 'deseret', NULL, NULL, 1702576694, 1, 1),
(402, 403, 'en', 1, 'duployan', NULL, NULL, 1702576700, 1, 1),
(403, 404, 'en', 1, 'egyptian-hieroglyphs', NULL, NULL, 1702576700, 1, 1),
(404, 405, 'en', 1, 'elbasan', NULL, NULL, 1702576700, 1, 1),
(405, 406, 'en', 1, 'elymaic', NULL, NULL, 1702576702, 1, 1),
(406, 407, 'en', 1, 'georgian', NULL, NULL, 1702576703, 1, 1),
(407, 408, 'en', 1, 'glagolitic', NULL, NULL, 1702576704, 1, 1),
(408, 409, 'en', 1, 'gothic', NULL, NULL, 1702576704, 1, 1),
(409, 410, 'en', 1, 'grantha', NULL, NULL, 1702576704, 1, 1),
(410, 411, 'en', 1, 'chinese-hongkong', NULL, NULL, 1702576709, 1, 1),
(411, 412, 'en', 1, 'hanifi-rohingya', NULL, NULL, 1702576710, 1, 1),
(412, 413, 'en', 1, 'hanunoo', NULL, NULL, 1702576710, 1, 1),
(413, 414, 'en', 1, 'hatran', NULL, NULL, 1702576711, 1, 1),
(414, 415, 'en', 1, 'imperial-aramaic', NULL, NULL, 1702576713, 1, 1),
(415, 416, 'en', 1, 'indic-siyaq-numbers', NULL, NULL, 1702576713, 1, 1),
(416, 417, 'en', 1, 'inscriptional-pahlavi', NULL, NULL, 1702576713, 1, 1),
(417, 418, 'en', 1, 'inscriptional-parthian', NULL, NULL, 1702576713, 1, 1),
(418, 419, 'en', 1, 'javanese', NULL, NULL, 1702576715, 1, 1),
(419, 420, 'en', 1, 'kaithi', NULL, NULL, 1702576718, 1, 1),
(420, 421, 'en', 1, 'kawi', NULL, NULL, 1702576719, 1, 1),
(421, 422, 'en', 1, 'kharoshthi', NULL, NULL, 1702576719, 1, 1),
(422, 423, 'en', 1, 'khojki', NULL, NULL, 1702576720, 1, 1),
(423, 424, 'en', 1, 'khudawadi', NULL, NULL, 1702576722, 1, 1),
(424, 425, 'en', 1, 'lao', NULL, NULL, 1702576722, 1, 1),
(425, 426, 'en', 1, 'limbu', NULL, NULL, 1702576725, 1, 1),
(426, 427, 'en', 1, 'linear-a', NULL, NULL, 1702576725, 1, 1),
(427, 428, 'en', 1, 'linear-b', NULL, NULL, 1702576725, 1, 1),
(428, 429, 'en', 1, 'lycian', NULL, NULL, 1702576725, 1, 1),
(429, 430, 'en', 1, 'lydian', NULL, NULL, 1702576725, 1, 1),
(430, 431, 'en', 1, 'mahajani', NULL, NULL, 1702576726, 1, 1),
(431, 432, 'en', 1, 'mandaic', NULL, NULL, 1702576727, 1, 1),
(432, 433, 'en', 1, 'manichaean', NULL, NULL, 1702576727, 1, 1),
(433, 434, 'en', 1, 'marchen', NULL, NULL, 1702576727, 1, 1),
(434, 435, 'en', 1, 'masaram-gondi', NULL, NULL, 1702576727, 1, 1),
(435, 436, 'en', 1, 'mayan-numerals', NULL, NULL, 1702576727, 1, 1),
(436, 437, 'en', 1, 'medefaidrin', NULL, NULL, 1702576727, 1, 1),
(437, 438, 'en', 1, 'meetei-mayek', NULL, NULL, 1702576729, 1, 1),
(438, 439, 'en', 1, 'mende-kikakui', NULL, NULL, 1702576729, 1, 1),
(439, 440, 'en', 1, 'meroitic', NULL, NULL, 1702576729, 1, 1),
(440, 441, 'en', 1, 'meroitic-cursive', NULL, NULL, 1702576730, 1, 1),
(441, 442, 'en', 1, 'meroitic-hieroglyphs', NULL, NULL, 1702576730, 1, 1),
(442, 443, 'en', 1, 'miao', NULL, NULL, 1702576730, 1, 1),
(443, 444, 'en', 1, 'modi', NULL, NULL, 1702576730, 1, 1),
(444, 445, 'en', 1, 'mongolian', NULL, NULL, 1702576730, 1, 1),
(445, 446, 'en', 1, 'mro', NULL, NULL, 1702576733, 1, 1),
(446, 447, 'en', 1, 'multani', NULL, NULL, 1702576733, 1, 1),
(447, 448, 'en', 1, 'myanmar', NULL, NULL, 1702576733, 1, 1),
(448, 449, 'en', 1, 'nko', NULL, NULL, 1702576734, 1, 1),
(449, 450, 'en', 1, 'nabataean', NULL, NULL, 1702576734, 1, 1),
(450, 451, 'en', 1, 'nag-mundari', NULL, NULL, 1702576734, 1, 1),
(451, 452, 'en', 1, 'nandinagari', NULL, NULL, 1702576735, 1, 1),
(452, 453, 'en', 1, 'newa', NULL, NULL, 1702576735, 1, 1),
(453, 454, 'en', 1, 'nushu', NULL, NULL, 1702576735, 1, 1),
(454, 455, 'en', 1, 'ogham', NULL, NULL, 1702576735, 1, 1),
(455, 456, 'en', 1, 'ol-chiki', NULL, NULL, 1702576735, 1, 1),
(456, 457, 'en', 1, 'old-hungarian', NULL, NULL, 1702576737, 1, 1),
(457, 458, 'en', 1, 'old-italic', NULL, NULL, 1702576737, 1, 1),
(458, 459, 'en', 1, 'old-north-arabian', NULL, NULL, 1702576737, 1, 1),
(459, 460, 'en', 1, 'old-permic', NULL, NULL, 1702576737, 1, 1),
(460, 461, 'en', 1, 'old-persian', NULL, NULL, 1702576737, 1, 1),
(461, 462, 'en', 1, 'old-sogdian', NULL, NULL, 1702576737, 1, 1),
(462, 463, 'en', 1, 'old-south-arabian', NULL, NULL, 1702576737, 1, 1),
(463, 464, 'en', 1, 'old-turkic', NULL, NULL, 1702576738, 1, 1),
(464, 465, 'en', 1, 'osage', NULL, NULL, 1702576739, 1, 1),
(465, 466, 'en', 1, 'osmanya', NULL, NULL, 1702576739, 1, 1),
(466, 467, 'en', 1, 'pahawh-hmong', NULL, NULL, 1702576739, 1, 1),
(467, 468, 'en', 1, 'palmyrene', NULL, NULL, 1702576739, 1, 1),
(468, 469, 'en', 1, 'pau-cin-hau', NULL, NULL, 1702576739, 1, 1),
(469, 470, 'en', 1, 'phags-pa', NULL, NULL, 1702576739, 1, 1),
(470, 471, 'en', 1, 'phoenician', NULL, NULL, 1702576739, 1, 1),
(471, 472, 'en', 1, 'psalter-pahlavi', NULL, NULL, 1702576739, 1, 1),
(472, 473, 'en', 1, 'rejang', NULL, NULL, 1702576739, 1, 1),
(473, 474, 'en', 1, 'runic', NULL, NULL, 1702576739, 1, 1),
(474, 475, 'en', 1, 'samaritan', NULL, NULL, 1702576742, 1, 1),
(475, 476, 'en', 1, 'saurashtra', NULL, NULL, 1702576742, 1, 1),
(476, 477, 'en', 1, 'sharada', NULL, NULL, 1702576742, 1, 1),
(477, 478, 'en', 1, 'shavian', NULL, NULL, 1702576742, 1, 1),
(478, 479, 'en', 1, 'siddham', NULL, NULL, 1702576742, 1, 1),
(479, 480, 'en', 1, 'signwriting', NULL, NULL, 1702576744, 1, 1),
(480, 481, 'en', 1, 'sogdian', NULL, NULL, 1702576745, 1, 1),
(481, 482, 'en', 1, 'sora-sompeng', NULL, NULL, 1702576745, 1, 1),
(482, 483, 'en', 1, 'soyombo', NULL, NULL, 1702576745, 1, 1),
(483, 484, 'en', 1, 'sundanese', NULL, NULL, 1702576745, 1, 1),
(484, 485, 'en', 1, 'syloti-nagri', NULL, NULL, 1702576746, 1, 1),
(485, 486, 'en', 1, 'braille', NULL, NULL, 1702576748, 1, 1),
(486, 487, 'en', 1, 'syriac', NULL, NULL, 1702576748, 1, 1),
(487, 488, 'en', 1, 'chinese-traditional', NULL, NULL, 1702576750, 1, 1),
(488, 489, 'en', 1, 'tagalog', NULL, NULL, 1702576752, 1, 1),
(489, 490, 'en', 1, 'tagbanwa', NULL, NULL, 1702576752, 1, 1),
(490, 491, 'en', 1, 'tai-le', NULL, NULL, 1702576752, 1, 1),
(491, 492, 'en', 1, 'tai-tham', NULL, NULL, 1702576752, 1, 1),
(492, 493, 'en', 1, 'tai-viet', NULL, NULL, 1702576754, 1, 1),
(493, 494, 'en', 1, 'takri', NULL, NULL, 1702576754, 1, 1),
(494, 495, 'en', 1, 'tamil-supplement', NULL, NULL, 1702576755, 1, 1),
(495, 496, 'en', 1, 'tangsa', NULL, NULL, 1702576755, 1, 1),
(496, 497, 'en', 1, 'thaana', NULL, NULL, 1702576756, 1, 1),
(497, 498, 'en', 1, 'tirhuta', NULL, NULL, 1702576761, 1, 1),
(498, 499, 'en', 1, 'ugaritic', NULL, NULL, 1702576761, 1, 1),
(499, 500, 'en', 1, 'vai', NULL, NULL, 1702576761, 1, 1),
(500, 501, 'en', 1, 'vithkuqi', NULL, NULL, 1702576761, 1, 1),
(501, 502, 'en', 1, 'wancho', NULL, NULL, 1702576762, 1, 1),
(502, 503, 'en', 1, 'warang-citi', NULL, NULL, 1702576762, 1, 1),
(503, 504, 'en', 1, 'yi', NULL, NULL, 1702576762, 1, 1),
(504, 505, 'en', 1, 'zanabazar-square', NULL, NULL, 1702576762, 1, 1),
(505, 506, 'en', 1, 'ahom', NULL, NULL, 1702576768, 1, 1),
(506, 507, 'en', 1, 'dogra', NULL, NULL, 1702576777, 1, 1),
(507, 508, 'en', 1, 'khitan-small-script', NULL, NULL, 1702576788, 1, 1),
(508, 509, 'en', 1, 'makasar', NULL, NULL, 1702576791, 1, 1),
(509, 510, 'en', 1, 'nyiakeng-puachue-hmong', NULL, NULL, 1702576792, 1, 1),
(510, 511, 'en', 1, 'old-uyghur', NULL, NULL, 1702576792, 1, 1),
(511, 512, 'en', 1, 'ottoman-siyaq-numbers', NULL, NULL, 1702576794, 1, 1),
(512, 513, 'en', 1, 'tangut', NULL, NULL, 1702576798, 1, 1),
(513, 514, 'en', 1, 'toto', NULL, NULL, 1702576802, 1, 1),
(514, 515, 'en', 1, 'yezidi', NULL, NULL, 1702576803, 1, 1);

-- --------------------------------------------------------

--
-- Table structure for table `taxonomy_term_revision`
--

CREATE TABLE `taxonomy_term_revision` (
  `tid` int UNSIGNED NOT NULL,
  `revision_id` int UNSIGNED NOT NULL,
  `langcode` varchar(12) CHARACTER SET ascii COLLATE ascii_general_ci NOT NULL,
  `revision_user` int UNSIGNED DEFAULT NULL COMMENT 'The ID of the target entity.',
  `revision_created` int DEFAULT NULL,
  `revision_log_message` longtext CHARACTER SET utf8mb4 COLLATE utf8mb4_general_ci,
  `revision_default` tinyint DEFAULT NULL
) ENGINE=InnoDB DEFAULT CHARSET=utf8mb4 COLLATE=utf8mb4_general_ci COMMENT='The revision table for taxonomy_term entities.';

--
-- Dumping data for table `taxonomy_term_revision`
--

INSERT INTO `taxonomy_term_revision` (`tid`, `revision_id`, `langcode`, `revision_user`, `revision_created`, `revision_log_message`, `revision_default`) VALUES
(1, 1, 'en', NULL, 1680097679, NULL, 1),
(2, 2, 'en', NULL, 1680097722, NULL, 1),
(3, 3, 'en', NULL, 1680097757, NULL, 1),
(5, 5, 'en', NULL, 1682618929, NULL, 1),
(6, 6, 'en', NULL, 1682618929, NULL, 1),
(7, 7, 'en', NULL, 1682618929, NULL, 1),
(8, 8, 'en', NULL, 1682618929, NULL, 1),
(9, 9, 'en', NULL, 1682618929, NULL, 1),
(10, 10, 'en', NULL, 1682618929, NULL, 1),
(11, 11, 'en', NULL, 1682618929, NULL, 1),
(12, 12, 'en', NULL, 1682618930, NULL, 1),
(13, 13, 'en', NULL, 1682618930, NULL, 1),
(14, 14, 'en', NULL, 1682618930, NULL, 1),
(15, 15, 'en', NULL, 1682618933, NULL, 1),
(16, 16, 'en', NULL, 1682618933, NULL, 1),
(17, 17, 'en', NULL, 1682618933, NULL, 1),
(18, 18, 'en', NULL, 1682618933, NULL, 1),
(19, 19, 'en', NULL, 1682618934, NULL, 1),
(20, 20, 'en', NULL, 1682618935, NULL, 1),
(21, 21, 'en', NULL, 1682618935, NULL, 1),
(22, 22, 'en', NULL, 1682618954, NULL, 1),
(23, 23, 'en', NULL, 1682618958, NULL, 1),
(24, 24, 'en', NULL, 1682618958, NULL, 1),
(25, 25, 'en', NULL, 1682618973, NULL, 1),
(26, 26, 'en', NULL, 1682618974, NULL, 1),
(27, 27, 'en', NULL, 1682618979, NULL, 1),
(28, 28, 'en', NULL, 1682618981, NULL, 1),
(29, 29, 'en', NULL, 1682618983, NULL, 1),
(30, 30, 'en', NULL, 1682618983, NULL, 1),
(31, 31, 'en', NULL, 1682618985, NULL, 1),
(32, 32, 'en', NULL, 1682619017, NULL, 1),
(33, 33, 'en', NULL, 1682619069, NULL, 1),
(34, 34, 'en', NULL, 1682619173, NULL, 1),
(35, 35, 'en', NULL, 1682619313, NULL, 1),
(36, 36, 'en', NULL, 1682619319, NULL, 1),
(37, 37, 'en', NULL, 1682619353, NULL, 1),
(38, 38, 'en', NULL, 1682619389, NULL, 1),
(39, 39, 'en', NULL, 1682619433, NULL, 1),
(40, 40, 'en', NULL, 1682619473, NULL, 1),
(41, 41, 'en', NULL, 1682619475, NULL, 1),
(42, 42, 'en', NULL, 1682619485, NULL, 1),
(43, 43, 'en', NULL, 1682619485, NULL, 1),
(44, 44, 'en', NULL, 1682619487, NULL, 1),
(45, 45, 'en', NULL, 1682619487, NULL, 1),
(46, 46, 'en', NULL, 1682619487, NULL, 1),
(47, 47, 'en', NULL, 1682619489, NULL, 1),
(48, 48, 'en', NULL, 1682619489, NULL, 1),
(49, 49, 'en', NULL, 1682619489, NULL, 1),
(50, 50, 'en', NULL, 1682619490, NULL, 1),
(51, 51, 'en', NULL, 1682619490, NULL, 1),
(52, 52, 'en', NULL, 1682619490, NULL, 1),
(53, 53, 'en', NULL, 1682619490, NULL, 1),
(54, 54, 'en', NULL, 1682619490, NULL, 1),
(55, 55, 'en', NULL, 1682619493, NULL, 1),
(56, 56, 'en', NULL, 1682619493, NULL, 1),
(57, 57, 'en', NULL, 1682619493, NULL, 1),
(58, 58, 'en', NULL, 1682619493, NULL, 1),
(59, 59, 'en', NULL, 1682619495, NULL, 1),
(60, 60, 'en', NULL, 1682619497, NULL, 1),
(61, 61, 'en', NULL, 1682619497, NULL, 1),
(62, 62, 'en', NULL, 1682619497, NULL, 1),
(63, 63, 'en', NULL, 1682619503, NULL, 1),
(64, 64, 'en', NULL, 1682619503, NULL, 1),
(65, 65, 'en', NULL, 1682619503, NULL, 1),
(66, 66, 'en', NULL, 1682619503, NULL, 1),
(67, 67, 'en', NULL, 1682619505, NULL, 1),
(68, 68, 'en', NULL, 1682619507, NULL, 1),
(69, 69, 'en', NULL, 1682619507, NULL, 1),
(70, 70, 'en', NULL, 1682619507, NULL, 1),
(71, 71, 'en', NULL, 1682619509, NULL, 1),
(72, 72, 'en', NULL, 1682619509, NULL, 1),
(73, 73, 'en', NULL, 1682619511, NULL, 1),
(74, 74, 'en', NULL, 1682619511, NULL, 1),
(75, 75, 'en', NULL, 1682619511, NULL, 1),
(76, 76, 'en', NULL, 1682619513, NULL, 1),
(77, 77, 'en', NULL, 1682619513, NULL, 1),
(78, 78, 'en', NULL, 1682619513, NULL, 1),
(79, 79, 'en', NULL, 1682619513, NULL, 1),
(80, 80, 'en', NULL, 1682619514, NULL, 1),
(81, 81, 'en', NULL, 1682619517, NULL, 1),
(82, 82, 'en', NULL, 1682619519, NULL, 1),
(83, 83, 'en', NULL, 1682619519, NULL, 1),
(84, 84, 'en', NULL, 1682619521, NULL, 1),
(85, 85, 'en', NULL, 1682619521, NULL, 1),
(86, 86, 'en', NULL, 1682619523, NULL, 1),
(87, 87, 'en', NULL, 1682619523, NULL, 1),
(88, 88, 'en', NULL, 1682619523, NULL, 1),
(89, 89, 'en', NULL, 1682619523, NULL, 1),
(90, 90, 'en', NULL, 1682619524, NULL, 1),
(91, 91, 'en', NULL, 1682619524, NULL, 1),
(92, 92, 'en', NULL, 1682619524, NULL, 1),
(93, 93, 'en', NULL, 1682619527, NULL, 1),
(94, 94, 'en', NULL, 1682619527, NULL, 1),
(95, 95, 'en', NULL, 1682619527, NULL, 1),
(96, 96, 'en', NULL, 1682619527, NULL, 1),
(97, 97, 'en', NULL, 1682619527, NULL, 1),
(98, 98, 'en', NULL, 1682619527, NULL, 1),
(99, 99, 'en', NULL, 1682619527, NULL, 1),
(100, 100, 'en', NULL, 1682619528, NULL, 1),
(101, 101, 'en', NULL, 1682619528, NULL, 1),
(102, 102, 'en', NULL, 1682619528, NULL, 1),
(103, 103, 'en', NULL, 1682619528, NULL, 1),
(104, 104, 'en', NULL, 1682619528, NULL, 1),
(105, 105, 'en', NULL, 1682619533, NULL, 1),
(106, 106, 'en', NULL, 1682619533, NULL, 1),
(107, 107, 'en', NULL, 1682619533, NULL, 1),
(108, 108, 'en', NULL, 1682619533, NULL, 1),
(109, 109, 'en', NULL, 1682619533, NULL, 1),
(110, 110, 'en', NULL, 1682619535, NULL, 1),
(111, 111, 'en', NULL, 1682619535, NULL, 1),
(112, 112, 'en', NULL, 1682619535, NULL, 1),
(113, 113, 'en', NULL, 1682619535, NULL, 1),
(114, 114, 'en', NULL, 1682619535, NULL, 1),
(115, 115, 'en', NULL, 1682619535, NULL, 1),
(116, 116, 'en', NULL, 1682619535, NULL, 1),
(117, 117, 'en', NULL, 1682619535, NULL, 1),
(118, 118, 'en', NULL, 1682619535, NULL, 1),
(119, 119, 'en', NULL, 1682619535, NULL, 1),
(120, 120, 'en', NULL, 1682619535, NULL, 1),
(121, 121, 'en', NULL, 1682619535, NULL, 1),
(122, 122, 'en', NULL, 1682619535, NULL, 1),
(123, 123, 'en', NULL, 1682619537, NULL, 1),
(124, 124, 'en', NULL, 1682619537, NULL, 1),
(125, 125, 'en', NULL, 1682619537, NULL, 1),
(126, 126, 'en', NULL, 1682619537, NULL, 1),
(127, 127, 'en', NULL, 1682619537, NULL, 1),
(128, 128, 'en', NULL, 1682619539, NULL, 1),
(129, 129, 'en', NULL, 1682619539, NULL, 1),
(130, 130, 'en', NULL, 1682619539, NULL, 1),
(131, 131, 'en', NULL, 1682619539, NULL, 1),
(132, 132, 'en', NULL, 1682619539, NULL, 1),
(133, 133, 'en', NULL, 1682619539, NULL, 1),
(134, 134, 'en', NULL, 1682619539, NULL, 1),
(135, 135, 'en', NULL, 1682619539, NULL, 1),
(136, 136, 'en', NULL, 1682619539, NULL, 1),
(137, 137, 'en', NULL, 1682619541, NULL, 1),
(138, 138, 'en', NULL, 1682619541, NULL, 1),
(139, 139, 'en', NULL, 1682619543, NULL, 1),
(140, 140, 'en', NULL, 1682619543, NULL, 1),
(141, 141, 'en', NULL, 1682619543, NULL, 1),
(142, 142, 'en', NULL, 1682619543, NULL, 1),
(143, 143, 'en', NULL, 1682619543, NULL, 1),
(144, 144, 'en', NULL, 1682619543, NULL, 1),
(145, 145, 'en', NULL, 1682619545, NULL, 1),
(146, 146, 'en', NULL, 1682619545, NULL, 1),
(147, 147, 'en', NULL, 1682619546, NULL, 1),
(148, 148, 'en', NULL, 1682619546, NULL, 1),
(149, 149, 'en', NULL, 1682619546, NULL, 1),
(150, 150, 'en', NULL, 1682619546, NULL, 1),
(151, 151, 'en', NULL, 1682619546, NULL, 1),
(152, 152, 'en', NULL, 1682619546, NULL, 1),
(153, 153, 'en', NULL, 1682619549, NULL, 1),
(154, 154, 'en', NULL, 1682619549, NULL, 1),
(155, 155, 'en', NULL, 1682619550, NULL, 1),
(156, 156, 'en', NULL, 1682619555, NULL, 1),
(157, 157, 'en', NULL, 1682619555, NULL, 1),
(158, 158, 'en', NULL, 1682619555, NULL, 1),
(159, 159, 'en', NULL, 1682619555, NULL, 1),
(160, 160, 'en', NULL, 1682619555, NULL, 1),
(161, 161, 'en', NULL, 1682619555, NULL, 1),
(162, 162, 'en', NULL, 1682619555, NULL, 1),
(163, 163, 'en', NULL, 1682619555, NULL, 1),
(164, 164, 'en', NULL, 1682619557, NULL, 1),
(165, 165, 'en', NULL, 1682619567, NULL, 1),
(166, 166, 'en', NULL, 1682619583, NULL, 1),
(167, 167, 'en', NULL, 1682619589, NULL, 1),
(168, 168, 'en', NULL, 1682619595, NULL, 1),
(169, 169, 'en', NULL, 1682619595, NULL, 1),
(170, 170, 'en', NULL, 1683035517, NULL, 1),
(171, 171, 'en', NULL, 1683035527, NULL, 1),
(172, 172, 'en', NULL, 1683035540, NULL, 1),
(4, 173, 'en', NULL, 1692279230, NULL, 1),
(173, 174, 'en', NULL, 1692279230, NULL, 1),
(174, 175, 'en', NULL, 1692279230, NULL, 1),
(175, 176, 'en', NULL, 1692279230, NULL, 1),
(176, 177, 'en', NULL, 1692279230, NULL, 1),
(177, 178, 'en', NULL, 1692279230, NULL, 1),
(178, 179, 'en', NULL, 1692279230, NULL, 1),
(179, 180, 'en', NULL, 1692279230, NULL, 1),
(180, 181, 'en', NULL, 1692279230, NULL, 1),
(181, 182, 'en', NULL, 1692279230, NULL, 1),
(182, 183, 'en', NULL, 1692279230, NULL, 1),
(183, 184, 'en', NULL, 1692279230, NULL, 1),
(184, 185, 'en', NULL, 1692279230, NULL, 1),
(185, 186, 'en', NULL, 1692279230, NULL, 1),
(186, 187, 'en', NULL, 1692279230, NULL, 1),
(187, 188, 'en', NULL, 1692279230, NULL, 1),
(188, 189, 'en', NULL, 1692279230, NULL, 1),
(189, 190, 'en', NULL, 1692279230, NULL, 1),
(190, 191, 'en', NULL, 1692279230, NULL, 1),
(191, 192, 'en', NULL, 1692279230, NULL, 1),
(192, 193, 'en', NULL, 1692279230, NULL, 1),
(193, 194, 'en', NULL, 1692279230, NULL, 1),
(194, 195, 'en', NULL, 1692279230, NULL, 1),
(195, 196, 'en', NULL, 1692279230, NULL, 1),
(196, 197, 'en', NULL, 1692279230, NULL, 1),
(197, 198, 'en', NULL, 1692279230, NULL, 1),
(198, 199, 'en', NULL, 1692279230, NULL, 1),
(199, 200, 'en', NULL, 1692279230, NULL, 1),
(200, 201, 'en', NULL, 1692279230, NULL, 1),
(201, 202, 'en', NULL, 1692279230, NULL, 1),
(202, 203, 'en', NULL, 1692279230, NULL, 1),
(203, 204, 'en', NULL, 1692279230, NULL, 1),
(204, 205, 'en', NULL, 1692279230, NULL, 1),
(205, 206, 'en', NULL, 1692279230, NULL, 1),
(206, 207, 'en', NULL, 1692279230, NULL, 1),
(207, 208, 'en', NULL, 1692279230, NULL, 1),
(208, 209, 'en', NULL, 1692279230, NULL, 1),
(209, 210, 'en', NULL, 1692279230, NULL, 1),
(210, 211, 'en', NULL, 1692279230, NULL, 1),
(211, 212, 'en', NULL, 1692279230, NULL, 1),
(212, 213, 'en', NULL, 1692279230, NULL, 1),
(213, 214, 'en', NULL, 1692279230, NULL, 1),
(214, 215, 'en', NULL, 1692279230, NULL, 1),
(215, 216, 'en', NULL, 1692279230, NULL, 1),
(216, 217, 'en', NULL, 1692279230, NULL, 1),
(217, 218, 'en', NULL, 1692279230, NULL, 1),
(218, 219, 'en', NULL, 1692279230, NULL, 1),
(219, 220, 'en', NULL, 1692279230, NULL, 1),
(220, 221, 'en', NULL, 1692279230, NULL, 1),
(221, 222, 'en', NULL, 1692279230, NULL, 1),
(222, 223, 'en', NULL, 1692279230, NULL, 1),
(223, 224, 'en', NULL, 1692279230, NULL, 1),
(224, 225, 'en', NULL, 1692279230, NULL, 1),
(225, 226, 'en', NULL, 1692279230, NULL, 1),
(226, 227, 'en', NULL, 1692279230, NULL, 1),
(227, 228, 'en', NULL, 1692279230, NULL, 1),
(228, 229, 'en', NULL, 1692279230, NULL, 1),
(229, 230, 'en', NULL, 1692279230, NULL, 1),
(230, 231, 'en', NULL, 1692279230, NULL, 1),
(231, 232, 'en', NULL, 1692279230, NULL, 1),
(232, 233, 'en', NULL, 1692279230, NULL, 1),
(233, 234, 'en', NULL, 1692279230, NULL, 1),
(234, 235, 'en', NULL, 1692279230, NULL, 1),
(235, 236, 'en', NULL, 1692279230, NULL, 1),
(236, 237, 'en', NULL, 1692279230, NULL, 1),
(237, 238, 'en', NULL, 1692279230, NULL, 1),
(238, 239, 'en', NULL, 1692279230, NULL, 1),
(239, 240, 'en', NULL, 1692279230, NULL, 1),
(240, 241, 'en', NULL, 1692279230, NULL, 1),
(241, 242, 'en', NULL, 1692279230, NULL, 1),
(242, 243, 'en', NULL, 1692279230, NULL, 1),
(243, 244, 'en', NULL, 1692279230, NULL, 1),
(244, 245, 'en', NULL, 1692279230, NULL, 1),
(245, 246, 'en', NULL, 1692279230, NULL, 1),
(246, 247, 'en', NULL, 1692279230, NULL, 1),
(247, 248, 'en', NULL, 1692279230, NULL, 1),
(248, 249, 'en', NULL, 1692279230, NULL, 1),
(249, 250, 'en', NULL, 1692279230, NULL, 1),
(250, 251, 'en', NULL, 1692279230, NULL, 1),
(251, 252, 'en', NULL, 1692279230, NULL, 1),
(252, 253, 'en', NULL, 1692279230, NULL, 1),
(253, 254, 'en', NULL, 1692279230, NULL, 1),
(254, 255, 'en', NULL, 1692279230, NULL, 1),
(255, 256, 'en', NULL, 1692279230, NULL, 1),
(256, 257, 'en', NULL, 1692279230, NULL, 1),
(257, 258, 'en', NULL, 1692279230, NULL, 1),
(258, 259, 'en', NULL, 1692279230, NULL, 1),
(259, 260, 'en', NULL, 1692279230, NULL, 1),
(260, 261, 'en', NULL, 1692279230, NULL, 1),
(261, 262, 'en', NULL, 1692279230, NULL, 1),
(262, 263, 'en', NULL, 1692279230, NULL, 1),
(263, 264, 'en', NULL, 1692279230, NULL, 1),
(264, 265, 'en', NULL, 1692279230, NULL, 1),
(265, 266, 'en', NULL, 1692279230, NULL, 1),
(266, 267, 'en', NULL, 1692279230, NULL, 1),
(267, 268, 'en', NULL, 1692279230, NULL, 1),
(268, 269, 'en', NULL, 1692279230, NULL, 1),
(269, 270, 'en', NULL, 1692279230, NULL, 1),
(270, 271, 'en', NULL, 1692279230, NULL, 1),
(271, 272, 'en', NULL, 1692279230, NULL, 1),
(272, 273, 'en', NULL, 1692279230, NULL, 1),
(273, 274, 'en', NULL, 1692279230, NULL, 1),
(274, 275, 'en', NULL, 1692279230, NULL, 1),
(275, 276, 'en', NULL, 1692279230, NULL, 1),
(276, 277, 'en', NULL, 1692279230, NULL, 1),
(277, 278, 'en', NULL, 1692279230, NULL, 1),
(278, 279, 'en', NULL, 1692279230, NULL, 1),
(279, 280, 'en', NULL, 1692279230, NULL, 1),
(280, 281, 'en', NULL, 1692279230, NULL, 1),
(281, 282, 'en', NULL, 1692279230, NULL, 1),
(282, 283, 'en', NULL, 1692279230, NULL, 1),
(283, 284, 'en', NULL, 1692279230, NULL, 1),
(284, 285, 'en', NULL, 1692279230, NULL, 1),
(285, 286, 'en', NULL, 1692279230, NULL, 1),
(286, 287, 'en', NULL, 1692279230, NULL, 1),
(287, 288, 'en', NULL, 1692279230, NULL, 1),
(288, 289, 'en', NULL, 1692279230, NULL, 1),
(289, 290, 'en', NULL, 1692279230, NULL, 1),
(290, 291, 'en', NULL, 1692279230, NULL, 1),
(291, 292, 'en', NULL, 1692279230, NULL, 1),
(292, 293, 'en', NULL, 1692279230, NULL, 1),
(293, 294, 'en', NULL, 1692279230, NULL, 1),
(294, 295, 'en', NULL, 1692279230, NULL, 1),
(295, 296, 'en', NULL, 1692279230, NULL, 1),
(296, 297, 'en', NULL, 1692279230, NULL, 1),
(297, 298, 'en', NULL, 1692279230, NULL, 1),
(298, 299, 'en', NULL, 1692279230, NULL, 1),
(299, 300, 'en', NULL, 1692279230, NULL, 1),
(300, 301, 'en', NULL, 1692279230, NULL, 1),
(301, 302, 'en', NULL, 1692279230, NULL, 1),
(302, 303, 'en', NULL, 1692279230, NULL, 1),
(303, 304, 'en', NULL, 1692279230, NULL, 1),
(304, 305, 'en', NULL, 1692279230, NULL, 1),
(305, 306, 'en', NULL, 1692279230, NULL, 1),
(306, 307, 'en', NULL, 1692279230, NULL, 1),
(307, 308, 'en', NULL, 1692279230, NULL, 1),
(308, 309, 'en', NULL, 1692279230, NULL, 1),
(309, 310, 'en', NULL, 1692279230, NULL, 1),
(310, 311, 'en', NULL, 1692279230, NULL, 1),
(311, 312, 'en', NULL, 1692279230, NULL, 1),
(312, 313, 'en', NULL, 1692279230, NULL, 1),
(313, 314, 'en', NULL, 1692279230, NULL, 1),
(314, 315, 'en', NULL, 1692279230, NULL, 1),
(315, 316, 'en', NULL, 1692279230, NULL, 1),
(316, 317, 'en', NULL, 1692279230, NULL, 1),
(317, 318, 'en', NULL, 1692279230, NULL, 1),
(318, 319, 'en', NULL, 1692279230, NULL, 1),
(319, 320, 'en', NULL, 1692279230, NULL, 1),
(320, 321, 'en', NULL, 1692279230, NULL, 1),
(321, 322, 'en', NULL, 1692279230, NULL, 1),
(322, 323, 'en', NULL, 1692279230, NULL, 1),
(323, 324, 'en', NULL, 1692279230, NULL, 1),
(324, 325, 'en', NULL, 1692279230, NULL, 1),
(325, 326, 'en', NULL, 1692279230, NULL, 1),
(326, 327, 'en', NULL, 1692279230, NULL, 1),
(327, 328, 'en', NULL, 1692279230, NULL, 1),
(328, 329, 'en', NULL, 1692279230, NULL, 1),
(329, 330, 'en', NULL, 1692279230, NULL, 1),
(331, 331, 'en', NULL, 1692279233, NULL, 1),
(330, 332, 'en', NULL, 1692279233, NULL, 1),
(332, 333, 'en', NULL, 1692279233, NULL, 1),
(333, 334, 'en', NULL, 1692279233, NULL, 1),
(334, 335, 'en', NULL, 1692279233, NULL, 1),
(335, 336, 'en', NULL, 1692279233, NULL, 1),
(336, 337, 'en', NULL, 1692279233, NULL, 1),
(337, 338, 'en', NULL, 1702576187, NULL, 1),
(338, 339, 'en', NULL, 1702576187, NULL, 1),
(339, 340, 'en', NULL, 1702576187, NULL, 1),
(340, 341, 'en', NULL, 1702576187, NULL, 1),
(341, 342, 'en', NULL, 1702576187, NULL, 1),
(342, 343, 'en', NULL, 1702576188, NULL, 1),
(343, 344, 'en', NULL, 1702576188, NULL, 1),
(344, 345, 'en', NULL, 1702576188, NULL, 1),
(345, 346, 'en', NULL, 1702576190, NULL, 1),
(346, 347, 'en', NULL, 1702576190, NULL, 1),
(347, 348, 'en', NULL, 1702576190, NULL, 1),
(348, 349, 'en', NULL, 1702576190, NULL, 1),
(349, 350, 'en', NULL, 1702576194, NULL, 1),
(350, 351, 'en', NULL, 1702576194, NULL, 1),
(351, 352, 'en', NULL, 1702576197, NULL, 1),
(352, 353, 'en', NULL, 1702576197, NULL, 1),
(353, 354, 'en', NULL, 1702576197, NULL, 1),
(354, 355, 'en', NULL, 1702576197, NULL, 1),
(355, 356, 'en', NULL, 1702576197, NULL, 1),
(356, 357, 'en', NULL, 1702576201, NULL, 1),
(357, 358, 'en', NULL, 1702576201, NULL, 1),
(358, 359, 'en', NULL, 1702576219, NULL, 1),
(359, 360, 'en', NULL, 1702576220, NULL, 1),
(360, 361, 'en', NULL, 1702576220, NULL, 1),
(361, 362, 'en', NULL, 1702576234, NULL, 1),
(362, 363, 'en', NULL, 1702576236, NULL, 1),
(363, 364, 'en', NULL, 1702576238, NULL, 1),
(364, 365, 'en', NULL, 1702576241, NULL, 1),
(365, 366, 'en', NULL, 1702576242, NULL, 1),
(366, 367, 'en', NULL, 1702576242, NULL, 1),
(367, 368, 'en', NULL, 1702576245, NULL, 1),
(368, 369, 'en', NULL, 1702576248, NULL, 1),
(369, 370, 'en', NULL, 1702576271, NULL, 1),
(370, 371, 'en', NULL, 1702576370, NULL, 1),
(371, 372, 'en', NULL, 1702576401, NULL, 1),
(372, 373, 'en', NULL, 1702576473, NULL, 1),
(373, 374, 'en', NULL, 1702576529, NULL, 1),
(374, 375, 'en', NULL, 1702576534, NULL, 1),
(375, 376, 'en', NULL, 1702576590, NULL, 1),
(376, 377, 'en', NULL, 1702576597, NULL, 1),
(377, 378, 'en', NULL, 1702576637, NULL, 1),
(378, 379, 'en', NULL, 1702576665, NULL, 1),
(379, 380, 'en', NULL, 1702576673, NULL, 1),
(380, 381, 'en', NULL, 1702576673, NULL, 1),
(381, 382, 'en', NULL, 1702576683, NULL, 1),
(382, 383, 'en', NULL, 1702576685, NULL, 1),
(383, 384, 'en', NULL, 1702576685, NULL, 1),
(384, 385, 'en', NULL, 1702576685, NULL, 1),
(385, 386, 'en', NULL, 1702576687, NULL, 1),
(386, 387, 'en', NULL, 1702576687, NULL, 1),
(387, 388, 'en', NULL, 1702576688, NULL, 1),
(388, 389, 'en', NULL, 1702576688, NULL, 1),
(389, 390, 'en', NULL, 1702576688, NULL, 1),
(390, 391, 'en', NULL, 1702576688, NULL, 1),
(391, 392, 'en', NULL, 1702576689, NULL, 1),
(392, 393, 'en', NULL, 1702576691, NULL, 1),
(393, 394, 'en', NULL, 1702576691, NULL, 1),
(394, 395, 'en', NULL, 1702576691, NULL, 1),
(395, 396, 'en', NULL, 1702576691, NULL, 1),
(396, 397, 'en', NULL, 1702576694, NULL, 1),
(397, 398, 'en', NULL, 1702576694, NULL, 1),
(398, 399, 'en', NULL, 1702576694, NULL, 1),
(399, 400, 'en', NULL, 1702576694, NULL, 1),
(400, 401, 'en', NULL, 1702576694, NULL, 1),
(401, 402, 'en', NULL, 1702576694, NULL, 1),
(402, 403, 'en', NULL, 1702576700, NULL, 1),
(403, 404, 'en', NULL, 1702576700, NULL, 1),
(404, 405, 'en', NULL, 1702576700, NULL, 1),
(405, 406, 'en', NULL, 1702576702, NULL, 1),
(406, 407, 'en', NULL, 1702576703, NULL, 1),
(407, 408, 'en', NULL, 1702576704, NULL, 1),
(408, 409, 'en', NULL, 1702576704, NULL, 1),
(409, 410, 'en', NULL, 1702576704, NULL, 1),
(410, 411, 'en', NULL, 1702576709, NULL, 1),
(411, 412, 'en', NULL, 1702576710, NULL, 1),
(412, 413, 'en', NULL, 1702576710, NULL, 1),
(413, 414, 'en', NULL, 1702576711, NULL, 1),
(414, 415, 'en', NULL, 1702576713, NULL, 1),
(415, 416, 'en', NULL, 1702576713, NULL, 1),
(416, 417, 'en', NULL, 1702576713, NULL, 1),
(417, 418, 'en', NULL, 1702576713, NULL, 1),
(418, 419, 'en', NULL, 1702576715, NULL, 1),
(419, 420, 'en', NULL, 1702576718, NULL, 1),
(420, 421, 'en', NULL, 1702576719, NULL, 1),
(421, 422, 'en', NULL, 1702576719, NULL, 1),
(422, 423, 'en', NULL, 1702576720, NULL, 1),
(423, 424, 'en', NULL, 1702576722, NULL, 1),
(424, 425, 'en', NULL, 1702576722, NULL, 1),
(425, 426, 'en', NULL, 1702576725, NULL, 1),
(426, 427, 'en', NULL, 1702576725, NULL, 1),
(427, 428, 'en', NULL, 1702576725, NULL, 1),
(428, 429, 'en', NULL, 1702576725, NULL, 1),
(429, 430, 'en', NULL, 1702576725, NULL, 1),
(430, 431, 'en', NULL, 1702576726, NULL, 1),
(431, 432, 'en', NULL, 1702576727, NULL, 1),
(432, 433, 'en', NULL, 1702576727, NULL, 1),
(433, 434, 'en', NULL, 1702576727, NULL, 1),
(434, 435, 'en', NULL, 1702576727, NULL, 1),
(435, 436, 'en', NULL, 1702576727, NULL, 1),
(436, 437, 'en', NULL, 1702576727, NULL, 1),
(437, 438, 'en', NULL, 1702576729, NULL, 1),
(438, 439, 'en', NULL, 1702576729, NULL, 1),
(439, 440, 'en', NULL, 1702576729, NULL, 1),
(440, 441, 'en', NULL, 1702576730, NULL, 1),
(441, 442, 'en', NULL, 1702576730, NULL, 1),
(442, 443, 'en', NULL, 1702576730, NULL, 1),
(443, 444, 'en', NULL, 1702576730, NULL, 1),
(444, 445, 'en', NULL, 1702576730, NULL, 1),
(445, 446, 'en', NULL, 1702576733, NULL, 1),
(446, 447, 'en', NULL, 1702576733, NULL, 1),
(447, 448, 'en', NULL, 1702576733, NULL, 1),
(448, 449, 'en', NULL, 1702576734, NULL, 1),
(449, 450, 'en', NULL, 1702576734, NULL, 1),
(450, 451, 'en', NULL, 1702576734, NULL, 1),
(451, 452, 'en', NULL, 1702576735, NULL, 1),
(452, 453, 'en', NULL, 1702576735, NULL, 1),
(453, 454, 'en', NULL, 1702576735, NULL, 1),
(454, 455, 'en', NULL, 1702576735, NULL, 1),
(455, 456, 'en', NULL, 1702576735, NULL, 1),
(456, 457, 'en', NULL, 1702576737, NULL, 1),
(457, 458, 'en', NULL, 1702576737, NULL, 1),
(458, 459, 'en', NULL, 1702576737, NULL, 1),
(459, 460, 'en', NULL, 1702576737, NULL, 1),
(460, 461, 'en', NULL, 1702576737, NULL, 1),
(461, 462, 'en', NULL, 1702576737, NULL, 1),
(462, 463, 'en', NULL, 1702576737, NULL, 1),
(463, 464, 'en', NULL, 1702576738, NULL, 1),
(464, 465, 'en', NULL, 1702576739, NULL, 1),
(465, 466, 'en', NULL, 1702576739, NULL, 1),
(466, 467, 'en', NULL, 1702576739, NULL, 1),
(467, 468, 'en', NULL, 1702576739, NULL, 1),
(468, 469, 'en', NULL, 1702576739, NULL, 1),
(469, 470, 'en', NULL, 1702576739, NULL, 1),
(470, 471, 'en', NULL, 1702576739, NULL, 1),
(471, 472, 'en', NULL, 1702576739, NULL, 1),
(472, 473, 'en', NULL, 1702576739, NULL, 1),
(473, 474, 'en', NULL, 1702576739, NULL, 1),
(474, 475, 'en', NULL, 1702576742, NULL, 1),
(475, 476, 'en', NULL, 1702576742, NULL, 1),
(476, 477, 'en', NULL, 1702576742, NULL, 1),
(477, 478, 'en', NULL, 1702576742, NULL, 1),
(478, 479, 'en', NULL, 1702576742, NULL, 1),
(479, 480, 'en', NULL, 1702576744, NULL, 1),
(480, 481, 'en', NULL, 1702576745, NULL, 1),
(481, 482, 'en', NULL, 1702576745, NULL, 1),
(482, 483, 'en', NULL, 1702576745, NULL, 1),
(483, 484, 'en', NULL, 1702576745, NULL, 1),
(484, 485, 'en', NULL, 1702576746, NULL, 1),
(485, 486, 'en', NULL, 1702576748, NULL, 1),
(486, 487, 'en', NULL, 1702576748, NULL, 1),
(487, 488, 'en', NULL, 1702576750, NULL, 1),
(488, 489, 'en', NULL, 1702576752, NULL, 1),
(489, 490, 'en', NULL, 1702576752, NULL, 1),
(490, 491, 'en', NULL, 1702576752, NULL, 1),
(491, 492, 'en', NULL, 1702576752, NULL, 1),
(492, 493, 'en', NULL, 1702576754, NULL, 1),
(493, 494, 'en', NULL, 1702576754, NULL, 1),
(494, 495, 'en', NULL, 1702576755, NULL, 1),
(495, 496, 'en', NULL, 1702576755, NULL, 1),
(496, 497, 'en', NULL, 1702576756, NULL, 1),
(497, 498, 'en', NULL, 1702576761, NULL, 1),
(498, 499, 'en', NULL, 1702576761, NULL, 1),
(499, 500, 'en', NULL, 1702576761, NULL, 1),
(500, 501, 'en', NULL, 1702576761, NULL, 1),
(501, 502, 'en', NULL, 1702576762, NULL, 1),
(502, 503, 'en', NULL, 1702576762, NULL, 1),
(503, 504, 'en', NULL, 1702576762, NULL, 1),
(504, 505, 'en', NULL, 1702576762, NULL, 1),
(505, 506, 'en', NULL, 1702576768, NULL, 1),
(506, 507, 'en', NULL, 1702576777, NULL, 1),
(507, 508, 'en', NULL, 1702576788, NULL, 1),
(508, 509, 'en', NULL, 1702576791, NULL, 1),
(509, 510, 'en', NULL, 1702576792, NULL, 1),
(510, 511, 'en', NULL, 1702576792, NULL, 1),
(511, 512, 'en', NULL, 1702576794, NULL, 1),
(512, 513, 'en', NULL, 1702576798, NULL, 1),
(513, 514, 'en', NULL, 1702576802, NULL, 1),
(514, 515, 'en', NULL, 1702576803, NULL, 1);

-- --------------------------------------------------------

--
-- Table structure for table `taxonomy_term_revision__parent`
--

CREATE TABLE `taxonomy_term_revision__parent` (
  `bundle` varchar(128) CHARACTER SET ascii COLLATE ascii_general_ci NOT NULL DEFAULT '' COMMENT 'The field instance bundle to which this row belongs, used when deleting a field instance',
  `deleted` tinyint NOT NULL DEFAULT '0' COMMENT 'A boolean indicating whether this data item has been deleted',
  `entity_id` int UNSIGNED NOT NULL COMMENT 'The entity id this data is attached to',
  `revision_id` int UNSIGNED NOT NULL COMMENT 'The entity revision id this data is attached to',
  `langcode` varchar(32) CHARACTER SET ascii COLLATE ascii_general_ci NOT NULL DEFAULT '' COMMENT 'The language code for this data item.',
  `delta` int UNSIGNED NOT NULL COMMENT 'The sequence number for this data item, used for multi-value fields',
  `parent_target_id` int UNSIGNED NOT NULL COMMENT 'The ID of the target entity.'
) ENGINE=InnoDB DEFAULT CHARSET=utf8mb4 COLLATE=utf8mb4_general_ci COMMENT='Revision archive storage for taxonomy_term field parent.';

--
-- Dumping data for table `taxonomy_term_revision__parent`
--

INSERT INTO `taxonomy_term_revision__parent` (`bundle`, `deleted`, `entity_id`, `revision_id`, `langcode`, `delta`, `parent_target_id`) VALUES
('resources', 0, 1, 1, 'en', 0, 0),
('resources', 0, 2, 2, 'en', 0, 0),
('resources', 0, 3, 3, 'en', 0, 0),
('tags', 0, 4, 173, 'en', 0, 0),
('font_classification', 0, 5, 5, 'en', 0, 0),
('languages_supported', 0, 6, 6, 'en', 0, 0),
('languages_supported', 0, 7, 7, 'en', 0, 0),
('font_classification', 0, 8, 8, 'en', 0, 0),
('languages_supported', 0, 9, 9, 'en', 0, 0),
('font_classification', 0, 10, 10, 'en', 0, 0),
('languages_supported', 0, 11, 11, 'en', 0, 0),
('languages_supported', 0, 12, 12, 'en', 0, 0),
('languages_supported', 0, 13, 13, 'en', 0, 0),
('languages_supported', 0, 14, 14, 'en', 0, 0),
('font_classification', 0, 15, 15, 'en', 0, 0),
('languages_supported', 0, 16, 16, 'en', 0, 0),
('languages_supported', 0, 17, 17, 'en', 0, 0),
('languages_supported', 0, 18, 18, 'en', 0, 0),
('languages_supported', 0, 19, 19, 'en', 0, 0),
('languages_supported', 0, 20, 20, 'en', 0, 0),
('languages_supported', 0, 21, 21, 'en', 0, 0),
('languages_supported', 0, 22, 22, 'en', 0, 0),
('languages_supported', 0, 23, 23, 'en', 0, 0),
('languages_supported', 0, 24, 24, 'en', 0, 0),
('languages_supported', 0, 25, 25, 'en', 0, 0),
('languages_supported', 0, 26, 26, 'en', 0, 0),
('languages_supported', 0, 27, 27, 'en', 0, 0),
('languages_supported', 0, 28, 28, 'en', 0, 0),
('languages_supported', 0, 29, 29, 'en', 0, 0),
('font_classification', 0, 30, 30, 'en', 0, 0),
('languages_supported', 0, 31, 31, 'en', 0, 0),
('languages_supported', 0, 32, 32, 'en', 0, 0),
('languages_supported', 0, 33, 33, 'en', 0, 0),
('languages_supported', 0, 34, 34, 'en', 0, 0),
('languages_supported', 0, 35, 35, 'en', 0, 0),
('languages_supported', 0, 36, 36, 'en', 0, 0),
('languages_supported', 0, 37, 37, 'en', 0, 0),
('languages_supported', 0, 38, 38, 'en', 0, 0),
('languages_supported', 0, 39, 39, 'en', 0, 0),
('languages_supported', 0, 40, 40, 'en', 0, 0),
('languages_supported', 0, 41, 41, 'en', 0, 0),
('languages_supported', 0, 42, 42, 'en', 0, 0),
('languages_supported', 0, 43, 43, 'en', 0, 0),
('languages_supported', 0, 44, 44, 'en', 0, 0),
('languages_supported', 0, 45, 45, 'en', 0, 0),
('languages_supported', 0, 46, 46, 'en', 0, 0),
('languages_supported', 0, 47, 47, 'en', 0, 0),
('languages_supported', 0, 48, 48, 'en', 0, 0),
('languages_supported', 0, 49, 49, 'en', 0, 0),
('languages_supported', 0, 50, 50, 'en', 0, 0),
('languages_supported', 0, 51, 51, 'en', 0, 0),
('languages_supported', 0, 52, 52, 'en', 0, 0),
('languages_supported', 0, 53, 53, 'en', 0, 0),
('languages_supported', 0, 54, 54, 'en', 0, 0),
('languages_supported', 0, 55, 55, 'en', 0, 0),
('languages_supported', 0, 56, 56, 'en', 0, 0),
('languages_supported', 0, 57, 57, 'en', 0, 0),
('languages_supported', 0, 58, 58, 'en', 0, 0),
('languages_supported', 0, 59, 59, 'en', 0, 0),
('languages_supported', 0, 60, 60, 'en', 0, 0),
('languages_supported', 0, 61, 61, 'en', 0, 0),
('languages_supported', 0, 62, 62, 'en', 0, 0),
('languages_supported', 0, 63, 63, 'en', 0, 0),
('languages_supported', 0, 64, 64, 'en', 0, 0),
('languages_supported', 0, 65, 65, 'en', 0, 0),
('languages_supported', 0, 66, 66, 'en', 0, 0),
('languages_supported', 0, 67, 67, 'en', 0, 0),
('languages_supported', 0, 68, 68, 'en', 0, 0),
('languages_supported', 0, 69, 69, 'en', 0, 0),
('languages_supported', 0, 70, 70, 'en', 0, 0),
('languages_supported', 0, 71, 71, 'en', 0, 0),
('languages_supported', 0, 72, 72, 'en', 0, 0),
('languages_supported', 0, 73, 73, 'en', 0, 0),
('languages_supported', 0, 74, 74, 'en', 0, 0),
('languages_supported', 0, 75, 75, 'en', 0, 0),
('languages_supported', 0, 76, 76, 'en', 0, 0),
('languages_supported', 0, 77, 77, 'en', 0, 0),
('languages_supported', 0, 78, 78, 'en', 0, 0),
('languages_supported', 0, 79, 79, 'en', 0, 0),
('languages_supported', 0, 80, 80, 'en', 0, 0),
('languages_supported', 0, 81, 81, 'en', 0, 0),
('languages_supported', 0, 82, 82, 'en', 0, 0),
('languages_supported', 0, 83, 83, 'en', 0, 0),
('languages_supported', 0, 84, 84, 'en', 0, 0),
('languages_supported', 0, 85, 85, 'en', 0, 0),
('languages_supported', 0, 86, 86, 'en', 0, 0),
('languages_supported', 0, 87, 87, 'en', 0, 0),
('languages_supported', 0, 88, 88, 'en', 0, 0),
('languages_supported', 0, 89, 89, 'en', 0, 0),
('languages_supported', 0, 90, 90, 'en', 0, 0),
('languages_supported', 0, 91, 91, 'en', 0, 0),
('languages_supported', 0, 92, 92, 'en', 0, 0),
('languages_supported', 0, 93, 93, 'en', 0, 0),
('languages_supported', 0, 94, 94, 'en', 0, 0),
('languages_supported', 0, 95, 95, 'en', 0, 0),
('languages_supported', 0, 96, 96, 'en', 0, 0),
('languages_supported', 0, 97, 97, 'en', 0, 0),
('languages_supported', 0, 98, 98, 'en', 0, 0),
('languages_supported', 0, 99, 99, 'en', 0, 0),
('languages_supported', 0, 100, 100, 'en', 0, 0),
('languages_supported', 0, 101, 101, 'en', 0, 0),
('languages_supported', 0, 102, 102, 'en', 0, 0),
('languages_supported', 0, 103, 103, 'en', 0, 0),
('languages_supported', 0, 104, 104, 'en', 0, 0),
('languages_supported', 0, 105, 105, 'en', 0, 0),
('languages_supported', 0, 106, 106, 'en', 0, 0),
('languages_supported', 0, 107, 107, 'en', 0, 0),
('languages_supported', 0, 108, 108, 'en', 0, 0),
('languages_supported', 0, 109, 109, 'en', 0, 0),
('languages_supported', 0, 110, 110, 'en', 0, 0),
('languages_supported', 0, 111, 111, 'en', 0, 0),
('languages_supported', 0, 112, 112, 'en', 0, 0),
('languages_supported', 0, 113, 113, 'en', 0, 0),
('languages_supported', 0, 114, 114, 'en', 0, 0),
('languages_supported', 0, 115, 115, 'en', 0, 0),
('languages_supported', 0, 116, 116, 'en', 0, 0),
('languages_supported', 0, 117, 117, 'en', 0, 0),
('languages_supported', 0, 118, 118, 'en', 0, 0),
('languages_supported', 0, 119, 119, 'en', 0, 0),
('languages_supported', 0, 120, 120, 'en', 0, 0),
('languages_supported', 0, 121, 121, 'en', 0, 0),
('languages_supported', 0, 122, 122, 'en', 0, 0),
('languages_supported', 0, 123, 123, 'en', 0, 0),
('languages_supported', 0, 124, 124, 'en', 0, 0),
('languages_supported', 0, 125, 125, 'en', 0, 0),
('languages_supported', 0, 126, 126, 'en', 0, 0),
('languages_supported', 0, 127, 127, 'en', 0, 0),
('languages_supported', 0, 128, 128, 'en', 0, 0),
('languages_supported', 0, 129, 129, 'en', 0, 0),
('languages_supported', 0, 130, 130, 'en', 0, 0),
('languages_supported', 0, 131, 131, 'en', 0, 0),
('languages_supported', 0, 132, 132, 'en', 0, 0),
('languages_supported', 0, 133, 133, 'en', 0, 0),
('languages_supported', 0, 134, 134, 'en', 0, 0),
('languages_supported', 0, 135, 135, 'en', 0, 0),
('languages_supported', 0, 136, 136, 'en', 0, 0),
('languages_supported', 0, 137, 137, 'en', 0, 0),
('languages_supported', 0, 138, 138, 'en', 0, 0),
('languages_supported', 0, 139, 139, 'en', 0, 0),
('languages_supported', 0, 140, 140, 'en', 0, 0),
('languages_supported', 0, 141, 141, 'en', 0, 0),
('languages_supported', 0, 142, 142, 'en', 0, 0),
('languages_supported', 0, 143, 143, 'en', 0, 0),
('languages_supported', 0, 144, 144, 'en', 0, 0),
('languages_supported', 0, 145, 145, 'en', 0, 0),
('languages_supported', 0, 146, 146, 'en', 0, 0),
('languages_supported', 0, 147, 147, 'en', 0, 0),
('languages_supported', 0, 148, 148, 'en', 0, 0),
('languages_supported', 0, 149, 149, 'en', 0, 0),
('languages_supported', 0, 150, 150, 'en', 0, 0),
('languages_supported', 0, 151, 151, 'en', 0, 0),
('languages_supported', 0, 152, 152, 'en', 0, 0),
('languages_supported', 0, 153, 153, 'en', 0, 0),
('languages_supported', 0, 154, 154, 'en', 0, 0),
('languages_supported', 0, 155, 155, 'en', 0, 0),
('languages_supported', 0, 156, 156, 'en', 0, 0),
('languages_supported', 0, 157, 157, 'en', 0, 0),
('languages_supported', 0, 158, 158, 'en', 0, 0),
('languages_supported', 0, 159, 159, 'en', 0, 0),
('languages_supported', 0, 160, 160, 'en', 0, 0),
('languages_supported', 0, 161, 161, 'en', 0, 0),
('languages_supported', 0, 162, 162, 'en', 0, 0),
('languages_supported', 0, 163, 163, 'en', 0, 0),
('languages_supported', 0, 164, 164, 'en', 0, 0),
('languages_supported', 0, 165, 165, 'en', 0, 0),
('languages_supported', 0, 166, 166, 'en', 0, 0),
('languages_supported', 0, 167, 167, 'en', 0, 0),
('languages_supported', 0, 168, 168, 'en', 0, 0),
('languages_supported', 0, 169, 169, 'en', 0, 0),
('categories', 0, 170, 170, 'en', 0, 0),
('categories', 0, 171, 171, 'en', 0, 0),
('categories', 0, 172, 172, 'en', 0, 0),
('tags', 0, 173, 174, 'en', 0, 0),
('tags', 0, 174, 175, 'en', 0, 0),
('tags', 0, 175, 176, 'en', 0, 0),
('tags', 0, 176, 177, 'en', 0, 0),
('tags', 0, 177, 178, 'en', 0, 0),
('tags', 0, 178, 179, 'en', 0, 0),
('tags', 0, 179, 180, 'en', 0, 0),
('tags', 0, 180, 181, 'en', 0, 0),
('tags', 0, 181, 182, 'en', 0, 0),
('tags', 0, 182, 183, 'en', 0, 0),
('tags', 0, 183, 184, 'en', 0, 0),
('tags', 0, 184, 185, 'en', 0, 0),
('tags', 0, 185, 186, 'en', 0, 0),
('tags', 0, 186, 187, 'en', 0, 0),
('tags', 0, 187, 188, 'en', 0, 0),
('tags', 0, 188, 189, 'en', 0, 0),
('tags', 0, 189, 190, 'en', 0, 0),
('tags', 0, 190, 191, 'en', 0, 0),
('tags', 0, 191, 192, 'en', 0, 0),
('tags', 0, 192, 193, 'en', 0, 0),
('tags', 0, 193, 194, 'en', 0, 0),
('tags', 0, 194, 195, 'en', 0, 0),
('tags', 0, 195, 196, 'en', 0, 0),
('tags', 0, 196, 197, 'en', 0, 0),
('tags', 0, 197, 198, 'en', 0, 0),
('tags', 0, 198, 199, 'en', 0, 0),
('tags', 0, 199, 200, 'en', 0, 0),
('tags', 0, 200, 201, 'en', 0, 0),
('tags', 0, 201, 202, 'en', 0, 0),
('tags', 0, 202, 203, 'en', 0, 0),
('tags', 0, 203, 204, 'en', 0, 0),
('tags', 0, 204, 205, 'en', 0, 0),
('tags', 0, 205, 206, 'en', 0, 0),
('tags', 0, 206, 207, 'en', 0, 0),
('tags', 0, 207, 208, 'en', 0, 0),
('tags', 0, 208, 209, 'en', 0, 0),
('tags', 0, 209, 210, 'en', 0, 0),
('tags', 0, 210, 211, 'en', 0, 0),
('tags', 0, 211, 212, 'en', 0, 0),
('tags', 0, 212, 213, 'en', 0, 0),
('tags', 0, 213, 214, 'en', 0, 0),
('tags', 0, 214, 215, 'en', 0, 0),
('tags', 0, 215, 216, 'en', 0, 0),
('tags', 0, 216, 217, 'en', 0, 0),
('tags', 0, 217, 218, 'en', 0, 0),
('tags', 0, 218, 219, 'en', 0, 0),
('tags', 0, 219, 220, 'en', 0, 0),
('tags', 0, 220, 221, 'en', 0, 0),
('tags', 0, 221, 222, 'en', 0, 0),
('tags', 0, 222, 223, 'en', 0, 0),
('tags', 0, 223, 224, 'en', 0, 0),
('tags', 0, 224, 225, 'en', 0, 0),
('tags', 0, 225, 226, 'en', 0, 0),
('tags', 0, 226, 227, 'en', 0, 0),
('tags', 0, 227, 228, 'en', 0, 0),
('tags', 0, 228, 229, 'en', 0, 0),
('tags', 0, 229, 230, 'en', 0, 0),
('tags', 0, 230, 231, 'en', 0, 0),
('tags', 0, 231, 232, 'en', 0, 0),
('tags', 0, 232, 233, 'en', 0, 0),
('tags', 0, 233, 234, 'en', 0, 0),
('tags', 0, 234, 235, 'en', 0, 0),
('tags', 0, 235, 236, 'en', 0, 0),
('tags', 0, 236, 237, 'en', 0, 0),
('tags', 0, 237, 238, 'en', 0, 0),
('tags', 0, 238, 239, 'en', 0, 0),
('tags', 0, 239, 240, 'en', 0, 0),
('tags', 0, 240, 241, 'en', 0, 0),
('tags', 0, 241, 242, 'en', 0, 0),
('tags', 0, 242, 243, 'en', 0, 0),
('tags', 0, 243, 244, 'en', 0, 0),
('tags', 0, 244, 245, 'en', 0, 0),
('tags', 0, 245, 246, 'en', 0, 0),
('tags', 0, 246, 247, 'en', 0, 0),
('tags', 0, 247, 248, 'en', 0, 0),
('tags', 0, 248, 249, 'en', 0, 0),
('tags', 0, 249, 250, 'en', 0, 0),
('tags', 0, 250, 251, 'en', 0, 0),
('tags', 0, 251, 252, 'en', 0, 0),
('tags', 0, 252, 253, 'en', 0, 0),
('tags', 0, 253, 254, 'en', 0, 0),
('tags', 0, 254, 255, 'en', 0, 0),
('tags', 0, 255, 256, 'en', 0, 0),
('tags', 0, 256, 257, 'en', 0, 0),
('tags', 0, 257, 258, 'en', 0, 0),
('tags', 0, 258, 259, 'en', 0, 0),
('tags', 0, 259, 260, 'en', 0, 0),
('tags', 0, 260, 261, 'en', 0, 0),
('tags', 0, 261, 262, 'en', 0, 0),
('tags', 0, 262, 263, 'en', 0, 0),
('tags', 0, 263, 264, 'en', 0, 0),
('tags', 0, 264, 265, 'en', 0, 0),
('tags', 0, 265, 266, 'en', 0, 0),
('tags', 0, 266, 267, 'en', 0, 0),
('tags', 0, 267, 268, 'en', 0, 0),
('tags', 0, 268, 269, 'en', 0, 0),
('tags', 0, 269, 270, 'en', 0, 0),
('tags', 0, 270, 271, 'en', 0, 0),
('tags', 0, 271, 272, 'en', 0, 0),
('tags', 0, 272, 273, 'en', 0, 0),
('tags', 0, 273, 274, 'en', 0, 0),
('tags', 0, 274, 275, 'en', 0, 0),
('tags', 0, 275, 276, 'en', 0, 0),
('tags', 0, 276, 277, 'en', 0, 0),
('tags', 0, 277, 278, 'en', 0, 0),
('tags', 0, 278, 279, 'en', 0, 0),
('tags', 0, 279, 280, 'en', 0, 0),
('tags', 0, 280, 281, 'en', 0, 0),
('tags', 0, 281, 282, 'en', 0, 0),
('tags', 0, 282, 283, 'en', 0, 0),
('tags', 0, 283, 284, 'en', 0, 0),
('tags', 0, 284, 285, 'en', 0, 0),
('tags', 0, 285, 286, 'en', 0, 0),
('tags', 0, 286, 287, 'en', 0, 0),
('tags', 0, 287, 288, 'en', 0, 0),
('tags', 0, 288, 289, 'en', 0, 0),
('tags', 0, 289, 290, 'en', 0, 0),
('tags', 0, 290, 291, 'en', 0, 0),
('tags', 0, 291, 292, 'en', 0, 0),
('tags', 0, 292, 293, 'en', 0, 0),
('tags', 0, 293, 294, 'en', 0, 0),
('tags', 0, 294, 295, 'en', 0, 0),
('tags', 0, 295, 296, 'en', 0, 0),
('tags', 0, 296, 297, 'en', 0, 0),
('tags', 0, 297, 298, 'en', 0, 0),
('tags', 0, 298, 299, 'en', 0, 0),
('tags', 0, 299, 300, 'en', 0, 0),
('tags', 0, 300, 301, 'en', 0, 0),
('tags', 0, 301, 302, 'en', 0, 0),
('tags', 0, 302, 303, 'en', 0, 0),
('tags', 0, 303, 304, 'en', 0, 0),
('tags', 0, 304, 305, 'en', 0, 0),
('tags', 0, 305, 306, 'en', 0, 0),
('tags', 0, 306, 307, 'en', 0, 0),
('tags', 0, 307, 308, 'en', 0, 0),
('tags', 0, 308, 309, 'en', 0, 0),
('tags', 0, 309, 310, 'en', 0, 0),
('tags', 0, 310, 311, 'en', 0, 0),
('tags', 0, 311, 312, 'en', 0, 0),
('tags', 0, 312, 313, 'en', 0, 0),
('tags', 0, 313, 314, 'en', 0, 0),
('tags', 0, 314, 315, 'en', 0, 0),
('tags', 0, 315, 316, 'en', 0, 0),
('tags', 0, 316, 317, 'en', 0, 0),
('tags', 0, 317, 318, 'en', 0, 0),
('tags', 0, 318, 319, 'en', 0, 0),
('tags', 0, 319, 320, 'en', 0, 0),
('tags', 0, 320, 321, 'en', 0, 0),
('tags', 0, 321, 322, 'en', 0, 0),
('tags', 0, 322, 323, 'en', 0, 0),
('tags', 0, 323, 324, 'en', 0, 0),
('tags', 0, 324, 325, 'en', 0, 0),
('tags', 0, 325, 326, 'en', 0, 0),
('tags', 0, 326, 327, 'en', 0, 0),
('tags', 0, 327, 328, 'en', 0, 0),
('tags', 0, 328, 329, 'en', 0, 0),
('tags', 0, 329, 330, 'en', 0, 0),
('subscribe', 0, 330, 332, 'en', 0, 0),
('newsletter', 0, 331, 331, 'en', 0, 0),
('ug_research', 0, 332, 333, 'en', 0, 0),
('ug_research', 0, 333, 334, 'en', 0, 0),
('ug_research', 0, 334, 335, 'en', 0, 0),
('ug_research', 0, 335, 336, 'en', 0, 0),
('ug_research', 0, 336, 337, 'en', 0, 0),
('font_classification', 0, 337, 338, 'en', 0, 0),
('languages_supported', 0, 338, 339, 'en', 0, 0),
('languages_supported', 0, 339, 340, 'en', 0, 0),
('font_classification', 0, 340, 341, 'en', 0, 0),
('languages_supported', 0, 341, 342, 'en', 0, 0),
('languages_supported', 0, 342, 343, 'en', 0, 0),
('font_classification', 0, 343, 344, 'en', 0, 0),
('languages_supported', 0, 344, 345, 'en', 0, 0),
('languages_supported', 0, 345, 346, 'en', 0, 0),
('languages_supported', 0, 346, 347, 'en', 0, 0),
('languages_supported', 0, 347, 348, 'en', 0, 0),
('languages_supported', 0, 348, 349, 'en', 0, 0),
('languages_supported', 0, 349, 350, 'en', 0, 0),
('languages_supported', 0, 350, 351, 'en', 0, 0),
('font_classification', 0, 351, 352, 'en', 0, 0),
('languages_supported', 0, 352, 353, 'en', 0, 0),
('languages_supported', 0, 353, 354, 'en', 0, 0),
('languages_supported', 0, 354, 355, 'en', 0, 0),
('languages_supported', 0, 355, 356, 'en', 0, 0),
('languages_supported', 0, 356, 357, 'en', 0, 0),
('languages_supported', 0, 357, 358, 'en', 0, 0),
('languages_supported', 0, 358, 359, 'en', 0, 0),
('languages_supported', 0, 359, 360, 'en', 0, 0),
('languages_supported', 0, 360, 361, 'en', 0, 0),
('languages_supported', 0, 361, 362, 'en', 0, 0),
('languages_supported', 0, 362, 363, 'en', 0, 0),
('languages_supported', 0, 363, 364, 'en', 0, 0),
('languages_supported', 0, 364, 365, 'en', 0, 0),
('languages_supported', 0, 365, 366, 'en', 0, 0),
('font_classification', 0, 366, 367, 'en', 0, 0),
('languages_supported', 0, 367, 368, 'en', 0, 0),
('languages_supported', 0, 368, 369, 'en', 0, 0),
('languages_supported', 0, 369, 370, 'en', 0, 0),
('languages_supported', 0, 370, 371, 'en', 0, 0),
('languages_supported', 0, 371, 372, 'en', 0, 0),
('languages_supported', 0, 372, 373, 'en', 0, 0),
('languages_supported', 0, 373, 374, 'en', 0, 0),
('languages_supported', 0, 374, 375, 'en', 0, 0),
('languages_supported', 0, 375, 376, 'en', 0, 0),
('languages_supported', 0, 376, 377, 'en', 0, 0),
('languages_supported', 0, 377, 378, 'en', 0, 0),
('languages_supported', 0, 378, 379, 'en', 0, 0),
('languages_supported', 0, 379, 380, 'en', 0, 0),
('languages_supported', 0, 380, 381, 'en', 0, 0),
('languages_supported', 0, 381, 382, 'en', 0, 0),
('languages_supported', 0, 382, 383, 'en', 0, 0),
('languages_supported', 0, 383, 384, 'en', 0, 0),
('languages_supported', 0, 384, 385, 'en', 0, 0),
('languages_supported', 0, 385, 386, 'en', 0, 0),
('languages_supported', 0, 386, 387, 'en', 0, 0),
('languages_supported', 0, 387, 388, 'en', 0, 0),
('languages_supported', 0, 388, 389, 'en', 0, 0),
('languages_supported', 0, 389, 390, 'en', 0, 0),
('languages_supported', 0, 390, 391, 'en', 0, 0),
('languages_supported', 0, 391, 392, 'en', 0, 0),
('languages_supported', 0, 392, 393, 'en', 0, 0),
('languages_supported', 0, 393, 394, 'en', 0, 0),
('languages_supported', 0, 394, 395, 'en', 0, 0),
('languages_supported', 0, 395, 396, 'en', 0, 0),
('languages_supported', 0, 396, 397, 'en', 0, 0),
('languages_supported', 0, 397, 398, 'en', 0, 0),
('languages_supported', 0, 398, 399, 'en', 0, 0),
('languages_supported', 0, 399, 400, 'en', 0, 0),
('languages_supported', 0, 400, 401, 'en', 0, 0),
('languages_supported', 0, 401, 402, 'en', 0, 0),
('languages_supported', 0, 402, 403, 'en', 0, 0),
('languages_supported', 0, 403, 404, 'en', 0, 0),
('languages_supported', 0, 404, 405, 'en', 0, 0),
('languages_supported', 0, 405, 406, 'en', 0, 0),
('languages_supported', 0, 406, 407, 'en', 0, 0),
('languages_supported', 0, 407, 408, 'en', 0, 0),
('languages_supported', 0, 408, 409, 'en', 0, 0),
('languages_supported', 0, 409, 410, 'en', 0, 0),
('languages_supported', 0, 410, 411, 'en', 0, 0),
('languages_supported', 0, 411, 412, 'en', 0, 0),
('languages_supported', 0, 412, 413, 'en', 0, 0),
('languages_supported', 0, 413, 414, 'en', 0, 0),
('languages_supported', 0, 414, 415, 'en', 0, 0),
('languages_supported', 0, 415, 416, 'en', 0, 0),
('languages_supported', 0, 416, 417, 'en', 0, 0),
('languages_supported', 0, 417, 418, 'en', 0, 0),
('languages_supported', 0, 418, 419, 'en', 0, 0),
('languages_supported', 0, 419, 420, 'en', 0, 0),
('languages_supported', 0, 420, 421, 'en', 0, 0),
('languages_supported', 0, 421, 422, 'en', 0, 0),
('languages_supported', 0, 422, 423, 'en', 0, 0),
('languages_supported', 0, 423, 424, 'en', 0, 0),
('languages_supported', 0, 424, 425, 'en', 0, 0),
('languages_supported', 0, 425, 426, 'en', 0, 0),
('languages_supported', 0, 426, 427, 'en', 0, 0),
('languages_supported', 0, 427, 428, 'en', 0, 0),
('languages_supported', 0, 428, 429, 'en', 0, 0),
('languages_supported', 0, 429, 430, 'en', 0, 0),
('languages_supported', 0, 430, 431, 'en', 0, 0),
('languages_supported', 0, 431, 432, 'en', 0, 0),
('languages_supported', 0, 432, 433, 'en', 0, 0),
('languages_supported', 0, 433, 434, 'en', 0, 0),
('languages_supported', 0, 434, 435, 'en', 0, 0),
('languages_supported', 0, 435, 436, 'en', 0, 0),
('languages_supported', 0, 436, 437, 'en', 0, 0),
('languages_supported', 0, 437, 438, 'en', 0, 0),
('languages_supported', 0, 438, 439, 'en', 0, 0),
('languages_supported', 0, 439, 440, 'en', 0, 0),
('languages_supported', 0, 440, 441, 'en', 0, 0),
('languages_supported', 0, 441, 442, 'en', 0, 0),
('languages_supported', 0, 442, 443, 'en', 0, 0),
('languages_supported', 0, 443, 444, 'en', 0, 0),
('languages_supported', 0, 444, 445, 'en', 0, 0),
('languages_supported', 0, 445, 446, 'en', 0, 0),
('languages_supported', 0, 446, 447, 'en', 0, 0),
('languages_supported', 0, 447, 448, 'en', 0, 0),
('languages_supported', 0, 448, 449, 'en', 0, 0),
('languages_supported', 0, 449, 450, 'en', 0, 0),
('languages_supported', 0, 450, 451, 'en', 0, 0),
('languages_supported', 0, 451, 452, 'en', 0, 0),
('languages_supported', 0, 452, 453, 'en', 0, 0),
('languages_supported', 0, 453, 454, 'en', 0, 0),
('languages_supported', 0, 454, 455, 'en', 0, 0),
('languages_supported', 0, 455, 456, 'en', 0, 0),
('languages_supported', 0, 456, 457, 'en', 0, 0),
('languages_supported', 0, 457, 458, 'en', 0, 0),
('languages_supported', 0, 458, 459, 'en', 0, 0),
('languages_supported', 0, 459, 460, 'en', 0, 0),
('languages_supported', 0, 460, 461, 'en', 0, 0),
('languages_supported', 0, 461, 462, 'en', 0, 0),
('languages_supported', 0, 462, 463, 'en', 0, 0),
('languages_supported', 0, 463, 464, 'en', 0, 0),
('languages_supported', 0, 464, 465, 'en', 0, 0),
('languages_supported', 0, 465, 466, 'en', 0, 0),
('languages_supported', 0, 466, 467, 'en', 0, 0),
('languages_supported', 0, 467, 468, 'en', 0, 0),
('languages_supported', 0, 468, 469, 'en', 0, 0),
('languages_supported', 0, 469, 470, 'en', 0, 0),
('languages_supported', 0, 470, 471, 'en', 0, 0),
('languages_supported', 0, 471, 472, 'en', 0, 0),
('languages_supported', 0, 472, 473, 'en', 0, 0),
('languages_supported', 0, 473, 474, 'en', 0, 0),
('languages_supported', 0, 474, 475, 'en', 0, 0),
('languages_supported', 0, 475, 476, 'en', 0, 0),
('languages_supported', 0, 476, 477, 'en', 0, 0),
('languages_supported', 0, 477, 478, 'en', 0, 0),
('languages_supported', 0, 478, 479, 'en', 0, 0),
('languages_supported', 0, 479, 480, 'en', 0, 0),
('languages_supported', 0, 480, 481, 'en', 0, 0),
('languages_supported', 0, 481, 482, 'en', 0, 0),
('languages_supported', 0, 482, 483, 'en', 0, 0),
('languages_supported', 0, 483, 484, 'en', 0, 0),
('languages_supported', 0, 484, 485, 'en', 0, 0),
('languages_supported', 0, 485, 486, 'en', 0, 0),
('languages_supported', 0, 486, 487, 'en', 0, 0),
('languages_supported', 0, 487, 488, 'en', 0, 0),
('languages_supported', 0, 488, 489, 'en', 0, 0),
('languages_supported', 0, 489, 490, 'en', 0, 0),
('languages_supported', 0, 490, 491, 'en', 0, 0),
('languages_supported', 0, 491, 492, 'en', 0, 0),
('languages_supported', 0, 492, 493, 'en', 0, 0),
('languages_supported', 0, 493, 494, 'en', 0, 0),
('languages_supported', 0, 494, 495, 'en', 0, 0),
('languages_supported', 0, 495, 496, 'en', 0, 0),
('languages_supported', 0, 496, 497, 'en', 0, 0),
('languages_supported', 0, 497, 498, 'en', 0, 0),
('languages_supported', 0, 498, 499, 'en', 0, 0),
('languages_supported', 0, 499, 500, 'en', 0, 0),
('languages_supported', 0, 500, 501, 'en', 0, 0),
('languages_supported', 0, 501, 502, 'en', 0, 0),
('languages_supported', 0, 502, 503, 'en', 0, 0),
('languages_supported', 0, 503, 504, 'en', 0, 0),
('languages_supported', 0, 504, 505, 'en', 0, 0),
('languages_supported', 0, 505, 506, 'en', 0, 0),
('languages_supported', 0, 506, 507, 'en', 0, 0),
('languages_supported', 0, 507, 508, 'en', 0, 0),
('languages_supported', 0, 508, 509, 'en', 0, 0),
('languages_supported', 0, 509, 510, 'en', 0, 0),
('languages_supported', 0, 510, 511, 'en', 0, 0),
('languages_supported', 0, 511, 512, 'en', 0, 0),
('languages_supported', 0, 512, 513, 'en', 0, 0),
('languages_supported', 0, 513, 514, 'en', 0, 0),
('languages_supported', 0, 514, 515, 'en', 0, 0);

-- --------------------------------------------------------

--
-- Table structure for table `taxonomy_term__parent`
--

CREATE TABLE `taxonomy_term__parent` (
  `bundle` varchar(128) CHARACTER SET ascii COLLATE ascii_general_ci NOT NULL DEFAULT '' COMMENT 'The field instance bundle to which this row belongs, used when deleting a field instance',
  `deleted` tinyint NOT NULL DEFAULT '0' COMMENT 'A boolean indicating whether this data item has been deleted',
  `entity_id` int UNSIGNED NOT NULL COMMENT 'The entity id this data is attached to',
  `revision_id` int UNSIGNED NOT NULL COMMENT 'The entity revision id this data is attached to',
  `langcode` varchar(32) CHARACTER SET ascii COLLATE ascii_general_ci NOT NULL DEFAULT '' COMMENT 'The language code for this data item.',
  `delta` int UNSIGNED NOT NULL COMMENT 'The sequence number for this data item, used for multi-value fields',
  `parent_target_id` int UNSIGNED NOT NULL COMMENT 'The ID of the target entity.'
) ENGINE=InnoDB DEFAULT CHARSET=utf8mb4 COLLATE=utf8mb4_general_ci COMMENT='Data storage for taxonomy_term field parent.';

--
-- Dumping data for table `taxonomy_term__parent`
--

INSERT INTO `taxonomy_term__parent` (`bundle`, `deleted`, `entity_id`, `revision_id`, `langcode`, `delta`, `parent_target_id`) VALUES
('resources', 0, 1, 1, 'en', 0, 0),
('resources', 0, 2, 2, 'en', 0, 0),
('resources', 0, 3, 3, 'en', 0, 0),
('tags', 0, 4, 173, 'en', 0, 0),
('font_classification', 0, 5, 5, 'en', 0, 0),
('languages_supported', 0, 6, 6, 'en', 0, 0),
('languages_supported', 0, 7, 7, 'en', 0, 0),
('font_classification', 0, 8, 8, 'en', 0, 0),
('languages_supported', 0, 9, 9, 'en', 0, 0),
('font_classification', 0, 10, 10, 'en', 0, 0),
('languages_supported', 0, 11, 11, 'en', 0, 0),
('languages_supported', 0, 12, 12, 'en', 0, 0),
('languages_supported', 0, 13, 13, 'en', 0, 0),
('languages_supported', 0, 14, 14, 'en', 0, 0),
('font_classification', 0, 15, 15, 'en', 0, 0),
('languages_supported', 0, 16, 16, 'en', 0, 0),
('languages_supported', 0, 17, 17, 'en', 0, 0),
('languages_supported', 0, 18, 18, 'en', 0, 0),
('languages_supported', 0, 19, 19, 'en', 0, 0),
('languages_supported', 0, 20, 20, 'en', 0, 0),
('languages_supported', 0, 21, 21, 'en', 0, 0),
('languages_supported', 0, 22, 22, 'en', 0, 0),
('languages_supported', 0, 23, 23, 'en', 0, 0),
('languages_supported', 0, 24, 24, 'en', 0, 0),
('languages_supported', 0, 25, 25, 'en', 0, 0),
('languages_supported', 0, 26, 26, 'en', 0, 0),
('languages_supported', 0, 27, 27, 'en', 0, 0),
('languages_supported', 0, 28, 28, 'en', 0, 0),
('languages_supported', 0, 29, 29, 'en', 0, 0),
('font_classification', 0, 30, 30, 'en', 0, 0),
('languages_supported', 0, 31, 31, 'en', 0, 0),
('languages_supported', 0, 32, 32, 'en', 0, 0),
('languages_supported', 0, 33, 33, 'en', 0, 0),
('languages_supported', 0, 34, 34, 'en', 0, 0),
('languages_supported', 0, 35, 35, 'en', 0, 0),
('languages_supported', 0, 36, 36, 'en', 0, 0),
('languages_supported', 0, 37, 37, 'en', 0, 0),
('languages_supported', 0, 38, 38, 'en', 0, 0),
('languages_supported', 0, 39, 39, 'en', 0, 0),
('languages_supported', 0, 40, 40, 'en', 0, 0),
('languages_supported', 0, 41, 41, 'en', 0, 0),
('languages_supported', 0, 42, 42, 'en', 0, 0),
('languages_supported', 0, 43, 43, 'en', 0, 0),
('languages_supported', 0, 44, 44, 'en', 0, 0),
('languages_supported', 0, 45, 45, 'en', 0, 0),
('languages_supported', 0, 46, 46, 'en', 0, 0),
('languages_supported', 0, 47, 47, 'en', 0, 0),
('languages_supported', 0, 48, 48, 'en', 0, 0),
('languages_supported', 0, 49, 49, 'en', 0, 0),
('languages_supported', 0, 50, 50, 'en', 0, 0),
('languages_supported', 0, 51, 51, 'en', 0, 0),
('languages_supported', 0, 52, 52, 'en', 0, 0),
('languages_supported', 0, 53, 53, 'en', 0, 0),
('languages_supported', 0, 54, 54, 'en', 0, 0),
('languages_supported', 0, 55, 55, 'en', 0, 0),
('languages_supported', 0, 56, 56, 'en', 0, 0),
('languages_supported', 0, 57, 57, 'en', 0, 0),
('languages_supported', 0, 58, 58, 'en', 0, 0),
('languages_supported', 0, 59, 59, 'en', 0, 0),
('languages_supported', 0, 60, 60, 'en', 0, 0),
('languages_supported', 0, 61, 61, 'en', 0, 0),
('languages_supported', 0, 62, 62, 'en', 0, 0),
('languages_supported', 0, 63, 63, 'en', 0, 0),
('languages_supported', 0, 64, 64, 'en', 0, 0),
('languages_supported', 0, 65, 65, 'en', 0, 0),
('languages_supported', 0, 66, 66, 'en', 0, 0),
('languages_supported', 0, 67, 67, 'en', 0, 0),
('languages_supported', 0, 68, 68, 'en', 0, 0),
('languages_supported', 0, 69, 69, 'en', 0, 0),
('languages_supported', 0, 70, 70, 'en', 0, 0),
('languages_supported', 0, 71, 71, 'en', 0, 0),
('languages_supported', 0, 72, 72, 'en', 0, 0),
('languages_supported', 0, 73, 73, 'en', 0, 0),
('languages_supported', 0, 74, 74, 'en', 0, 0),
('languages_supported', 0, 75, 75, 'en', 0, 0),
('languages_supported', 0, 76, 76, 'en', 0, 0),
('languages_supported', 0, 77, 77, 'en', 0, 0),
('languages_supported', 0, 78, 78, 'en', 0, 0),
('languages_supported', 0, 79, 79, 'en', 0, 0),
('languages_supported', 0, 80, 80, 'en', 0, 0),
('languages_supported', 0, 81, 81, 'en', 0, 0),
('languages_supported', 0, 82, 82, 'en', 0, 0),
('languages_supported', 0, 83, 83, 'en', 0, 0),
('languages_supported', 0, 84, 84, 'en', 0, 0),
('languages_supported', 0, 85, 85, 'en', 0, 0),
('languages_supported', 0, 86, 86, 'en', 0, 0),
('languages_supported', 0, 87, 87, 'en', 0, 0),
('languages_supported', 0, 88, 88, 'en', 0, 0),
('languages_supported', 0, 89, 89, 'en', 0, 0),
('languages_supported', 0, 90, 90, 'en', 0, 0),
('languages_supported', 0, 91, 91, 'en', 0, 0),
('languages_supported', 0, 92, 92, 'en', 0, 0),
('languages_supported', 0, 93, 93, 'en', 0, 0),
('languages_supported', 0, 94, 94, 'en', 0, 0),
('languages_supported', 0, 95, 95, 'en', 0, 0),
('languages_supported', 0, 96, 96, 'en', 0, 0),
('languages_supported', 0, 97, 97, 'en', 0, 0),
('languages_supported', 0, 98, 98, 'en', 0, 0),
('languages_supported', 0, 99, 99, 'en', 0, 0),
('languages_supported', 0, 100, 100, 'en', 0, 0),
('languages_supported', 0, 101, 101, 'en', 0, 0),
('languages_supported', 0, 102, 102, 'en', 0, 0),
('languages_supported', 0, 103, 103, 'en', 0, 0),
('languages_supported', 0, 104, 104, 'en', 0, 0),
('languages_supported', 0, 105, 105, 'en', 0, 0),
('languages_supported', 0, 106, 106, 'en', 0, 0),
('languages_supported', 0, 107, 107, 'en', 0, 0),
('languages_supported', 0, 108, 108, 'en', 0, 0),
('languages_supported', 0, 109, 109, 'en', 0, 0),
('languages_supported', 0, 110, 110, 'en', 0, 0),
('languages_supported', 0, 111, 111, 'en', 0, 0),
('languages_supported', 0, 112, 112, 'en', 0, 0),
('languages_supported', 0, 113, 113, 'en', 0, 0),
('languages_supported', 0, 114, 114, 'en', 0, 0),
('languages_supported', 0, 115, 115, 'en', 0, 0),
('languages_supported', 0, 116, 116, 'en', 0, 0),
('languages_supported', 0, 117, 117, 'en', 0, 0),
('languages_supported', 0, 118, 118, 'en', 0, 0),
('languages_supported', 0, 119, 119, 'en', 0, 0),
('languages_supported', 0, 120, 120, 'en', 0, 0),
('languages_supported', 0, 121, 121, 'en', 0, 0),
('languages_supported', 0, 122, 122, 'en', 0, 0),
('languages_supported', 0, 123, 123, 'en', 0, 0),
('languages_supported', 0, 124, 124, 'en', 0, 0),
('languages_supported', 0, 125, 125, 'en', 0, 0),
('languages_supported', 0, 126, 126, 'en', 0, 0),
('languages_supported', 0, 127, 127, 'en', 0, 0),
('languages_supported', 0, 128, 128, 'en', 0, 0),
('languages_supported', 0, 129, 129, 'en', 0, 0),
('languages_supported', 0, 130, 130, 'en', 0, 0),
('languages_supported', 0, 131, 131, 'en', 0, 0),
('languages_supported', 0, 132, 132, 'en', 0, 0),
('languages_supported', 0, 133, 133, 'en', 0, 0),
('languages_supported', 0, 134, 134, 'en', 0, 0),
('languages_supported', 0, 135, 135, 'en', 0, 0),
('languages_supported', 0, 136, 136, 'en', 0, 0),
('languages_supported', 0, 137, 137, 'en', 0, 0),
('languages_supported', 0, 138, 138, 'en', 0, 0),
('languages_supported', 0, 139, 139, 'en', 0, 0),
('languages_supported', 0, 140, 140, 'en', 0, 0),
('languages_supported', 0, 141, 141, 'en', 0, 0),
('languages_supported', 0, 142, 142, 'en', 0, 0),
('languages_supported', 0, 143, 143, 'en', 0, 0),
('languages_supported', 0, 144, 144, 'en', 0, 0),
('languages_supported', 0, 145, 145, 'en', 0, 0),
('languages_supported', 0, 146, 146, 'en', 0, 0),
('languages_supported', 0, 147, 147, 'en', 0, 0),
('languages_supported', 0, 148, 148, 'en', 0, 0),
('languages_supported', 0, 149, 149, 'en', 0, 0),
('languages_supported', 0, 150, 150, 'en', 0, 0),
('languages_supported', 0, 151, 151, 'en', 0, 0),
('languages_supported', 0, 152, 152, 'en', 0, 0),
('languages_supported', 0, 153, 153, 'en', 0, 0),
('languages_supported', 0, 154, 154, 'en', 0, 0),
('languages_supported', 0, 155, 155, 'en', 0, 0),
('languages_supported', 0, 156, 156, 'en', 0, 0),
('languages_supported', 0, 157, 157, 'en', 0, 0),
('languages_supported', 0, 158, 158, 'en', 0, 0),
('languages_supported', 0, 159, 159, 'en', 0, 0),
('languages_supported', 0, 160, 160, 'en', 0, 0),
('languages_supported', 0, 161, 161, 'en', 0, 0),
('languages_supported', 0, 162, 162, 'en', 0, 0),
('languages_supported', 0, 163, 163, 'en', 0, 0),
('languages_supported', 0, 164, 164, 'en', 0, 0),
('languages_supported', 0, 165, 165, 'en', 0, 0),
('languages_supported', 0, 166, 166, 'en', 0, 0),
('languages_supported', 0, 167, 167, 'en', 0, 0),
('languages_supported', 0, 168, 168, 'en', 0, 0),
('languages_supported', 0, 169, 169, 'en', 0, 0),
('categories', 0, 170, 170, 'en', 0, 0),
('categories', 0, 171, 171, 'en', 0, 0),
('categories', 0, 172, 172, 'en', 0, 0),
('tags', 0, 173, 174, 'en', 0, 0),
('tags', 0, 174, 175, 'en', 0, 0),
('tags', 0, 175, 176, 'en', 0, 0),
('tags', 0, 176, 177, 'en', 0, 0),
('tags', 0, 177, 178, 'en', 0, 0),
('tags', 0, 178, 179, 'en', 0, 0),
('tags', 0, 179, 180, 'en', 0, 0),
('tags', 0, 180, 181, 'en', 0, 0),
('tags', 0, 181, 182, 'en', 0, 0),
('tags', 0, 182, 183, 'en', 0, 0),
('tags', 0, 183, 184, 'en', 0, 0),
('tags', 0, 184, 185, 'en', 0, 0),
('tags', 0, 185, 186, 'en', 0, 0),
('tags', 0, 186, 187, 'en', 0, 0),
('tags', 0, 187, 188, 'en', 0, 0),
('tags', 0, 188, 189, 'en', 0, 0),
('tags', 0, 189, 190, 'en', 0, 0),
('tags', 0, 190, 191, 'en', 0, 0),
('tags', 0, 191, 192, 'en', 0, 0),
('tags', 0, 192, 193, 'en', 0, 0),
('tags', 0, 193, 194, 'en', 0, 0),
('tags', 0, 194, 195, 'en', 0, 0),
('tags', 0, 195, 196, 'en', 0, 0),
('tags', 0, 196, 197, 'en', 0, 0),
('tags', 0, 197, 198, 'en', 0, 0),
('tags', 0, 198, 199, 'en', 0, 0),
('tags', 0, 199, 200, 'en', 0, 0),
('tags', 0, 200, 201, 'en', 0, 0),
('tags', 0, 201, 202, 'en', 0, 0),
('tags', 0, 202, 203, 'en', 0, 0),
('tags', 0, 203, 204, 'en', 0, 0),
('tags', 0, 204, 205, 'en', 0, 0),
('tags', 0, 205, 206, 'en', 0, 0),
('tags', 0, 206, 207, 'en', 0, 0),
('tags', 0, 207, 208, 'en', 0, 0),
('tags', 0, 208, 209, 'en', 0, 0),
('tags', 0, 209, 210, 'en', 0, 0),
('tags', 0, 210, 211, 'en', 0, 0),
('tags', 0, 211, 212, 'en', 0, 0),
('tags', 0, 212, 213, 'en', 0, 0),
('tags', 0, 213, 214, 'en', 0, 0),
('tags', 0, 214, 215, 'en', 0, 0),
('tags', 0, 215, 216, 'en', 0, 0),
('tags', 0, 216, 217, 'en', 0, 0),
('tags', 0, 217, 218, 'en', 0, 0),
('tags', 0, 218, 219, 'en', 0, 0),
('tags', 0, 219, 220, 'en', 0, 0),
('tags', 0, 220, 221, 'en', 0, 0),
('tags', 0, 221, 222, 'en', 0, 0),
('tags', 0, 222, 223, 'en', 0, 0),
('tags', 0, 223, 224, 'en', 0, 0),
('tags', 0, 224, 225, 'en', 0, 0),
('tags', 0, 225, 226, 'en', 0, 0),
('tags', 0, 226, 227, 'en', 0, 0),
('tags', 0, 227, 228, 'en', 0, 0),
('tags', 0, 228, 229, 'en', 0, 0),
('tags', 0, 229, 230, 'en', 0, 0),
('tags', 0, 230, 231, 'en', 0, 0),
('tags', 0, 231, 232, 'en', 0, 0),
('tags', 0, 232, 233, 'en', 0, 0),
('tags', 0, 233, 234, 'en', 0, 0),
('tags', 0, 234, 235, 'en', 0, 0),
('tags', 0, 235, 236, 'en', 0, 0),
('tags', 0, 236, 237, 'en', 0, 0),
('tags', 0, 237, 238, 'en', 0, 0),
('tags', 0, 238, 239, 'en', 0, 0),
('tags', 0, 239, 240, 'en', 0, 0),
('tags', 0, 240, 241, 'en', 0, 0),
('tags', 0, 241, 242, 'en', 0, 0),
('tags', 0, 242, 243, 'en', 0, 0),
('tags', 0, 243, 244, 'en', 0, 0),
('tags', 0, 244, 245, 'en', 0, 0),
('tags', 0, 245, 246, 'en', 0, 0),
('tags', 0, 246, 247, 'en', 0, 0),
('tags', 0, 247, 248, 'en', 0, 0),
('tags', 0, 248, 249, 'en', 0, 0),
('tags', 0, 249, 250, 'en', 0, 0),
('tags', 0, 250, 251, 'en', 0, 0),
('tags', 0, 251, 252, 'en', 0, 0),
('tags', 0, 252, 253, 'en', 0, 0),
('tags', 0, 253, 254, 'en', 0, 0),
('tags', 0, 254, 255, 'en', 0, 0),
('tags', 0, 255, 256, 'en', 0, 0),
('tags', 0, 256, 257, 'en', 0, 0),
('tags', 0, 257, 258, 'en', 0, 0),
('tags', 0, 258, 259, 'en', 0, 0),
('tags', 0, 259, 260, 'en', 0, 0),
('tags', 0, 260, 261, 'en', 0, 0),
('tags', 0, 261, 262, 'en', 0, 0),
('tags', 0, 262, 263, 'en', 0, 0),
('tags', 0, 263, 264, 'en', 0, 0),
('tags', 0, 264, 265, 'en', 0, 0),
('tags', 0, 265, 266, 'en', 0, 0),
('tags', 0, 266, 267, 'en', 0, 0),
('tags', 0, 267, 268, 'en', 0, 0),
('tags', 0, 268, 269, 'en', 0, 0),
('tags', 0, 269, 270, 'en', 0, 0),
('tags', 0, 270, 271, 'en', 0, 0),
('tags', 0, 271, 272, 'en', 0, 0),
('tags', 0, 272, 273, 'en', 0, 0),
('tags', 0, 273, 274, 'en', 0, 0),
('tags', 0, 274, 275, 'en', 0, 0),
('tags', 0, 275, 276, 'en', 0, 0),
('tags', 0, 276, 277, 'en', 0, 0),
('tags', 0, 277, 278, 'en', 0, 0),
('tags', 0, 278, 279, 'en', 0, 0),
('tags', 0, 279, 280, 'en', 0, 0),
('tags', 0, 280, 281, 'en', 0, 0),
('tags', 0, 281, 282, 'en', 0, 0),
('tags', 0, 282, 283, 'en', 0, 0),
('tags', 0, 283, 284, 'en', 0, 0),
('tags', 0, 284, 285, 'en', 0, 0),
('tags', 0, 285, 286, 'en', 0, 0),
('tags', 0, 286, 287, 'en', 0, 0),
('tags', 0, 287, 288, 'en', 0, 0),
('tags', 0, 288, 289, 'en', 0, 0),
('tags', 0, 289, 290, 'en', 0, 0),
('tags', 0, 290, 291, 'en', 0, 0),
('tags', 0, 291, 292, 'en', 0, 0),
('tags', 0, 292, 293, 'en', 0, 0),
('tags', 0, 293, 294, 'en', 0, 0),
('tags', 0, 294, 295, 'en', 0, 0),
('tags', 0, 295, 296, 'en', 0, 0),
('tags', 0, 296, 297, 'en', 0, 0),
('tags', 0, 297, 298, 'en', 0, 0),
('tags', 0, 298, 299, 'en', 0, 0),
('tags', 0, 299, 300, 'en', 0, 0),
('tags', 0, 300, 301, 'en', 0, 0),
('tags', 0, 301, 302, 'en', 0, 0),
('tags', 0, 302, 303, 'en', 0, 0),
('tags', 0, 303, 304, 'en', 0, 0),
('tags', 0, 304, 305, 'en', 0, 0),
('tags', 0, 305, 306, 'en', 0, 0),
('tags', 0, 306, 307, 'en', 0, 0),
('tags', 0, 307, 308, 'en', 0, 0),
('tags', 0, 308, 309, 'en', 0, 0),
('tags', 0, 309, 310, 'en', 0, 0),
('tags', 0, 310, 311, 'en', 0, 0),
('tags', 0, 311, 312, 'en', 0, 0),
('tags', 0, 312, 313, 'en', 0, 0),
('tags', 0, 313, 314, 'en', 0, 0),
('tags', 0, 314, 315, 'en', 0, 0),
('tags', 0, 315, 316, 'en', 0, 0),
('tags', 0, 316, 317, 'en', 0, 0),
('tags', 0, 317, 318, 'en', 0, 0),
('tags', 0, 318, 319, 'en', 0, 0),
('tags', 0, 319, 320, 'en', 0, 0),
('tags', 0, 320, 321, 'en', 0, 0),
('tags', 0, 321, 322, 'en', 0, 0),
('tags', 0, 322, 323, 'en', 0, 0),
('tags', 0, 323, 324, 'en', 0, 0),
('tags', 0, 324, 325, 'en', 0, 0),
('tags', 0, 325, 326, 'en', 0, 0),
('tags', 0, 326, 327, 'en', 0, 0),
('tags', 0, 327, 328, 'en', 0, 0),
('tags', 0, 328, 329, 'en', 0, 0),
('tags', 0, 329, 330, 'en', 0, 0),
('subscribe', 0, 330, 332, 'en', 0, 0),
('newsletter', 0, 331, 331, 'en', 0, 0),
('ug_research', 0, 332, 333, 'en', 0, 0),
('ug_research', 0, 333, 334, 'en', 0, 0),
('ug_research', 0, 334, 335, 'en', 0, 0),
('ug_research', 0, 335, 336, 'en', 0, 0),
('ug_research', 0, 336, 337, 'en', 0, 0),
('font_classification', 0, 337, 338, 'en', 0, 0),
('languages_supported', 0, 338, 339, 'en', 0, 0),
('languages_supported', 0, 339, 340, 'en', 0, 0),
('font_classification', 0, 340, 341, 'en', 0, 0),
('languages_supported', 0, 341, 342, 'en', 0, 0),
('languages_supported', 0, 342, 343, 'en', 0, 0),
('font_classification', 0, 343, 344, 'en', 0, 0),
('languages_supported', 0, 344, 345, 'en', 0, 0),
('languages_supported', 0, 345, 346, 'en', 0, 0),
('languages_supported', 0, 346, 347, 'en', 0, 0),
('languages_supported', 0, 347, 348, 'en', 0, 0),
('languages_supported', 0, 348, 349, 'en', 0, 0),
('languages_supported', 0, 349, 350, 'en', 0, 0),
('languages_supported', 0, 350, 351, 'en', 0, 0),
('font_classification', 0, 351, 352, 'en', 0, 0),
('languages_supported', 0, 352, 353, 'en', 0, 0),
('languages_supported', 0, 353, 354, 'en', 0, 0),
('languages_supported', 0, 354, 355, 'en', 0, 0),
('languages_supported', 0, 355, 356, 'en', 0, 0),
('languages_supported', 0, 356, 357, 'en', 0, 0),
('languages_supported', 0, 357, 358, 'en', 0, 0),
('languages_supported', 0, 358, 359, 'en', 0, 0),
('languages_supported', 0, 359, 360, 'en', 0, 0),
('languages_supported', 0, 360, 361, 'en', 0, 0),
('languages_supported', 0, 361, 362, 'en', 0, 0),
('languages_supported', 0, 362, 363, 'en', 0, 0),
('languages_supported', 0, 363, 364, 'en', 0, 0),
('languages_supported', 0, 364, 365, 'en', 0, 0),
('languages_supported', 0, 365, 366, 'en', 0, 0),
('font_classification', 0, 366, 367, 'en', 0, 0),
('languages_supported', 0, 367, 368, 'en', 0, 0),
('languages_supported', 0, 368, 369, 'en', 0, 0),
('languages_supported', 0, 369, 370, 'en', 0, 0),
('languages_supported', 0, 370, 371, 'en', 0, 0),
('languages_supported', 0, 371, 372, 'en', 0, 0),
('languages_supported', 0, 372, 373, 'en', 0, 0),
('languages_supported', 0, 373, 374, 'en', 0, 0),
('languages_supported', 0, 374, 375, 'en', 0, 0),
('languages_supported', 0, 375, 376, 'en', 0, 0),
('languages_supported', 0, 376, 377, 'en', 0, 0),
('languages_supported', 0, 377, 378, 'en', 0, 0),
('languages_supported', 0, 378, 379, 'en', 0, 0),
('languages_supported', 0, 379, 380, 'en', 0, 0),
('languages_supported', 0, 380, 381, 'en', 0, 0),
('languages_supported', 0, 381, 382, 'en', 0, 0),
('languages_supported', 0, 382, 383, 'en', 0, 0),
('languages_supported', 0, 383, 384, 'en', 0, 0),
('languages_supported', 0, 384, 385, 'en', 0, 0),
('languages_supported', 0, 385, 386, 'en', 0, 0),
('languages_supported', 0, 386, 387, 'en', 0, 0),
('languages_supported', 0, 387, 388, 'en', 0, 0),
('languages_supported', 0, 388, 389, 'en', 0, 0),
('languages_supported', 0, 389, 390, 'en', 0, 0),
('languages_supported', 0, 390, 391, 'en', 0, 0),
('languages_supported', 0, 391, 392, 'en', 0, 0),
('languages_supported', 0, 392, 393, 'en', 0, 0),
('languages_supported', 0, 393, 394, 'en', 0, 0),
('languages_supported', 0, 394, 395, 'en', 0, 0),
('languages_supported', 0, 395, 396, 'en', 0, 0),
('languages_supported', 0, 396, 397, 'en', 0, 0),
('languages_supported', 0, 397, 398, 'en', 0, 0),
('languages_supported', 0, 398, 399, 'en', 0, 0),
('languages_supported', 0, 399, 400, 'en', 0, 0),
('languages_supported', 0, 400, 401, 'en', 0, 0),
('languages_supported', 0, 401, 402, 'en', 0, 0),
('languages_supported', 0, 402, 403, 'en', 0, 0),
('languages_supported', 0, 403, 404, 'en', 0, 0),
('languages_supported', 0, 404, 405, 'en', 0, 0),
('languages_supported', 0, 405, 406, 'en', 0, 0),
('languages_supported', 0, 406, 407, 'en', 0, 0),
('languages_supported', 0, 407, 408, 'en', 0, 0),
('languages_supported', 0, 408, 409, 'en', 0, 0),
('languages_supported', 0, 409, 410, 'en', 0, 0),
('languages_supported', 0, 410, 411, 'en', 0, 0),
('languages_supported', 0, 411, 412, 'en', 0, 0),
('languages_supported', 0, 412, 413, 'en', 0, 0),
('languages_supported', 0, 413, 414, 'en', 0, 0),
('languages_supported', 0, 414, 415, 'en', 0, 0),
('languages_supported', 0, 415, 416, 'en', 0, 0),
('languages_supported', 0, 416, 417, 'en', 0, 0),
('languages_supported', 0, 417, 418, 'en', 0, 0),
('languages_supported', 0, 418, 419, 'en', 0, 0),
('languages_supported', 0, 419, 420, 'en', 0, 0),
('languages_supported', 0, 420, 421, 'en', 0, 0),
('languages_supported', 0, 421, 422, 'en', 0, 0),
('languages_supported', 0, 422, 423, 'en', 0, 0),
('languages_supported', 0, 423, 424, 'en', 0, 0),
('languages_supported', 0, 424, 425, 'en', 0, 0),
('languages_supported', 0, 425, 426, 'en', 0, 0),
('languages_supported', 0, 426, 427, 'en', 0, 0),
('languages_supported', 0, 427, 428, 'en', 0, 0),
('languages_supported', 0, 428, 429, 'en', 0, 0),
('languages_supported', 0, 429, 430, 'en', 0, 0),
('languages_supported', 0, 430, 431, 'en', 0, 0),
('languages_supported', 0, 431, 432, 'en', 0, 0),
('languages_supported', 0, 432, 433, 'en', 0, 0),
('languages_supported', 0, 433, 434, 'en', 0, 0),
('languages_supported', 0, 434, 435, 'en', 0, 0),
('languages_supported', 0, 435, 436, 'en', 0, 0),
('languages_supported', 0, 436, 437, 'en', 0, 0),
('languages_supported', 0, 437, 438, 'en', 0, 0),
('languages_supported', 0, 438, 439, 'en', 0, 0),
('languages_supported', 0, 439, 440, 'en', 0, 0),
('languages_supported', 0, 440, 441, 'en', 0, 0),
('languages_supported', 0, 441, 442, 'en', 0, 0),
('languages_supported', 0, 442, 443, 'en', 0, 0),
('languages_supported', 0, 443, 444, 'en', 0, 0),
('languages_supported', 0, 444, 445, 'en', 0, 0),
('languages_supported', 0, 445, 446, 'en', 0, 0),
('languages_supported', 0, 446, 447, 'en', 0, 0),
('languages_supported', 0, 447, 448, 'en', 0, 0),
('languages_supported', 0, 448, 449, 'en', 0, 0),
('languages_supported', 0, 449, 450, 'en', 0, 0),
('languages_supported', 0, 450, 451, 'en', 0, 0),
('languages_supported', 0, 451, 452, 'en', 0, 0),
('languages_supported', 0, 452, 453, 'en', 0, 0),
('languages_supported', 0, 453, 454, 'en', 0, 0),
('languages_supported', 0, 454, 455, 'en', 0, 0),
('languages_supported', 0, 455, 456, 'en', 0, 0),
('languages_supported', 0, 456, 457, 'en', 0, 0),
('languages_supported', 0, 457, 458, 'en', 0, 0),
('languages_supported', 0, 458, 459, 'en', 0, 0),
('languages_supported', 0, 459, 460, 'en', 0, 0),
('languages_supported', 0, 460, 461, 'en', 0, 0),
('languages_supported', 0, 461, 462, 'en', 0, 0),
('languages_supported', 0, 462, 463, 'en', 0, 0),
('languages_supported', 0, 463, 464, 'en', 0, 0),
('languages_supported', 0, 464, 465, 'en', 0, 0),
('languages_supported', 0, 465, 466, 'en', 0, 0),
('languages_supported', 0, 466, 467, 'en', 0, 0),
('languages_supported', 0, 467, 468, 'en', 0, 0),
('languages_supported', 0, 468, 469, 'en', 0, 0),
('languages_supported', 0, 469, 470, 'en', 0, 0),
('languages_supported', 0, 470, 471, 'en', 0, 0),
('languages_supported', 0, 471, 472, 'en', 0, 0),
('languages_supported', 0, 472, 473, 'en', 0, 0),
('languages_supported', 0, 473, 474, 'en', 0, 0),
('languages_supported', 0, 474, 475, 'en', 0, 0),
('languages_supported', 0, 475, 476, 'en', 0, 0),
('languages_supported', 0, 476, 477, 'en', 0, 0),
('languages_supported', 0, 477, 478, 'en', 0, 0),
('languages_supported', 0, 478, 479, 'en', 0, 0),
('languages_supported', 0, 479, 480, 'en', 0, 0),
('languages_supported', 0, 480, 481, 'en', 0, 0),
('languages_supported', 0, 481, 482, 'en', 0, 0),
('languages_supported', 0, 482, 483, 'en', 0, 0),
('languages_supported', 0, 483, 484, 'en', 0, 0),
('languages_supported', 0, 484, 485, 'en', 0, 0),
('languages_supported', 0, 485, 486, 'en', 0, 0),
('languages_supported', 0, 486, 487, 'en', 0, 0),
('languages_supported', 0, 487, 488, 'en', 0, 0),
('languages_supported', 0, 488, 489, 'en', 0, 0),
('languages_supported', 0, 489, 490, 'en', 0, 0),
('languages_supported', 0, 490, 491, 'en', 0, 0),
('languages_supported', 0, 491, 492, 'en', 0, 0),
('languages_supported', 0, 492, 493, 'en', 0, 0),
('languages_supported', 0, 493, 494, 'en', 0, 0),
('languages_supported', 0, 494, 495, 'en', 0, 0),
('languages_supported', 0, 495, 496, 'en', 0, 0),
('languages_supported', 0, 496, 497, 'en', 0, 0),
('languages_supported', 0, 497, 498, 'en', 0, 0),
('languages_supported', 0, 498, 499, 'en', 0, 0),
('languages_supported', 0, 499, 500, 'en', 0, 0),
('languages_supported', 0, 500, 501, 'en', 0, 0),
('languages_supported', 0, 501, 502, 'en', 0, 0),
('languages_supported', 0, 502, 503, 'en', 0, 0),
('languages_supported', 0, 503, 504, 'en', 0, 0),
('languages_supported', 0, 504, 505, 'en', 0, 0),
('languages_supported', 0, 505, 506, 'en', 0, 0),
('languages_supported', 0, 506, 507, 'en', 0, 0),
('languages_supported', 0, 507, 508, 'en', 0, 0),
('languages_supported', 0, 508, 509, 'en', 0, 0),
('languages_supported', 0, 509, 510, 'en', 0, 0),
('languages_supported', 0, 510, 511, 'en', 0, 0),
('languages_supported', 0, 511, 512, 'en', 0, 0),
('languages_supported', 0, 512, 513, 'en', 0, 0),
('languages_supported', 0, 513, 514, 'en', 0, 0),
('languages_supported', 0, 514, 515, 'en', 0, 0);

-- --------------------------------------------------------

--
-- Table structure for table `users`
--

CREATE TABLE `users` (
  `uid` int UNSIGNED NOT NULL,
  `uuid` varchar(128) CHARACTER SET ascii COLLATE ascii_general_ci NOT NULL,
  `langcode` varchar(12) CHARACTER SET ascii COLLATE ascii_general_ci NOT NULL
) ENGINE=InnoDB DEFAULT CHARSET=utf8mb4 COLLATE=utf8mb4_general_ci COMMENT='The base table for user entities.';

--
-- Dumping data for table `users`
--

INSERT INTO `users` (`uid`, `uuid`, `langcode`) VALUES
(0, '792ed939-2470-4955-a401-4a8ba0fd0f9f', 'en'),
(1, '0c4795a4-952d-4105-a600-bb56168b38ce', 'en'),
(67, '730dfb8b-9bdf-49b8-8d0f-921d7684e0a6', 'en'),
(68, '0e237de2-4e96-435e-8a2f-2324965688a4', 'en'),
(73, '5d0c0e06-998d-4c28-9f21-7600ad4210b3', 'en'),
(100, '2cce2d52-8365-4056-8518-1bc213bc7d26', 'en'),
(115, '541358cd-3f5e-40bc-9956-3cacdc011c34', 'en'),
(116, 'af739f40-7fcf-4bba-a338-e36e236a7fa6', 'en');

-- --------------------------------------------------------

--
-- Table structure for table `users_data`
--

CREATE TABLE `users_data` (
  `uid` int UNSIGNED NOT NULL DEFAULT '0' COMMENT 'The "users".uid this record affects.',
  `module` varchar(50) CHARACTER SET ascii COLLATE ascii_general_ci NOT NULL DEFAULT '' COMMENT 'The name of the module declaring the variable.',
  `name` varchar(128) CHARACTER SET ascii COLLATE ascii_general_ci NOT NULL DEFAULT '' COMMENT 'The identifier of the data.',
  `value` longblob COMMENT 'The value.',
  `serialized` tinyint UNSIGNED DEFAULT '0' COMMENT 'Whether value is serialized.'
) ENGINE=InnoDB DEFAULT CHARSET=utf8mb4 COLLATE=utf8mb4_general_ci COMMENT='Stores module data as key/value pairs per user.';

--
-- Dumping data for table `users_data`
--

INSERT INTO `users_data` (`uid`, `module`, `name`, `value`, `serialized`) VALUES
(68, 'contact', 'enabled', 0x31, 0),
(100, 'contact', 'enabled', 0x31, 0),
(116, 'contact', 'enabled', 0x31, 0);

-- --------------------------------------------------------

--
-- Table structure for table `users_field_data`
--

CREATE TABLE `users_field_data` (
  `uid` int UNSIGNED NOT NULL,
  `langcode` varchar(12) CHARACTER SET ascii COLLATE ascii_general_ci NOT NULL,
  `preferred_langcode` varchar(12) CHARACTER SET ascii COLLATE ascii_general_ci DEFAULT NULL,
  `preferred_admin_langcode` varchar(12) CHARACTER SET ascii COLLATE ascii_general_ci DEFAULT NULL,
  `name` varchar(60) CHARACTER SET utf8mb4 COLLATE utf8mb4_general_ci NOT NULL,
  `pass` varchar(255) CHARACTER SET utf8mb4 COLLATE utf8mb4_general_ci DEFAULT NULL,
  `mail` varchar(254) CHARACTER SET utf8mb4 COLLATE utf8mb4_general_ci DEFAULT NULL,
  `timezone` varchar(32) CHARACTER SET utf8mb4 COLLATE utf8mb4_general_ci DEFAULT NULL,
  `status` tinyint DEFAULT NULL,
  `created` int NOT NULL,
  `changed` int DEFAULT NULL,
  `access` int NOT NULL,
  `login` int DEFAULT NULL,
  `init` varchar(254) CHARACTER SET utf8mb4 COLLATE utf8mb4_general_ci DEFAULT NULL,
  `default_langcode` tinyint NOT NULL
) ENGINE=InnoDB DEFAULT CHARSET=utf8mb4 COLLATE=utf8mb4_general_ci COMMENT='The data table for user entities.';

--
-- Dumping data for table `users_field_data`
--

INSERT INTO `users_field_data` (`uid`, `langcode`, `preferred_langcode`, `preferred_admin_langcode`, `name`, `pass`, `mail`, `timezone`, `status`, `created`, `changed`, `access`, `login`, `init`, `default_langcode`) VALUES
(0, 'en', 'en', NULL, '', NULL, NULL, '', 0, 1655217650, 1655217650, 0, 0, NULL, 1),
(1, 'en', 'en', 'en', 'webmaster', '$2y$10$GkuTUV7MipmGJL30PZDeYuFgG1fTdiX4TBy4kJKJIgFdeZ2AnCbMu', 'webmaster@uog.edu.gy', 'America/Guyana', 1, 1485720906, 1702489965, 1722862993, 1722628699, 'webmaster@uog.edu.gy', 1),
(67, 'en', 'en', 'en', 'achin', '$S$D/EaltZ4PU5hV.6.gwzIPu0NYKDHXScTGiNTqpnoVvGKoobDqDLt', 'anthony.chin@uog.edu.gy', 'America/Guyana', 0, 1568920755, 1692279063, 1569009639, 1568920964, 'anthony.chin@uog.edu.gy', 1),
(68, 'en', 'en', 'en', 'dominic.braam', '$S$DsAqsxA8alql8fEjPX5oHnY0v1.VYDGvTrAb5aNOCShufXkcOd5f', 'dominic.braam@gmail.com', 'America/Guyana', 0, 1581089711, 1706105941, 1668047596, 1668039516, 'dominic.braam@gmail.com', 1),
(73, 'en', 'en', 'en', 'andy.dindial', '$2y$10$p1FDdjOvlBAnGd9v6wJt4.75YMS1oaK17utKfO7lAs9hZfbq65LEW', 'paramananddindial@yahoo.com', 'America/Guyana', 1, 1607455501, 1703096569, 1722954965, 1722863367, 'paramananddindial@yahoo.com', 1),
(100, 'en', 'en', 'en', 'shomari', '$2y$10$S8Bzy1ZAq8kzIqIAh/uzD.P1kaFEqwXPYgtBtZfdM9TjO8w0Uq2au', 'shomari.williams@uog.edu.gy', 'America/Guyana', 1, 1657656113, 1706119532, 1722052896, 1722052896, 'shomari.williams@uog.edu.gy', 1),
(115, 'en', 'en', 'en', 's.smith', '$S$D3T8l62Ex01IZBXhF8ZRwUHk.aJ615DkgUJp4EszORdnnuDXXekY', 'shanise.smith@uog.edu.gy', 'America/Guyana', 1, 1664904964, 1692279063, 1677079253, 1675080923, 'shanise.smith@uog.edu.gy', 1),
(116, 'en', 'en', 'en', 'andy.test', '$2y$10$PR1FsbWxwMtyaw69ytQ0VuWuO9OCoZRU7kMJVABMAGZqoy9kbvhKO', NULL, 'America/Guyana', 1, 1706106324, 1706118317, 1706218762, 1706218762, NULL, 1);

-- --------------------------------------------------------

--
-- Table structure for table `user__roles`
--

CREATE TABLE `user__roles` (
  `bundle` varchar(128) CHARACTER SET ascii COLLATE ascii_general_ci NOT NULL DEFAULT '' COMMENT 'The field instance bundle to which this row belongs, used when deleting a field instance',
  `deleted` tinyint NOT NULL DEFAULT '0' COMMENT 'A boolean indicating whether this data item has been deleted',
  `entity_id` int UNSIGNED NOT NULL COMMENT 'The entity id this data is attached to',
  `revision_id` int UNSIGNED NOT NULL COMMENT 'The entity revision id this data is attached to, which for an unversioned entity type is the same as the entity id',
  `langcode` varchar(32) CHARACTER SET ascii COLLATE ascii_general_ci NOT NULL DEFAULT '' COMMENT 'The language code for this data item.',
  `delta` int UNSIGNED NOT NULL COMMENT 'The sequence number for this data item, used for multi-value fields',
  `roles_target_id` varchar(255) CHARACTER SET ascii COLLATE ascii_general_ci NOT NULL COMMENT 'The ID of the target entity.'
) ENGINE=InnoDB DEFAULT CHARSET=utf8mb4 COLLATE=utf8mb4_general_ci COMMENT='Data storage for user field roles.';

--
-- Dumping data for table `user__roles`
--

INSERT INTO `user__roles` (`bundle`, `deleted`, `entity_id`, `revision_id`, `langcode`, `delta`, `roles_target_id`) VALUES
('user', 0, 1, 1, 'en', 0, 'administrator'),
('user', 0, 67, 67, 'en', 0, 'web_liaison'),
('user', 0, 68, 68, 'en', 0, 'administrator'),
('user', 0, 68, 68, 'en', 1, 'web_liaison'),
('user', 0, 73, 73, 'en', 0, 'administrator'),
('user', 0, 73, 73, 'en', 1, 'web_liaison'),
('user', 0, 100, 100, 'en', 0, 'sh'),
('user', 0, 115, 115, 'en', 0, 'administrator'),
('user', 0, 116, 116, 'en', 0, 'sh');

-- --------------------------------------------------------

--
-- Table structure for table `user__user_picture`
--

CREATE TABLE `user__user_picture` (
  `bundle` varchar(128) CHARACTER SET ascii COLLATE ascii_general_ci NOT NULL DEFAULT '' COMMENT 'The field instance bundle to which this row belongs, used when deleting a field instance',
  `deleted` tinyint NOT NULL DEFAULT '0' COMMENT 'A boolean indicating whether this data item has been deleted',
  `entity_id` int UNSIGNED NOT NULL COMMENT 'The entity id this data is attached to',
  `revision_id` int UNSIGNED NOT NULL COMMENT 'The entity revision id this data is attached to, which for an unversioned entity type is the same as the entity id',
  `langcode` varchar(32) CHARACTER SET ascii COLLATE ascii_general_ci NOT NULL DEFAULT '' COMMENT 'The language code for this data item.',
  `delta` int UNSIGNED NOT NULL COMMENT 'The sequence number for this data item, used for multi-value fields',
  `user_picture_target_id` int UNSIGNED NOT NULL COMMENT 'The ID of the file entity.',
  `user_picture_alt` varchar(512) CHARACTER SET utf8mb4 COLLATE utf8mb4_general_ci DEFAULT NULL COMMENT 'Alternative image text, for the image''s ''alt'' attribute.',
  `user_picture_title` varchar(1024) CHARACTER SET utf8mb4 COLLATE utf8mb4_general_ci DEFAULT NULL COMMENT 'Image title text, for the image''s ''title'' attribute.',
  `user_picture_width` int UNSIGNED DEFAULT NULL COMMENT 'The width of the image in pixels.',
  `user_picture_height` int UNSIGNED DEFAULT NULL COMMENT 'The height of the image in pixels.'
) ENGINE=InnoDB DEFAULT CHARSET=utf8mb4 COLLATE=utf8mb4_general_ci COMMENT='Data storage for user field user_picture.';

-- --------------------------------------------------------

--
-- Table structure for table `watchdog`
--

CREATE TABLE `watchdog` (
  `wid` bigint NOT NULL COMMENT 'Primary Key: Unique watchdog event ID.',
  `uid` int UNSIGNED NOT NULL DEFAULT '0' COMMENT 'The "users".uid of the user who triggered the event.',
  `type` varchar(64) CHARACTER SET ascii COLLATE ascii_general_ci NOT NULL DEFAULT '' COMMENT 'Type of log message, for example "user" or "page not found."',
  `message` longtext CHARACTER SET utf8mb4 COLLATE utf8mb4_general_ci NOT NULL COMMENT 'Text of log message to be passed into the t() function.',
  `variables` longblob NOT NULL COMMENT 'Serialized array of variables that match the message string and that is passed into the t() function.',
  `severity` tinyint UNSIGNED NOT NULL DEFAULT '0' COMMENT 'The severity level of the event. ranges from 0 (Emergency) to 7 (Debug)',
  `link` text CHARACTER SET utf8mb4 COLLATE utf8mb4_general_ci COMMENT 'Link to view the result of the event.',
  `location` text CHARACTER SET utf8mb4 COLLATE utf8mb4_general_ci NOT NULL COMMENT 'URL of the origin of the event.',
  `referer` text CHARACTER SET utf8mb4 COLLATE utf8mb4_general_ci COMMENT 'URL of referring page.',
  `hostname` varchar(128) CHARACTER SET ascii COLLATE ascii_general_ci NOT NULL DEFAULT '' COMMENT 'Hostname of the user who triggered the event.',
  `timestamp` bigint NOT NULL DEFAULT '0' COMMENT 'Unix timestamp of when event occurred.'
) ENGINE=InnoDB DEFAULT CHARSET=utf8mb4 COLLATE=utf8mb4_general_ci COMMENT='Table that contains logs of all system events.';

--
-- Dumping data for table `watchdog`
--

INSERT INTO `watchdog` (`wid`, `uid`, `type`, `message`, `variables`, `severity`, `link`, `location`, `referer`, `hostname`, `timestamp`) VALUES
(24645984, 0, 'cron', 'Starting execution of @module_cron(), execution of @module_previous_cron() took @time.', 0x613a333a7b733a373a22406d6f64756c65223b733a31363a22676f6f676c655f616e616c7974696373223b733a31363a22406d6f64756c655f70726576696f7573223b733a343a2266696c65223b733a353a224074696d65223b733a363a22312e31376d73223b7d, 6, '', 'https://uog.edu.gy/srms/departments/4/programmes/568/567/904/3/871/622/758/details', '', '52.167.144.221', 1722954169),
(24645985, 0, 'cron', 'Starting execution of @module_cron(), execution of @module_previous_cron() took @time.', 0x613a333a7b733a373a22406d6f64756c65223b733a373a22686973746f7279223b733a31363a22406d6f64756c655f70726576696f7573223b733a31363a22676f6f676c655f616e616c7974696373223b733a353a224074696d65223b733a363a22302e31316d73223b7d, 6, '', 'https://uog.edu.gy/srms/departments/4/programmes/568/567/904/3/871/622/758/details', '', '52.167.144.221', 1722954169),
(24645986, 0, 'cron', 'Starting execution of @module_cron(), execution of @module_previous_cron() took @time.', 0x613a333a7b733a373a22406d6f64756c65223b733a343a226e6f6465223b733a31363a22406d6f64756c655f70726576696f7573223b733a373a22686973746f7279223b733a353a224074696d65223b733a363a22302e31326d73223b7d, 6, '', 'https://uog.edu.gy/srms/departments/4/programmes/568/567/904/3/871/622/758/details', '', '52.167.144.221', 1722954169),
(24645987, 0, 'cron', 'Starting execution of @module_cron(), execution of @module_previous_cron() took @time.', 0x613a333a7b733a373a22406d6f64756c65223b733a363a2270686f746f73223b733a31363a22406d6f64756c655f70726576696f7573223b733a343a226e6f6465223b733a353a224074696d65223b733a363a22332e39376d73223b7d, 6, '', 'https://uog.edu.gy/srms/departments/4/programmes/568/567/904/3/871/622/758/details', '', '52.167.144.221', 1722954169),
(24645988, 0, 'cron', 'Starting execution of @module_cron(), execution of @module_previous_cron() took @time.', 0x613a333a7b733a373a22406d6f64756c65223b733a363a22736561726368223b733a31363a22406d6f64756c655f70726576696f7573223b733a363a2270686f746f73223b733a353a224074696d65223b733a363a22372e39326d73223b7d, 6, '', 'https://uog.edu.gy/srms/departments/4/programmes/568/567/904/3/871/622/758/details', '', '52.167.144.221', 1722954169),
(24645989, 0, 'php', '%type: @message in %function (line %line of %file) @backtrace_string.', 0x[encoded data, 10992 characters], 3, '', 'https://uog.edu.gy/srms/departments/4/programmes/568/567/904/3/871/622/758/details', '', '52.167.144.221', 1722954170),
(24645990, 0, 'cron', 'Starting execution of @module_cron().', 0x613a313a7b733a373a22406d6f64756c65223b733a373a2263617074636861223b7d, 6, '', 'https://uog.edu.gy/srms/departments/7/programmes/803/details', 'https://www.google.com/', '190.108.214.133', 1722954181),
(24645991, 0, 'cron', 'Starting execution of @module_cron(), execution of @module_previous_cron() took @time.', 0x613a333a7b733a373a22406d6f64756c65223b733a373a22636f6d6d656e74223b733a31363a22406d6f64756c655f70726576696f7573223b733a373a2263617074636861223b733a353a224074696d65223b733a363a22302e31346d73223b7d, 6, '', 'https://uog.edu.gy/srms/departments/7/programmes/803/details', 'https://www.google.com/', '190.108.214.133', 1722954181),
(24645992, 0, 'cron', 'Starting execution of @module_cron(), execution of @module_previous_cron() took @time.', 0x613a333a7b733a373a22406d6f64756c65223b733a353a2264626c6f67223b733a31363a22406d6f64756c655f70726576696f7573223b733a373a22636f6d6d656e74223b733a353a224074696d65223b733a363a22312e36386d73223b7d, 6, '', 'https://uog.edu.gy/srms/departments/7/programmes/803/details', 'https://www.google.com/', '190.108.214.133', 1722954181),
(24645993, 0, 'cron', 'Starting execution of @module_cron(), execution of @module_previous_cron() took @time.', 0x613a333a7b733a373a22406d6f64756c65223b733a353a226669656c64223b733a31363a22406d6f64756c655f70726576696f7573223b733a353a2264626c6f67223b733a353a224074696d65223b733a363a22312e31356d73223b7d, 6, '', 'https://uog.edu.gy/srms/departments/7/programmes/803/details', 'https://www.google.com/', '190.108.214.133', 1722954181),
(24645994, 0, 'cron', 'Starting execution of @module_cron(), execution of @module_previous_cron() took @time.', 0x613a333a7b733a373a22406d6f64756c65223b733a343a2266696c65223b733a31363a22406d6f64756c655f70726576696f7573223b733a353a226669656c64223b733a353a224074696d65223b733a363a22302e36376d73223b7d, 6, '', 'https://uog.edu.gy/srms/departments/7/programmes/803/details', 'https://www.google.com/', '190.108.214.133', 1722954181),
(24645995, 0, 'cron', 'Starting execution of @module_cron(), execution of @module_previous_cron() took @time.', 0x613a333a7b733a373a22406d6f64756c65223b733a31363a22676f6f676c655f616e616c7974696373223b733a31363a22406d6f64756c655f70726576696f7573223b733a343a2266696c65223b733a353a224074696d65223b733a363a22312e35316d73223b7d, 6, '', 'https://uog.edu.gy/srms/departments/7/programmes/803/details', 'https://www.google.com/', '190.108.214.133', 1722954181),
(24645996, 0, 'cron', 'Starting execution of @module_cron(), execution of @module_previous_cron() took @time.', 0x613a333a7b733a373a22406d6f64756c65223b733a373a22686973746f7279223b733a31363a22406d6f64756c655f70726576696f7573223b733a31363a22676f6f676c655f616e616c7974696373223b733a353a224074696d65223b733a363a22302e31386d73223b7d, 6, '', 'https://uog.edu.gy/srms/departments/7/programmes/803/details', 'https://www.google.com/', '190.108.214.133', 1722954181),
(24645997, 0, 'cron', 'Starting execution of @module_cron(), execution of @module_previous_cron() took @time.', 0x613a333a7b733a373a22406d6f64756c65223b733a343a226e6f6465223b733a31363a22406d6f64756c655f70726576696f7573223b733a373a22686973746f7279223b733a353a224074696d65223b733a363a22302e31396d73223b7d, 6, '', 'https://uog.edu.gy/srms/departments/7/programmes/803/details', 'https://www.google.com/', '190.108.214.133', 1722954181),
(24645998, 0, 'cron', 'Starting execution of @module_cron(), execution of @module_previous_cron() took @time.', 0x613a333a7b733a373a22406d6f64756c65223b733a363a2270686f746f73223b733a31363a22406d6f64756c655f70726576696f7573223b733a343a226e6f6465223b733a353a224074696d65223b733a363a22352e39396d73223b7d, 6, '', 'https://uog.edu.gy/srms/departments/7/programmes/803/details', 'https://www.google.com/', '190.108.214.133', 1722954181),
(24645999, 0, 'cron', 'Starting execution of @module_cron(), execution of @module_previous_cron() took @time.', 0x613a333a7b733a373a22406d6f64756c65223b733a363a22736561726368223b733a31363a22406d6f64756c655f70726576696f7573223b733a363a2270686f746f73223b733a353a224074696d65223b733a373a2231332e37336d73223b7d, 6, '', 'https://uog.edu.gy/srms/departments/7/programmes/803/details', 'https://www.google.com/', '190.108.214.133', 1722954181),
(24646000, 0, 'php', '%type: @message in %function (line %line of %file) @backtrace_string.', 0x[encoded data, 10992 characters], 3, '', 'https://uog.edu.gy/srms/departments/7/programmes/803/details', 'https://www.google.com/', '190.108.214.133', 1722954182),
(24646001, 0, 'page not found', '@uri', 0x613a313a7b733a343a2240757269223b733a39383a222f73726d732f6465706172746d656e74732f36352f3737382f6465706172746d656e74732f3235362f6465706172746d656e74732f3230382f6465706172746d656e74732f36302f6465706172746d656e74732f36382f70726f6772616d6d65732f223b7d, 4, '', 'https://www.uog.edu.gy/srms/departments/65/778/departments/256/departments/208/departments/60/departments/68/programmes/', '', '40.77.167.68', 1722954187),
(24646002, 0, 'cron', 'Starting execution of @module_cron().', 0x613a313a7b733a373a22406d6f64756c65223b733a373a2263617074636861223b7d, 6, '', 'https://www.uog.edu.gy/srms/departments/65/778/departments/256/departments/208/departments/60/departments/68/programmes/', '', '40.77.167.68', 1722954187),
(24646003, 0, 'cron', 'Starting execution of @module_cron(), execution of @module_previous_cron() took @time.', 0x613a333a7b733a373a22406d6f64756c65223b733a373a22636f6d6d656e74223b733a31363a22406d6f64756c655f70726576696f7573223b733a373a2263617074636861223b733a353a224074696d65223b733a363a22302e32376d73223b7d, 6, '', 'https://www.uog.edu.gy/srms/departments/65/778/departments/256/departments/208/departments/60/departments/68/programmes/', '', '40.77.167.68', 1722954187),
(24646004, 0, 'cron', 'Starting execution of @module_cron(), execution of @module_previous_cron() took @time.', 0x613a333a7b733a373a22406d6f64756c65223b733a353a2264626c6f67223b733a31363a22406d6f64756c655f70726576696f7573223b733a373a22636f6d6d656e74223b733a353a224074696d65223b733a363a22312e36366d73223b7d, 6, '', 'https://www.uog.edu.gy/srms/departments/65/778/departments/256/departments/208/departments/60/departments/68/programmes/', '', '40.77.167.68', 1722954187),
(24646005, 0, 'cron', 'Starting execution of @module_cron(), execution of @module_previous_cron() took @time.', 0x613a333a7b733a373a22406d6f64756c65223b733a353a226669656c64223b733a31363a22406d6f64756c655f70726576696f7573223b733a353a2264626c6f67223b733a353a224074696d65223b733a363a22312e33346d73223b7d, 6, '', 'https://www.uog.edu.gy/srms/departments/65/778/departments/256/departments/208/departments/60/departments/68/programmes/', '', '40.77.167.68', 1722954187),
(24646006, 0, 'cron', 'Starting execution of @module_cron(), execution of @module_previous_cron() took @time.', 0x613a333a7b733a373a22406d6f64756c65223b733a343a2266696c65223b733a31363a22406d6f64756c655f70726576696f7573223b733a353a226669656c64223b733a353a224074696d65223b733a363a22302e35396d73223b7d, 6, '', 'https://www.uog.edu.gy/srms/departments/65/778/departments/256/departments/208/departments/60/departments/68/programmes/', '', '40.77.167.68', 1722954187),
(24646007, 0, 'cron', 'Starting execution of @module_cron(), execution of @module_previous_cron() took @time.', 0x613a333a7b733a373a22406d6f64756c65223b733a31363a22676f6f676c655f616e616c7974696373223b733a31363a22406d6f64756c655f70726576696f7573223b733a343a2266696c65223b733a353a224074696d65223b733a363a22312e33316d73223b7d, 6, '', 'https://www.uog.edu.gy/srms/departments/65/778/departments/256/departments/208/departments/60/departments/68/programmes/', '', '40.77.167.68', 1722954187),
(24646008, 0, 'cron', 'Starting execution of @module_cron(), execution of @module_previous_cron() took @time.', 0x613a333a7b733a373a22406d6f64756c65223b733a373a22686973746f7279223b733a31363a22406d6f64756c655f70726576696f7573223b733a31363a22676f6f676c655f616e616c7974696373223b733a353a224074696d65223b733a363a22302e31326d73223b7d, 6, '', 'https://www.uog.edu.gy/srms/departments/65/778/departments/256/departments/208/departments/60/departments/68/programmes/', '', '40.77.167.68', 1722954187),
(24646009, 0, 'cron', 'Starting execution of @module_cron(), execution of @module_previous_cron() took @time.', 0x613a333a7b733a373a22406d6f64756c65223b733a343a226e6f6465223b733a31363a22406d6f64756c655f70726576696f7573223b733a373a22686973746f7279223b733a353a224074696d65223b733a363a22302e31366d73223b7d, 6, '', 'https://www.uog.edu.gy/srms/departments/65/778/departments/256/departments/208/departments/60/departments/68/programmes/', '', '40.77.167.68', 1722954187),
(24646010, 0, 'cron', 'Starting execution of @module_cron(), execution of @module_previous_cron() took @time.', 0x613a333a7b733a373a22406d6f64756c65223b733a363a2270686f746f73223b733a31363a22406d6f64756c655f70726576696f7573223b733a343a226e6f6465223b733a353a224074696d65223b733a363a22342e33356d73223b7d, 6, '', 'https://www.uog.edu.gy/srms/departments/65/778/departments/256/departments/208/departments/60/departments/68/programmes/', '', '40.77.167.68', 1722954187),
(24646011, 0, 'cron', 'Starting execution of @module_cron(), execution of @module_previous_cron() took @time.', 0x613a333a7b733a373a22406d6f64756c65223b733a363a22736561726368223b733a31363a22406d6f64756c655f70726576696f7573223b733a363a2270686f746f73223b733a353a224074696d65223b733a363a22382e36326d73223b7d, 6, '', 'https://www.uog.edu.gy/srms/departments/65/778/departments/256/departments/208/departments/60/departments/68/programmes/', '', '40.77.167.68', 1722954187),
(24646012, 0, 'php', '%type: @message in %function (line %line of %file) @backtrace_string.', 0x[encoded data, 10992 characters], 3, '', 'https://www.uog.edu.gy/srms/departments/65/778/departments/256/departments/208/departments/60/departments/68/programmes/', '', '40.77.167.68', 1722954187),
(24646013, 0, 'page not found', '@uri', 0x613a313a7b733a343a2240757269223b733a39333a222f73726d732f6465706172746d656e74732f36352f3835362f6465706172746d656e74732f3234332f70726f6772616d6d65732f6465706172746d656e74732f3234362f6465706172746d656e74732f352f70726f6772616d6d65732f223b7d, 4, '', 'https://uog.edu.gy/srms/departments/65/856/departments/243/programmes/departments/246/departments/5/programmes/', '', '40.77.167.75', 1722954196),
(24646014, 0, 'cron', 'Starting execution of @module_cron().', 0x613a313a7b733a373a22406d6f64756c65223b733a373a2263617074636861223b7d, 6, '', 'https://uog.edu.gy/srms/departments/65/856/departments/243/programmes/departments/246/departments/5/programmes/', '', '40.77.167.75', 1722954196),
(24646015, 0, 'cron', 'Starting execution of @module_cron(), execution of @module_previous_cron() took @time.', 0x613a333a7b733a373a22406d6f64756c65223b733a373a22636f6d6d656e74223b733a31363a22406d6f64756c655f70726576696f7573223b733a373a2263617074636861223b733a353a224074696d65223b733a363a22302e32346d73223b7d, 6, '', 'https://uog.edu.gy/srms/departments/65/856/departments/243/programmes/departments/246/departments/5/programmes/', '', '40.77.167.75', 1722954196),
(24646016, 0, 'cron', 'Starting execution of @module_cron(), execution of @module_previous_cron() took @time.', 0x613a333a7b733a373a22406d6f64756c65223b733a353a2264626c6f67223b733a31363a22406d6f64756c655f70726576696f7573223b733a373a22636f6d6d656e74223b733a353a224074696d65223b733a363a22312e37376d73223b7d, 6, '', 'https://uog.edu.gy/srms/departments/65/856/departments/243/programmes/departments/246/departments/5/programmes/', '', '40.77.167.75', 1722954196),
(24646017, 0, 'cron', 'Starting execution of @module_cron(), execution of @module_previous_cron() took @time.', 0x613a333a7b733a373a22406d6f64756c65223b733a353a226669656c64223b733a31363a22406d6f64756c655f70726576696f7573223b733a353a2264626c6f67223b733a353a224074696d65223b733a363a22312e30386d73223b7d, 6, '', 'https://uog.edu.gy/srms/departments/65/856/departments/243/programmes/departments/246/departments/5/programmes/', '', '40.77.167.75', 1722954196),
(24646018, 0, 'cron', 'Starting execution of @module_cron(), execution of @module_previous_cron() took @time.', 0x613a333a7b733a373a22406d6f64756c65223b733a343a2266696c65223b733a31363a22406d6f64756c655f70726576696f7573223b733a353a226669656c64223b733a353a224074696d65223b733a363a22302e35316d73223b7d, 6, '', 'https://uog.edu.gy/srms/departments/65/856/departments/243/programmes/departments/246/departments/5/programmes/', '', '40.77.167.75', 1722954196),
(24646019, 0, 'cron', 'Starting execution of @module_cron(), execution of @module_previous_cron() took @time.', 0x613a333a7b733a373a22406d6f64756c65223b733a31363a22676f6f676c655f616e616c7974696373223b733a31363a22406d6f64756c655f70726576696f7573223b733a343a2266696c65223b733a353a224074696d65223b733a363a22312e33386d73223b7d, 6, '', 'https://uog.edu.gy/srms/departments/65/856/departments/243/programmes/departments/246/departments/5/programmes/', '', '40.77.167.75', 1722954196),
(24646020, 0, 'cron', 'Starting execution of @module_cron(), execution of @module_previous_cron() took @time.', 0x613a333a7b733a373a22406d6f64756c65223b733a373a22686973746f7279223b733a31363a22406d6f64756c655f70726576696f7573223b733a31363a22676f6f676c655f616e616c7974696373223b733a353a224074696d65223b733a363a22302e31326d73223b7d, 6, '', 'https://uog.edu.gy/srms/departments/65/856/departments/243/programmes/departments/246/departments/5/programmes/', '', '40.77.167.75', 1722954196),
(24646021, 0, 'cron', 'Starting execution of @module_cron(), execution of @module_previous_cron() took @time.', 0x613a333a7b733a373a22406d6f64756c65223b733a343a226e6f6465223b733a31363a22406d6f64756c655f70726576696f7573223b733a373a22686973746f7279223b733a353a224074696d65223b733a363a22302e31326d73223b7d, 6, '', 'https://uog.edu.gy/srms/departments/65/856/departments/243/programmes/departments/246/departments/5/programmes/', '', '40.77.167.75', 1722954196),
(24646022, 0, 'cron', 'Starting execution of @module_cron(), execution of @module_previous_cron() took @time.', 0x613a333a7b733a373a22406d6f64756c65223b733a363a2270686f746f73223b733a31363a22406d6f64756c655f70726576696f7573223b733a343a226e6f6465223b733a353a224074696d65223b733a363a22342e30366d73223b7d, 6, '', 'https://uog.edu.gy/srms/departments/65/856/departments/243/programmes/departments/246/departments/5/programmes/', '', '40.77.167.75', 1722954196);
INSERT INTO `watchdog` (`wid`, `uid`, `type`, `message`, `variables`, `severity`, `link`, `location`, `referer`, `hostname`, `timestamp`) VALUES
(24646023, 0, 'cron', 'Starting execution of @module_cron(), execution of @module_previous_cron() took @time.', 0x613a333a7b733a373a22406d6f64756c65223b733a363a22736561726368223b733a31363a22406d6f64756c655f70726576696f7573223b733a363a2270686f746f73223b733a353a224074696d65223b733a363a22392e39336d73223b7d, 6, '', 'https://uog.edu.gy/srms/departments/65/856/departments/243/programmes/departments/246/departments/5/programmes/', '', '40.77.167.75', 1722954196),
(24646024, 0, 'php', '%type: @message in %function (line %line of %file) @backtrace_string.', 0x[encoded data, 10992 characters], 3, '', 'https://uog.edu.gy/srms/departments/65/856/departments/243/programmes/departments/246/departments/5/programmes/', '', '40.77.167.75', 1722954197),
(24646025, 0, 'page not found', '@uri', 0x613a313a7b733a343a2240757269223b733a38343a222f6e6577736c6574746572732f636f6e666572656e63652d676f6c642d6d696e696e672d677579616e612d656e7669726f6e6d656e74616c2d68756d616e2d6865616c74682d636f6e73696465726174696f6e73223b7d, 4, '', 'https://www.uog.edu.gy/newsletters/conference-gold-mining-guyana-environmental-human-health-considerations', '', '66.249.75.164', 1722954256),
(24646026, 0, 'cron', 'Starting execution of @module_cron().', 0x613a313a7b733a373a22406d6f64756c65223b733a373a2263617074636861223b7d, 6, '', 'https://www.uog.edu.gy/newsletters/conference-gold-mining-guyana-environmental-human-health-considerations', '', '66.249.75.164', 1722954256),
(24646027, 0, 'cron', 'Starting execution of @module_cron(), execution of @module_previous_cron() took @time.', 0x613a333a7b733a373a22406d6f64756c65223b733a373a22636f6d6d656e74223b733a31363a22406d6f64756c655f70726576696f7573223b733a373a2263617074636861223b733a353a224074696d65223b733a363a22302e32336d73223b7d, 6, '', 'https://www.uog.edu.gy/newsletters/conference-gold-mining-guyana-environmental-human-health-considerations', '', '66.249.75.164', 1722954256),
(24646028, 0, 'cron', 'Starting execution of @module_cron(), execution of @module_previous_cron() took @time.', 0x613a333a7b733a373a22406d6f64756c65223b733a353a2264626c6f67223b733a31363a22406d6f64756c655f70726576696f7573223b733a373a22636f6d6d656e74223b733a353a224074696d65223b733a353a22312e336d73223b7d, 6, '', 'https://www.uog.edu.gy/newsletters/conference-gold-mining-guyana-environmental-human-health-considerations', '', '66.249.75.164', 1722954256),
(24646029, 0, 'cron', 'Starting execution of @module_cron(), execution of @module_previous_cron() took @time.', 0x613a333a7b733a373a22406d6f64756c65223b733a353a226669656c64223b733a31363a22406d6f64756c655f70726576696f7573223b733a353a2264626c6f67223b733a353a224074696d65223b733a363a22312e30326d73223b7d, 6, '', 'https://www.uog.edu.gy/newsletters/conference-gold-mining-guyana-environmental-human-health-considerations', '', '66.249.75.164', 1722954256),
(24646030, 0, 'cron', 'Starting execution of @module_cron(), execution of @module_previous_cron() took @time.', 0x613a333a7b733a373a22406d6f64756c65223b733a343a2266696c65223b733a31363a22406d6f64756c655f70726576696f7573223b733a353a226669656c64223b733a353a224074696d65223b733a363a22302e35346d73223b7d, 6, '', 'https://www.uog.edu.gy/newsletters/conference-gold-mining-guyana-environmental-human-health-considerations', '', '66.249.75.164', 1722954256),
(24646031, 0, 'cron', 'Starting execution of @module_cron(), execution of @module_previous_cron() took @time.', 0x613a333a7b733a373a22406d6f64756c65223b733a31363a22676f6f676c655f616e616c7974696373223b733a31363a22406d6f64756c655f70726576696f7573223b733a343a2266696c65223b733a353a224074696d65223b733a363a22312e32346d73223b7d, 6, '', 'https://www.uog.edu.gy/newsletters/conference-gold-mining-guyana-environmental-human-health-considerations', '', '66.249.75.164', 1722954256),
(24646032, 0, 'cron', 'Starting execution of @module_cron(), execution of @module_previous_cron() took @time.', 0x613a333a7b733a373a22406d6f64756c65223b733a373a22686973746f7279223b733a31363a22406d6f64756c655f70726576696f7573223b733a31363a22676f6f676c655f616e616c7974696373223b733a353a224074696d65223b733a363a22302e31336d73223b7d, 6, '', 'https://www.uog.edu.gy/newsletters/conference-gold-mining-guyana-environmental-human-health-considerations', '', '66.249.75.164', 1722954256),
(24646033, 0, 'cron', 'Starting execution of @module_cron(), execution of @module_previous_cron() took @time.', 0x613a333a7b733a373a22406d6f64756c65223b733a343a226e6f6465223b733a31363a22406d6f64756c655f70726576696f7573223b733a373a22686973746f7279223b733a353a224074696d65223b733a363a22302e31336d73223b7d, 6, '', 'https://www.uog.edu.gy/newsletters/conference-gold-mining-guyana-environmental-human-health-considerations', '', '66.249.75.164', 1722954256),
(24646034, 0, 'cron', 'Starting execution of @module_cron(), execution of @module_previous_cron() took @time.', 0x613a333a7b733a373a22406d6f64756c65223b733a363a2270686f746f73223b733a31363a22406d6f64756c655f70726576696f7573223b733a343a226e6f6465223b733a353a224074696d65223b733a363a22342e30316d73223b7d, 6, '', 'https://www.uog.edu.gy/newsletters/conference-gold-mining-guyana-environmental-human-health-considerations', '', '66.249.75.164', 1722954256),
(24646035, 0, 'cron', 'Starting execution of @module_cron(), execution of @module_previous_cron() took @time.', 0x613a333a7b733a373a22406d6f64756c65223b733a363a22736561726368223b733a31363a22406d6f64756c655f70726576696f7573223b733a363a2270686f746f73223b733a353a224074696d65223b733a363a22392e36366d73223b7d, 6, '', 'https://www.uog.edu.gy/newsletters/conference-gold-mining-guyana-environmental-human-health-considerations', '', '66.249.75.164', 1722954256),
(24646036, 0, 'php', '%type: @message in %function (line %line of %file) @backtrace_string.', 0x[encoded data, 10992 characters], 3, '', 'https://www.uog.edu.gy/newsletters/conference-gold-mining-guyana-environmental-human-health-considerations', '', '66.249.75.164', 1722954256),
(24646037, 0, 'page not found', '@uri', 0x613a313a7b733a343a2240757269223b733a31313a222f49766f4438764c52594e223b7d, 4, '', 'https://uog.edu.gy/IvoD8vLRYN', '', '52.167.144.221', 1722954276),
(24646038, 0, 'cron', 'Starting execution of @module_cron().', 0x613a313a7b733a373a22406d6f64756c65223b733a373a2263617074636861223b7d, 6, '', 'https://uog.edu.gy/srms/departments/7/programmes/802/details', 'https://www.google.com/', '190.108.214.133', 1722954276),
(24646039, 0, 'cron', 'Starting execution of @module_cron(), execution of @module_previous_cron() took @time.', 0x613a333a7b733a373a22406d6f64756c65223b733a373a22636f6d6d656e74223b733a31363a22406d6f64756c655f70726576696f7573223b733a373a2263617074636861223b733a353a224074696d65223b733a353a22302e326d73223b7d, 6, '', 'https://uog.edu.gy/srms/departments/7/programmes/802/details', 'https://www.google.com/', '190.108.214.133', 1722954276),
(24646040, 0, 'cron', 'Starting execution of @module_cron(), execution of @module_previous_cron() took @time.', 0x613a333a7b733a373a22406d6f64756c65223b733a353a2264626c6f67223b733a31363a22406d6f64756c655f70726576696f7573223b733a373a22636f6d6d656e74223b733a353a224074696d65223b733a363a22312e34366d73223b7d, 6, '', 'https://uog.edu.gy/srms/departments/7/programmes/802/details', 'https://www.google.com/', '190.108.214.133', 1722954276),
(24646041, 0, 'cron', 'Starting execution of @module_cron(), execution of @module_previous_cron() took @time.', 0x613a333a7b733a373a22406d6f64756c65223b733a353a226669656c64223b733a31363a22406d6f64756c655f70726576696f7573223b733a353a2264626c6f67223b733a353a224074696d65223b733a363a22312e30386d73223b7d, 6, '', 'https://uog.edu.gy/srms/departments/7/programmes/802/details', 'https://www.google.com/', '190.108.214.133', 1722954276),
(24646042, 0, 'cron', 'Starting execution of @module_cron(), execution of @module_previous_cron() took @time.', 0x613a333a7b733a373a22406d6f64756c65223b733a343a2266696c65223b733a31363a22406d6f64756c655f70726576696f7573223b733a353a226669656c64223b733a353a224074696d65223b733a363a22302e35386d73223b7d, 6, '', 'https://uog.edu.gy/srms/departments/7/programmes/802/details', 'https://www.google.com/', '190.108.214.133', 1722954276),
(24646043, 0, 'cron', 'Starting execution of @module_cron(), execution of @module_previous_cron() took @time.', 0x613a333a7b733a373a22406d6f64756c65223b733a31363a22676f6f676c655f616e616c7974696373223b733a31363a22406d6f64756c655f70726576696f7573223b733a343a2266696c65223b733a353a224074696d65223b733a363a22312e37316d73223b7d, 6, '', 'https://uog.edu.gy/srms/departments/7/programmes/802/details', 'https://www.google.com/', '190.108.214.133', 1722954276),
(24646044, 0, 'cron', 'Starting execution of @module_cron(), execution of @module_previous_cron() took @time.', 0x613a333a7b733a373a22406d6f64756c65223b733a373a22686973746f7279223b733a31363a22406d6f64756c655f70726576696f7573223b733a31363a22676f6f676c655f616e616c7974696373223b733a353a224074696d65223b733a363a22302e31356d73223b7d, 6, '', 'https://uog.edu.gy/srms/departments/7/programmes/802/details', 'https://www.google.com/', '190.108.214.133', 1722954276),
(24646045, 0, 'cron', 'Starting execution of @module_cron(), execution of @module_previous_cron() took @time.', 0x613a333a7b733a373a22406d6f64756c65223b733a343a226e6f6465223b733a31363a22406d6f64756c655f70726576696f7573223b733a373a22686973746f7279223b733a353a224074696d65223b733a363a22302e31356d73223b7d, 6, '', 'https://uog.edu.gy/srms/departments/7/programmes/802/details', 'https://www.google.com/', '190.108.214.133', 1722954276),
(24646046, 0, 'cron', 'Starting execution of @module_cron(), execution of @module_previous_cron() took @time.', 0x613a333a7b733a373a22406d6f64756c65223b733a363a2270686f746f73223b733a31363a22406d6f64756c655f70726576696f7573223b733a343a226e6f6465223b733a353a224074696d65223b733a363a22362e31366d73223b7d, 6, '', 'https://uog.edu.gy/srms/departments/7/programmes/802/details', 'https://www.google.com/', '190.108.214.133', 1722954276),
(24646047, 0, 'cron', 'Starting execution of @module_cron(), execution of @module_previous_cron() took @time.', 0x613a333a7b733a373a22406d6f64756c65223b733a363a22736561726368223b733a31363a22406d6f64756c655f70726576696f7573223b733a363a2270686f746f73223b733a353a224074696d65223b733a373a2231312e37366d73223b7d, 6, '', 'https://uog.edu.gy/srms/departments/7/programmes/802/details', 'https://www.google.com/', '190.108.214.133', 1722954276),
(24646048, 0, 'cron', 'Attempting to re-run cron while it is already running.', 0x613a303a7b7d, 4, '', 'https://uog.edu.gy/IvoD8vLRYN', '', '52.167.144.221', 1722954276),
(24646049, 0, 'php', '%type: @message in %function (line %line of %file) @backtrace_string.', 0x[encoded data, 10992 characters], 3, '', 'https://uog.edu.gy/srms/departments/7/programmes/802/details', 'https://www.google.com/', '190.108.214.133', 1722954276),
(24646050, 0, 'page not found', '@uri', 0x613a313a7b733a343a2240757269223b733a36373a222f73726d732f6465706172746d656e74732f342f70726f6772616d6d65732f332f31302f3536372f3536372f3836332f3536362f3632322f3631352f64657461696c73223b7d, 4, '', 'https://uog.edu.gy/srms/departments/4/programmes/3/10/567/567/863/566/622/615/details', '', '52.167.144.221', 1722954278),
(24646051, 0, 'cron', 'Starting execution of @module_cron().', 0x613a313a7b733a373a22406d6f64756c65223b733a373a2263617074636861223b7d, 6, '', 'https://uog.edu.gy/srms/departments/4/programmes/3/10/567/567/863/566/622/615/details', '', '52.167.144.221', 1722954278),
(24646052, 0, 'cron', 'Starting execution of @module_cron(), execution of @module_previous_cron() took @time.', 0x613a333a7b733a373a22406d6f64756c65223b733a373a22636f6d6d656e74223b733a31363a22406d6f64756c655f70726576696f7573223b733a373a2263617074636861223b733a353a224074696d65223b733a363a22302e32346d73223b7d, 6, '', 'https://uog.edu.gy/srms/departments/4/programmes/3/10/567/567/863/566/622/615/details', '', '52.167.144.221', 1722954278),
(24646053, 0, 'cron', 'Starting execution of @module_cron(), execution of @module_previous_cron() took @time.', 0x613a333a7b733a373a22406d6f64756c65223b733a353a2264626c6f67223b733a31363a22406d6f64756c655f70726576696f7573223b733a373a22636f6d6d656e74223b733a353a224074696d65223b733a363a22312e32346d73223b7d, 6, '', 'https://uog.edu.gy/srms/departments/4/programmes/3/10/567/567/863/566/622/615/details', '', '52.167.144.221', 1722954278),
(24646054, 0, 'cron', 'Starting execution of @module_cron(), execution of @module_previous_cron() took @time.', 0x613a333a7b733a373a22406d6f64756c65223b733a353a226669656c64223b733a31363a22406d6f64756c655f70726576696f7573223b733a353a2264626c6f67223b733a353a224074696d65223b733a363a22302e39396d73223b7d, 6, '', 'https://uog.edu.gy/srms/departments/4/programmes/3/10/567/567/863/566/622/615/details', '', '52.167.144.221', 1722954278),
(24646055, 0, 'cron', 'Starting execution of @module_cron(), execution of @module_previous_cron() took @time.', 0x613a333a7b733a373a22406d6f64756c65223b733a343a2266696c65223b733a31363a22406d6f64756c655f70726576696f7573223b733a353a226669656c64223b733a353a224074696d65223b733a363a22302e34336d73223b7d, 6, '', 'https://uog.edu.gy/srms/departments/4/programmes/3/10/567/567/863/566/622/615/details', '', '52.167.144.221', 1722954278),
(24646056, 0, 'cron', 'Starting execution of @module_cron(), execution of @module_previous_cron() took @time.', 0x613a333a7b733a373a22406d6f64756c65223b733a31363a22676f6f676c655f616e616c7974696373223b733a31363a22406d6f64756c655f70726576696f7573223b733a343a2266696c65223b733a353a224074696d65223b733a363a22312e31356d73223b7d, 6, '', 'https://uog.edu.gy/srms/departments/4/programmes/3/10/567/567/863/566/622/615/details', '', '52.167.144.221', 1722954278),
(24646057, 0, 'cron', 'Starting execution of @module_cron(), execution of @module_previous_cron() took @time.', 0x613a333a7b733a373a22406d6f64756c65223b733a373a22686973746f7279223b733a31363a22406d6f64756c655f70726576696f7573223b733a31363a22676f6f676c655f616e616c7974696373223b733a353a224074696d65223b733a363a22302e31396d73223b7d, 6, '', 'https://uog.edu.gy/srms/departments/4/programmes/3/10/567/567/863/566/622/615/details', '', '52.167.144.221', 1722954278),
(24646058, 0, 'cron', 'Starting execution of @module_cron(), execution of @module_previous_cron() took @time.', 0x613a333a7b733a373a22406d6f64756c65223b733a343a226e6f6465223b733a31363a22406d6f64756c655f70726576696f7573223b733a373a22686973746f7279223b733a353a224074696d65223b733a363a22302e31356d73223b7d, 6, '', 'https://uog.edu.gy/srms/departments/4/programmes/3/10/567/567/863/566/622/615/details', '', '52.167.144.221', 1722954278),
(24646059, 0, 'cron', 'Starting execution of @module_cron(), execution of @module_previous_cron() took @time.', 0x613a333a7b733a373a22406d6f64756c65223b733a363a2270686f746f73223b733a31363a22406d6f64756c655f70726576696f7573223b733a343a226e6f6465223b733a353a224074696d65223b733a363a22342e30386d73223b7d, 6, '', 'https://uog.edu.gy/srms/departments/4/programmes/3/10/567/567/863/566/622/615/details', '', '52.167.144.221', 1722954278),
(24646060, 0, 'cron', 'Starting execution of @module_cron(), execution of @module_previous_cron() took @time.', 0x613a333a7b733a373a22406d6f64756c65223b733a363a22736561726368223b733a31363a22406d6f64756c655f70726576696f7573223b733a363a2270686f746f73223b733a353a224074696d65223b733a363a22392e32396d73223b7d, 6, '', 'https://uog.edu.gy/srms/departments/4/programmes/3/10/567/567/863/566/622/615/details', '', '52.167.144.221', 1722954278);
INSERT INTO `watchdog` (`wid`, `uid`, `type`, `message`, `variables`, `severity`, `link`, `location`, `referer`, `hostname`, `timestamp`) VALUES
(24646061, 0, 'php', '%type: @message in %function (line %line of %file) @backtrace_string.', 0x[encoded data, 10992 characters], 3, '', 'https://uog.edu.gy/srms/departments/4/programmes/3/10/567/567/863/566/622/615/details', '', '52.167.144.221', 1722954278),
(24646062, 0, 'page not found', '@uri', 0x613a313a7b733a343a2240757269223b733a393a222f4976316b79517161223b7d, 4, '', 'https://www.uog.edu.gy/Iv1kyQqa', '', '40.77.167.68', 1722954278),
(24646063, 0, 'cron', 'Starting execution of @module_cron().', 0x613a313a7b733a373a22406d6f64756c65223b733a373a2263617074636861223b7d, 6, '', 'https://www.uog.edu.gy/Iv1kyQqa', '', '40.77.167.68', 1722954278),
(24646064, 0, 'cron', 'Starting execution of @module_cron(), execution of @module_previous_cron() took @time.', 0x613a333a7b733a373a22406d6f64756c65223b733a373a22636f6d6d656e74223b733a31363a22406d6f64756c655f70726576696f7573223b733a373a2263617074636861223b733a353a224074696d65223b733a363a22302e32396d73223b7d, 6, '', 'https://www.uog.edu.gy/Iv1kyQqa', '', '40.77.167.68', 1722954278),
(24646065, 0, 'cron', 'Starting execution of @module_cron(), execution of @module_previous_cron() took @time.', 0x613a333a7b733a373a22406d6f64756c65223b733a353a2264626c6f67223b733a31363a22406d6f64756c655f70726576696f7573223b733a373a22636f6d6d656e74223b733a353a224074696d65223b733a363a22312e34356d73223b7d, 6, '', 'https://www.uog.edu.gy/Iv1kyQqa', '', '40.77.167.68', 1722954278),
(24646066, 0, 'cron', 'Starting execution of @module_cron(), execution of @module_previous_cron() took @time.', 0x613a333a7b733a373a22406d6f64756c65223b733a353a226669656c64223b733a31363a22406d6f64756c655f70726576696f7573223b733a353a2264626c6f67223b733a353a224074696d65223b733a363a22312e30326d73223b7d, 6, '', 'https://www.uog.edu.gy/Iv1kyQqa', '', '40.77.167.68', 1722954278),
(24646067, 0, 'cron', 'Starting execution of @module_cron(), execution of @module_previous_cron() took @time.', 0x613a333a7b733a373a22406d6f64756c65223b733a343a2266696c65223b733a31363a22406d6f64756c655f70726576696f7573223b733a353a226669656c64223b733a353a224074696d65223b733a353a22302e356d73223b7d, 6, '', 'https://www.uog.edu.gy/Iv1kyQqa', '', '40.77.167.68', 1722954278),
(24646068, 0, 'cron', 'Starting execution of @module_cron(), execution of @module_previous_cron() took @time.', 0x613a333a7b733a373a22406d6f64756c65223b733a31363a22676f6f676c655f616e616c7974696373223b733a31363a22406d6f64756c655f70726576696f7573223b733a343a2266696c65223b733a353a224074696d65223b733a363a22312e34326d73223b7d, 6, '', 'https://www.uog.edu.gy/Iv1kyQqa', '', '40.77.167.68', 1722954278),
(24646069, 0, 'cron', 'Starting execution of @module_cron(), execution of @module_previous_cron() took @time.', 0x613a333a7b733a373a22406d6f64756c65223b733a373a22686973746f7279223b733a31363a22406d6f64756c655f70726576696f7573223b733a31363a22676f6f676c655f616e616c7974696373223b733a353a224074696d65223b733a363a22302e31346d73223b7d, 6, '', 'https://www.uog.edu.gy/Iv1kyQqa', '', '40.77.167.68', 1722954278),
(24646070, 0, 'cron', 'Starting execution of @module_cron(), execution of @module_previous_cron() took @time.', 0x613a333a7b733a373a22406d6f64756c65223b733a343a226e6f6465223b733a31363a22406d6f64756c655f70726576696f7573223b733a373a22686973746f7279223b733a353a224074696d65223b733a363a22302e31356d73223b7d, 6, '', 'https://www.uog.edu.gy/Iv1kyQqa', '', '40.77.167.68', 1722954278),
(24646071, 0, 'cron', 'Starting execution of @module_cron(), execution of @module_previous_cron() took @time.', 0x613a333a7b733a373a22406d6f64756c65223b733a363a2270686f746f73223b733a31363a22406d6f64756c655f70726576696f7573223b733a343a226e6f6465223b733a353a224074696d65223b733a353a22342e316d73223b7d, 6, '', 'https://www.uog.edu.gy/Iv1kyQqa', '', '40.77.167.68', 1722954278),
(24646072, 0, 'cron', 'Starting execution of @module_cron(), execution of @module_previous_cron() took @time.', 0x613a333a7b733a373a22406d6f64756c65223b733a363a22736561726368223b733a31363a22406d6f64756c655f70726576696f7573223b733a363a2270686f746f73223b733a353a224074696d65223b733a363a22392e34346d73223b7d, 6, '', 'https://www.uog.edu.gy/Iv1kyQqa', '', '40.77.167.68', 1722954278),
(24646073, 0, 'php', '%type: @message in %function (line %line of %file) @backtrace_string.', 0x[encoded data, 10992 characters], 3, '', 'https://www.uog.edu.gy/Iv1kyQqa', '', '40.77.167.68', 1722954278),
(24646074, 0, 'cron', 'Starting execution of @module_cron().', 0x613a313a7b733a373a22406d6f64756c65223b733a373a2263617074636861223b7d, 6, '', 'https://uog.edu.gy/srms/departments/288/programmes/977/details', 'https://uog.edu.gy/srms/departments/288/programmes/', '168.232.145.108', 1722954291),
(24646075, 0, 'cron', 'Starting execution of @module_cron(), execution of @module_previous_cron() took @time.', 0x613a333a7b733a373a22406d6f64756c65223b733a373a22636f6d6d656e74223b733a31363a22406d6f64756c655f70726576696f7573223b733a373a2263617074636861223b733a353a224074696d65223b733a363a22302e32356d73223b7d, 6, '', 'https://uog.edu.gy/srms/departments/288/programmes/977/details', 'https://uog.edu.gy/srms/departments/288/programmes/', '168.232.145.108', 1722954291),
(24646076, 0, 'cron', 'Starting execution of @module_cron(), execution of @module_previous_cron() took @time.', 0x613a333a7b733a373a22406d6f64756c65223b733a353a2264626c6f67223b733a31363a22406d6f64756c655f70726576696f7573223b733a373a22636f6d6d656e74223b733a353a224074696d65223b733a363a22312e34386d73223b7d, 6, '', 'https://uog.edu.gy/srms/departments/288/programmes/977/details', 'https://uog.edu.gy/srms/departments/288/programmes/', '168.232.145.108', 1722954291),
(24646077, 0, 'cron', 'Starting execution of @module_cron(), execution of @module_previous_cron() took @time.', 0x613a333a7b733a373a22406d6f64756c65223b733a353a226669656c64223b733a31363a22406d6f64756c655f70726576696f7573223b733a353a2264626c6f67223b733a353a224074696d65223b733a363a22312e34346d73223b7d, 6, '', 'https://uog.edu.gy/srms/departments/288/programmes/977/details', 'https://uog.edu.gy/srms/departments/288/programmes/', '168.232.145.108', 1722954291),
(24646078, 0, 'cron', 'Starting execution of @module_cron(), execution of @module_previous_cron() took @time.', 0x613a333a7b733a373a22406d6f64756c65223b733a343a2266696c65223b733a31363a22406d6f64756c655f70726576696f7573223b733a353a226669656c64223b733a353a224074696d65223b733a363a22302e37376d73223b7d, 6, '', 'https://uog.edu.gy/srms/departments/288/programmes/977/details', 'https://uog.edu.gy/srms/departments/288/programmes/', '168.232.145.108', 1722954291),
(24646079, 0, 'cron', 'Starting execution of @module_cron(), execution of @module_previous_cron() took @time.', 0x613a333a7b733a373a22406d6f64756c65223b733a31363a22676f6f676c655f616e616c7974696373223b733a31363a22406d6f64756c655f70726576696f7573223b733a343a2266696c65223b733a353a224074696d65223b733a363a22312e35356d73223b7d, 6, '', 'https://uog.edu.gy/srms/departments/288/programmes/977/details', 'https://uog.edu.gy/srms/departments/288/programmes/', '168.232.145.108', 1722954291),
(24646080, 0, 'cron', 'Starting execution of @module_cron(), execution of @module_previous_cron() took @time.', 0x613a333a7b733a373a22406d6f64756c65223b733a373a22686973746f7279223b733a31363a22406d6f64756c655f70726576696f7573223b733a31363a22676f6f676c655f616e616c7974696373223b733a353a224074696d65223b733a363a22302e31356d73223b7d, 6, '', 'https://uog.edu.gy/srms/departments/288/programmes/977/details', 'https://uog.edu.gy/srms/departments/288/programmes/', '168.232.145.108', 1722954291),
(24646081, 0, 'cron', 'Starting execution of @module_cron(), execution of @module_previous_cron() took @time.', 0x613a333a7b733a373a22406d6f64756c65223b733a343a226e6f6465223b733a31363a22406d6f64756c655f70726576696f7573223b733a373a22686973746f7279223b733a353a224074696d65223b733a363a22302e31356d73223b7d, 6, '', 'https://uog.edu.gy/srms/departments/288/programmes/977/details', 'https://uog.edu.gy/srms/departments/288/programmes/', '168.232.145.108', 1722954291),
(24646082, 0, 'cron', 'Starting execution of @module_cron(), execution of @module_previous_cron() took @time.', 0x613a333a7b733a373a22406d6f64756c65223b733a363a2270686f746f73223b733a31363a22406d6f64756c655f70726576696f7573223b733a343a226e6f6465223b733a353a224074696d65223b733a363a22352e35396d73223b7d, 6, '', 'https://uog.edu.gy/srms/departments/288/programmes/977/details', 'https://uog.edu.gy/srms/departments/288/programmes/', '168.232.145.108', 1722954291),
(24646083, 0, 'cron', 'Starting execution of @module_cron(), execution of @module_previous_cron() took @time.', 0x613a333a7b733a373a22406d6f64756c65223b733a363a22736561726368223b733a31363a22406d6f64756c655f70726576696f7573223b733a363a2270686f746f73223b733a353a224074696d65223b733a373a2231302e34316d73223b7d, 6, '', 'https://uog.edu.gy/srms/departments/288/programmes/977/details', 'https://uog.edu.gy/srms/departments/288/programmes/', '168.232.145.108', 1722954291),
(24646084, 0, 'php', '%type: @message in %function (line %line of %file) @backtrace_string.', 0x[encoded data, 10992 characters], 3, '', 'https://uog.edu.gy/srms/departments/288/programmes/977/details', 'https://uog.edu.gy/srms/departments/288/programmes/', '168.232.145.108', 1722954291),
(24646085, 0, 'cron', 'Starting execution of @module_cron().', 0x613a313a7b733a373a22406d6f64756c65223b733a373a2263617074636861223b7d, 6, '', 'https://www.uog.edu.gy/bursary', '', '98.97.34.235', 1722954291),
(24646086, 0, 'cron', 'Starting execution of @module_cron(), execution of @module_previous_cron() took @time.', 0x613a333a7b733a373a22406d6f64756c65223b733a373a22636f6d6d656e74223b733a31363a22406d6f64756c655f70726576696f7573223b733a373a2263617074636861223b733a353a224074696d65223b733a353a22302e336d73223b7d, 6, '', 'https://www.uog.edu.gy/bursary', '', '98.97.34.235', 1722954291),
(24646087, 0, 'cron', 'Starting execution of @module_cron(), execution of @module_previous_cron() took @time.', 0x613a333a7b733a373a22406d6f64756c65223b733a353a2264626c6f67223b733a31363a22406d6f64756c655f70726576696f7573223b733a373a22636f6d6d656e74223b733a353a224074696d65223b733a363a22312e37356d73223b7d, 6, '', 'https://www.uog.edu.gy/bursary', '', '98.97.34.235', 1722954291),
(24646088, 0, 'cron', 'Starting execution of @module_cron(), execution of @module_previous_cron() took @time.', 0x613a333a7b733a373a22406d6f64756c65223b733a353a226669656c64223b733a31363a22406d6f64756c655f70726576696f7573223b733a353a2264626c6f67223b733a353a224074696d65223b733a363a22312e30396d73223b7d, 6, '', 'https://www.uog.edu.gy/bursary', '', '98.97.34.235', 1722954291),
(24646089, 0, 'cron', 'Starting execution of @module_cron(), execution of @module_previous_cron() took @time.', 0x613a333a7b733a373a22406d6f64756c65223b733a343a2266696c65223b733a31363a22406d6f64756c655f70726576696f7573223b733a353a226669656c64223b733a353a224074696d65223b733a353a22302e356d73223b7d, 6, '', 'https://www.uog.edu.gy/bursary', '', '98.97.34.235', 1722954291),
(24646090, 0, 'cron', 'Starting execution of @module_cron(), execution of @module_previous_cron() took @time.', 0x613a333a7b733a373a22406d6f64756c65223b733a31363a22676f6f676c655f616e616c7974696373223b733a31363a22406d6f64756c655f70726576696f7573223b733a343a2266696c65223b733a353a224074696d65223b733a363a22312e30356d73223b7d, 6, '', 'https://www.uog.edu.gy/bursary', '', '98.97.34.235', 1722954291),
(24646091, 0, 'cron', 'Starting execution of @module_cron(), execution of @module_previous_cron() took @time.', 0x613a333a7b733a373a22406d6f64756c65223b733a373a22686973746f7279223b733a31363a22406d6f64756c655f70726576696f7573223b733a31363a22676f6f676c655f616e616c7974696373223b733a353a224074696d65223b733a363a22302e31316d73223b7d, 6, '', 'https://www.uog.edu.gy/bursary', '', '98.97.34.235', 1722954291),
(24646092, 0, 'cron', 'Starting execution of @module_cron(), execution of @module_previous_cron() took @time.', 0x613a333a7b733a373a22406d6f64756c65223b733a343a226e6f6465223b733a31363a22406d6f64756c655f70726576696f7573223b733a373a22686973746f7279223b733a353a224074696d65223b733a363a22302e31326d73223b7d, 6, '', 'https://www.uog.edu.gy/bursary', '', '98.97.34.235', 1722954291),
(24646093, 0, 'cron', 'Starting execution of @module_cron(), execution of @module_previous_cron() took @time.', 0x613a333a7b733a373a22406d6f64756c65223b733a363a2270686f746f73223b733a31363a22406d6f64756c655f70726576696f7573223b733a343a226e6f6465223b733a353a224074696d65223b733a363a22342e30396d73223b7d, 6, '', 'https://www.uog.edu.gy/bursary', '', '98.97.34.235', 1722954291),
(24646094, 0, 'cron', 'Starting execution of @module_cron(), execution of @module_previous_cron() took @time.', 0x613a333a7b733a373a22406d6f64756c65223b733a363a22736561726368223b733a31363a22406d6f64756c655f70726576696f7573223b733a363a2270686f746f73223b733a353a224074696d65223b733a363a22392e31396d73223b7d, 6, '', 'https://www.uog.edu.gy/bursary', '', '98.97.34.235', 1722954291);
